000
CXUS56 KMTR 010900
CF6SNS
PRELIMINARY LOCAL CLIMATOLOGICAL DATA (WS FORM: F-6)
STATION: SALINAS AIRPORT
MONTH: JUNE
YEAR: 2022
LATITUDE: 36 40 N
LONGITUDE: 121 36 W
TEMPERATURE IN F: :PCPN: SNOW: WIND :SUNSHINE: SKY :PK WND
================================================================================
1 2 3 4 5 6A 6B 7 8 9 10 11 12 13 14 15 16 17 18
12Z AVG MX 2MIN
DY MAX MIN AVG DEP HDD CDD WTR SNW DPTH SPD SPD DIR MIN PSBL S-S WX SPD DR
================================================================================
1 73 49 61 0 4 0 0.00 M M 7.8 20 290 M M 0 24 280
2 71 55 63 2 2 0 0.00 M M 10.0 17 310 M M 0 22 310
3 72 54 63 2 2 0 0.00 M M 10.0 22 300 M M 5 18 28 310
4 74 56 65 4 0 0 0.00 M M 7.8 16 290 M M 6 1 21 280
5 79 60 70 9 0 5 0.00 M M 7.6 18 340 M M 6 18 23 340
6 73 56 65 4 0 0 T M M 10.8 20 290 M M 4 18 27 290
7 71 53 62 1 3 0 0.00 M M 9.1 20 280 M M 3 1 27 270
8 77 56 67 6 0 2 0.00 M M 10.1 20 310 M M 0 26 280
9 84 55 70 9 0 5 0.00 M M 8.9 21 300 M M 2 1 26 300
10 96 58 77 16 0 12 0.00 M M 7.9 17 270 M M 0 8 25 270
11 84 59 72 11 0 7 0.00 M M 9.0 17 270 M M 0 24 300
12 82 58 70 9 0 5 0.00 M M 11.5 22 260 M M 4 128 29 260
13 71 55 63 1 2 0 0.00 M M 12.0 21 290 M M 0 29 240
14 78 50 64 2 1 0 0.00 M M 9.2 20 290 M M 2 18 26 300
15 73 51 62 0 3 0 0.00 M M 9.3 18 300 M M 2 18 25 300
16 72 54 63 1 2 0 0.00 M M 13.4 24 260 M M 1 32 260
17 70 56 63 1 2 0 0.00 M M 10.1 22 280 M M 3 29 300
18 69 54 62 0 3 0 0.00 M M 11.0 22 260 M M 2 29 260
19 74 52 63 1 2 0 0.00 M M 9.0 20 310 M M 0 26 290
20 79 51 65 3 0 0 0.00 M M 7.0 17 290 M M 2 18 22 300
21 95 55 75 13 0 10 0.00 M M 6.6 17 290 M M 0 24 300
22 86 57 72 10 0 7 0.00 M M 7.9 18 320 M M 0 8 24 320
23 80 53 67 5 0 2 T M M 8.8 20 300 M M 4 1 25 300
24 75 54 65 3 0 0 0.00 M M 8.1 17 310 M M 5 18 22 300
25 74 54 64 2 1 0 0.00 M M 7.6 17 330 M M 5 18 24 310
26 73 53 63 1 2 0 0.00 M M 7.5 18 330 M M 6 18 25 320
27 73 56 65 3 0 0 0.00 M M 8.7 18 330 M M 5 18 25 320
28 73 53 63 1 2 0 0.00 M M 9.8 20 290 M M 4 12 26 280
29 69 56 63 1 2 0 0.00 M M 11.2 20 310 M M 6 1 27 310
30 68 56 62 0 3 0 0.00 M M 10.2 18 290 M M 7 25 310
================================================================================
SM 2288 1639 36 55 T M 277.9 M 84
================================================================================
AV 76.3 54.6 9.3 FASTST M M 3 MAX(MPH)
MISC ----> 24 260 32 260
================================================================================
NOTES:
# LAST OF SEVERAL OCCURRENCES
COLUMN 17 PEAK WIND IN M.P.H.
PRELIMINARY LOCAL CLIMATOLOGICAL DATA (WS FORM: F-6) , PAGE 2
STATION: SALINAS AIRPORT
MONTH: JUNE
YEAR: 2022
LATITUDE: 36 40 N
LONGITUDE: 121 36 W
[TEMPERATURE DATA] [PRECIPITATION DATA] SYMBOLS USED IN COLUMN 16
AVERAGE MONTHLY: 65.5 TOTAL FOR MONTH: T 1 = FOG OR MIST
DPTR FM NORMAL: 3.9 DPTR FM NORMAL: -0.07 2 = FOG REDUCING VISIBILITY
HIGHEST: 96 ON 10 GRTST 24HR T ON 6- 6 TO 1/4 MILE OR LESS
LOWEST: 49 ON 1 3 = THUNDER
SNOW, ICE PELLETS, HAIL 4 = ICE PELLETS
TOTAL MONTH: M 5 = HAIL
GRTST 24HR M ON M 6 = FREEZING RAIN OR DRIZZLE
GRTST DEPTH: M ON M 7 = DUSTSTORM OR SANDSTORM:
VSBY 1/2 MILE OR LESS
8 = SMOKE OR HAZE
[NO. OF DAYS WITH] [WEATHER - DAYS WITH] 9 = BLOWING SNOW
X = TORNADO
MAX 32 OR BELOW: 0 0.01 INCH OR MORE: 0
MAX 90 OR ABOVE: 2 0.10 INCH OR MORE: 0
MIN 32 OR BELOW: 0 0.50 INCH OR MORE: 0
MIN 0 OR BELOW: 0 1.00 INCH OR MORE: 0
[HDD (BASE 65) ]
TOTAL THIS MO. 36 CLEAR (SCALE 0-3) 17
DPTR FM NORMAL -78 PTCLDY (SCALE 4-7) 13
TOTAL FM JUL 1 1891 CLOUDY (SCALE 8-10) 0
DPTR FM NORMAL -744
[CDD (BASE 65) ]
TOTAL THIS MO. 55
DPTR FM NORMAL 43 [PRESSURE DATA]
TOTAL FM JAN 1 86 HIGHEST SLP M ON M
DPTR FM NORMAL 60 LOWEST SLP 29.84 ON 21
[REMARKS]
#FINAL-06-22#