000
CXUS55 KCYS 020405 CCA
CF6SNY
PRELIMINARY LOCAL CLIMATOLOGICAL DATA (WS FORM: F-6)...CORRECTED
STATION: SIDNEY NEBRASKA AIRPORT
MONTH: JANUARY
YEAR: 2023
LATITUDE: 41 5 N
LONGITUDE: 102 59 W
TEMPERATURE IN F: :PCPN: SNOW: WIND :SUNSHINE: SKY :PK WND
================================================================================
1 2 3 4 5 6A 6B 7 8 9 10 11 12 13 14 15 16 17 18
12Z AVG MX 2MIN
DY MAX MIN AVG DEP HDD CDD WTR SNW DPTH SPD SPD DIR MIN PSBL S-S WX SPD DR
================================================================================
1 38 26 32 5 33 0 0.00 M M 8.2 15 90 M M 6 19 90
2 31 25 28 1 37 0 0.21 M M 15.5 24 340 M M 10 16 29 340
3 28 16 22 -5 43 0 T M M 13.1 23 350 M M 8 1 30 350
4 31 20 26 -1 39 0 0.00 M M 20.2 33 310 M M 2 89 44 310
5 32 8 20 -7 45 0 0.00 M M 9.3 17 290 M M 0 24 300
6 36 11 24 -3 41 0 T M M 5.9 17 310 M M 5 8 17 300
7 39 15 27 0 38 0 0.00 M M 9.4 17 290 M M 4 12 20 290
8 39 13 26 -1 39 0 0.00 M M 9.5 17 290 M M 0 1 20 220
9 46 27 37 10 28 0 0.00 M M 11.3 25 280 M M 1 34 280
10 48 25 37 10 28 0 0.00 M M 5.5 15 220 M M 4 18 330
11 32 26 29 2 36 0 0.22 M M 8.2 15 350 M M 8 1 19 340
12 35 10 23 -5 42 0 0.00 M M 11.1 18 270 M M 2 24 290
13 39 8 24 -4 41 0 0.00 M M 11.1 20 220 M M 0 23 220
14 44 25 35 7 30 0 0.00 M M 8.1 18 270 M M 1 20 220
15 40 25 33 5 32 0 0.19 M M 7.9 15 20 M M 6 1 20 360
16 43 26 35 7 30 0 0.04 M M 9.9 24 320 M M 2 1 31 310
17 34 20 27 -1 38 0 0.04 M M 9.0 18 80 M M 6 126 24 90
18 28 22 25 -3 40 0 0.27 M M 17.8 28 340 M M 10 12 36 360
19 28 11 20 -8 45 0 0.00 M M 14.8 24 310 M M 1 28 310
20 27 3 15 -13 50 0 0.00 M M 10.0 16 300 M M 2 17 300
21 28 11 20 -8 45 0 T M M 15.5 26 310 M M 5 1 30 310
22 32 11 22 -6 43 0 0.00 M M 10.4 18 300 M M 5 20 290
23 32 12 22 -6 43 0 0.00 M M 9.7 17 320 M M 8 1 22 320
24 31 15 23 -5 42 0 0.00 M M 15.8 21 340 M M 3 1 30 300
25 30 16 23 -5 42 0 T M M 18.3 30 330 M M 6 18 37 340
26 33 20 27 -1 38 0 T M M 20.8 41 300 M M 6 18 54 300
27 35 22 29 1 36 0 0.00 M M 14.9 37 300 M M 5 8 47 300
28 30 0 15 -13 50 0 T M M 16.1 24 360 M M 9 18 31 350
29 0 -2 -1 -29 66 0 M M M 7.7 15 30 M M 10 18 18 40
30 1 -18 -8 -36 73 0 T M M 6.9 15 240 M M 5 18 17 240
31 16 -13 2 -26 63 0 0.00 M M 11.5 20 280 M M 0 23 270
================================================================================
SM 986 436 1296 0 0.97 M 363.4 M 140
================================================================================
AV 31.8 14.1 11.7 FASTST M M 5 MAX(MPH)
MISC ----> 41 300 54 300
================================================================================
NOTES:
# LAST OF SEVERAL OCCURRENCES
COLUMN 17 PEAK WIND IN M.P.H.
PRELIMINARY LOCAL CLIMATOLOGICAL DATA (WS FORM: F-6) , PAGE 2
STATION: SIDNEY NEBRASKA AIRPORT
MONTH: JANUARY
YEAR: 2023
LATITUDE: 41 5 N
LONGITUDE: 102 59 W
[TEMPERATURE DATA] [PRECIPITATION DATA] SYMBOLS USED IN COLUMN 16
AVERAGE MONTHLY: 22.9 TOTAL FOR MONTH: 0.97 1 = FOG OR MIST
DPTR FM NORMAL: -4.7 DPTR FM NORMAL: 0.83 2 = FOG REDUCING VISIBILITY
HIGHEST: 48 ON 10 GRTST 24HR 0.27 ON 18-18 TO 1/4 MILE OR LESS
LOWEST: -18 ON 30 3 = THUNDER
SNOW, ICE PELLETS, HAIL 4 = ICE PELLETS
TOTAL MONTH: M 5 = HAIL
GRTST 24HR M ON M 6 = FREEZING RAIN OR DRIZZLE
GRTST DEPTH: M ON M 7 = DUSTSTORM OR SANDSTORM:
VSBY 1/2 MILE OR LESS
8 = SMOKE OR HAZE
[NO. OF DAYS WITH] [WEATHER - DAYS WITH] 9 = BLOWING SNOW
X = TORNADO
MAX 32 OR BELOW: 17 0.01 INCH OR MORE: 6
MAX 90 OR ABOVE: 0 0.10 INCH OR MORE: 4
MIN 32 OR BELOW: 31 0.50 INCH OR MORE: 0
MIN 0 OR BELOW: 4 1.00 INCH OR MORE: 0
[HDD (BASE 65) ]
TOTAL THIS MO. 1296 CLEAR (SCALE 0-3) 11
DPTR FM NORMAL 135 PTCLDY (SCALE 4-7) 15
TOTAL FM JUL 1 4124 CLOUDY (SCALE 8-10) 5
DPTR FM NORMAL 250
[CDD (BASE 65) ]
TOTAL THIS MO. 0
DPTR FM NORMAL 0 [PRESSURE DATA]
TOTAL FM JAN 1 0 HIGHEST SLP 30.54 ON 12
DPTR FM NORMAL 0 LOWEST SLP 29.44 ON 15
[REMARKS]
JANUARY 11...RECORD PRECIPITATION 0.22" (PREVIOUS 0.05" IN 2013).
JANUARY 15...RECORD PRECIPITATION 0.19" (PREVIOUS 0.12" IN 1966).
JANUARY 29...PRECIPITATION MISSING.
JANUARY 30...RECORD LOW -18 DEGREES (PREVIOUS -15 DEGREES IN 1951).
JANUARY 30...TIED RECORD LOW HIGH 1 DEGREE PREVIOUSLY SET IN 1951.
MONTHLY PRECIPITATION 0.97" WAS 4TH WETTEST JANUARY ON RECORD.
#FINAL-01-23#