000
CXUS55 KCYS 161215
CF6SNY
PRELIMINARY LOCAL CLIMATOLOGICAL DATA (WS FORM: F-6)...CORRECTED
STATION: SIDNEY NEBRASKA AIRPORT
MONTH: NOVEMBER
YEAR: 2021
LATITUDE: 41 5 N
LONGITUDE: 102 59 W
TEMPERATURE IN F: :PCPN: SNOW: WIND :SUNSHINE: SKY :PK WND
================================================================================
1 2 3 4 5 6A 6B 7 8 9 10 11 12 13 14 15 16 17 18
12Z AVG MX 2MIN
DY MAX MIN AVG DEP HDD CDD WTR SNW DPTH SPD SPD DIR MIN PSBL S-S WX SPD DR
================================================================================
1 33 29 31 -10 34 0 0.06 M M 7.3 17 120 M M 10 1 23 120
2 42 23 33 -8 32 0 0.00 M M 7.5 15 180 M M 8 12 18 170
3 60 28 44 3 21 0 0.00 M M 7.0 14 340 M M 3 12 18 320
4 67 26 47 7 18 0 0.00 M M 9.3 16 200 M M 0 25 230
5 73 35 54 14 11 0 0.00 M M 11.1 24 280 M M 0 34 280
6 73 30 52 12 13 0 0.00 M M 7.6 16 210 M M 0 21 200
7 78 33 56 17 9 0 0.00 M M 10.3 20 310 M M 0 26 330
8 52 31 42 3 23 0 0.00 M M 10.0 18 130 M M 1 25 130
9 55 21 38 -1 27 0 0.00 M M 11.0 22 160 M M 1 31 170
10 53 29 41 3 24 0 0.00 M M 13.9 31 320 M M 5 40 330
11 48 27 38 0 27 0 T M M 18.3 36 340 M M 5 46 340
12 48 24 36 -2 29 0 0.00 M M 18.5 38 330 M M 1 52 330
13 66 30 48 11 17 0 0.00 M M 14.3 35 320 M M 1 46 300
14 68 25 47 10 18 0 0.00 M M 13.5 28 310 M M 1 38 320
15 75 38 57 21 8 0 0.00 M M 14.9 30 300 M M 0 40 300
16 71 35 53 17 12 0 0.00 M M 18.0 33 310 M M 0 45 300
17 39 8 24 -12 41 0 0.00 M M 14.1 28 340 M M 2 37 310
18 50 5 28 -7 37 0 0.00 M M 10.0 22 200 M M 0 28 190
19 64 26 45 10 20 0 0.00 M M 9.2 16 320 M M 3 23 340
20 51 25 38 3 27 0 0.00 M M 11.3 24 330 M M 3 32 320
21 50 22 36 2 29 0 0.00 M M 9.4 18 330 M M 0 22 320
22 65 21 43 9 22 0 0.00 M M 10.4 21 300 M M 0 26 300
23 73 21 47 13 18 0 0.00 M M 7.7 16 320 M M 0 22 310
24 52 12 32 -1 33 0 T M M 16.6 29 340 M M 5 38 340
25 57 11 34 1 31 0 0.00 M M 11.4 18 310 M M 0 25 300
26 71 34 53 21 12 0 0.00 M M 11.8 22 280 M M 0 29 290
27 55 19 37 5 28 0 0.00 M M 12.4 24 350 M M 1 32 340
28 66 18 42 10 23 0 0.00 M M 10.4 23 300 M M 0 30 300
29 68 31 50 19 15 0 0.00 M M 10.6 23 330 M M 0 8 29 310
30 54 30 42 11 23 0 0.00 M M 10.8 23 330 M M 0 29 340
================================================================================
SM 1777 747 682 0 0.06 M 348.6 M 50
================================================================================
AV 59.2 24.9 11.6 FASTST M M 2 MAX(MPH)
MISC ----> 38 330 52 330
================================================================================
NOTES:
# LAST OF SEVERAL OCCURRENCES
COLUMN 17 PEAK WIND IN M.P.H.
PRELIMINARY LOCAL CLIMATOLOGICAL DATA (WS FORM: F-6) , PAGE 2
STATION: SIDNEY NEBRASKA AIRPORT
MONTH: NOVEMBER
YEAR: 2021
LATITUDE: 41 5 N
LONGITUDE: 102 59 W
[TEMPERATURE DATA] [PRECIPITATION DATA] SYMBOLS USED IN COLUMN 16
AVERAGE MONTHLY: 42.1 TOTAL FOR MONTH: 0.06 1 = FOG OR MIST
DPTR FM NORMAL: 5.9 DPTR FM NORMAL: -0.45 2 = FOG REDUCING VISIBILITY
HIGHEST: 78 ON 7 GRTST 24HR 0.21 ON 31- 1 TO 1/4 MILE OR LESS
LOWEST: 5 ON 18 3 = THUNDER
SNOW, ICE PELLETS, HAIL 4 = ICE PELLETS
TOTAL MONTH: M 5 = HAIL
GRTST 24HR M ON M 6 = FREEZING RAIN OR DRIZZLE
GRTST DEPTH: M ON M 7 = DUSTSTORM OR SANDSTORM:
VSBY 1/2 MILE OR LESS
8 = SMOKE OR HAZE
[NO. OF DAYS WITH] [WEATHER - DAYS WITH] 9 = BLOWING SNOW
X = TORNADO
MAX 32 OR BELOW: 0 0.01 INCH OR MORE: 1
MAX 90 OR ABOVE: 0 0.10 INCH OR MORE: 0
MIN 32 OR BELOW: 25 0.50 INCH OR MORE: 0
MIN 0 OR BELOW: 0 1.00 INCH OR MORE: 0
[HDD (BASE 65) ]
TOTAL THIS MO. 682 CLEAR (SCALE 0-3) 23
DPTR FM NORMAL -180 PTCLDY (SCALE 4-7) 6
TOTAL FM JUL 1 1191 CLOUDY (SCALE 8-10) 1
DPTR FM NORMAL -364
[CDD (BASE 65) ]
TOTAL THIS MO. 0
DPTR FM NORMAL 0 [PRESSURE DATA]
TOTAL FM JAN 1 699 HIGHEST SLP 30.59 ON 18
DPTR FM NORMAL 7 LOWEST SLP 29.55 ON 23
[REMARKS]
NOVEMBER 7...TIED RECORD HIGH 78 DEGREES PREVIOUSLY SET IN 1983
NOVEMBER 23...TIED RECORD HIGH 73 DEGREES PREVIOUSLY SET IN 2017
NOVEMBER 29...TIED RECORD HIGH 68 DEGREES PREVIOUSLY SET IN 2012
MEAN TEMPERATURE 42.1 DEGREES WAS 2ND WARMEST NOVEMBER
MONTHLY PRECIPITATION 0.06" TIED 1949 FOR 5TH DRIEST NOVEMBER
#FINAL-11-21#