139
CXUS55 KCYS 031536
CF6SNY
PRELIMINARY LOCAL CLIMATOLOGICAL DATA (WS FORM: F-6) ...CORRECTED...
STATION: SIDNEY NEBRASKA AIRPORT
MONTH: SEPTEMBER
YEAR: 2020
LATITUDE: 41 5 N
LONGITUDE: 102 59 W
TEMPERATURE IN F: :PCPN: SNOW: WIND :SUNSHINE: SKY :PK WND
================================================================================
1 2 3 4 5 6A 6B 7 8 9 10 11 12 13 14 15 16 17 18
12Z AVG MX 2MIN
DY MAX MIN AVG DEP HDD CDD WTR SNW DPTH SPD SPD DIR MIN PSBL S-S WX SPD DR
================================================================================
1 83 44 64 -6 1 0 0.00 M M 10.4 26 330 M M 1 34 330
2 92 41 67 -3 0 2 0.00 M M 9.1 21 230 M M 0 31 240
3 81 50 66 -3 0 1 0.00 M M 11.1 33 20 M M 0 43 20
4 90 44 67 -2 0 2 0.00 M M 8.2 16 180 M M 0 22 60
5 100 73 87 19 0 22 0.00 M M 12.0 20 200 M M 0 33 190
6 92 58 75 7 0 10 0.00 M M 12.2 18 10 M M 0 30 360
7 82 41 62 -6 3 0 0.05 M M 16.7 36 50 M M 3 13 46 50
8 42 32 37 -30 28 0 0.03 M M 17.3 28 40 M M 10 1 38 40
9 45 28 37 -30 28 0 T M M 4.8 12 40 M M 7 1 15 50
10 54 28 41 -25 24 0 0.14 M M 5.4 13 160 M M 5 1 17 160
11 60 40 50 -16 15 0 T M M 9.0 29 270 M M 8 1 41 270
12 78 42 60 -5 5 0 0.00 M M 10.4 22 330 M M 1 42 310
13 87 38 63 -2 2 0 0.00 M M 9.1 15 190 M M 0 18 21 220
14 89 50 70 6 0 5 0.00 M M 12.3 24 170 M M 0 34 170
15 91 46 69 5 0 4 0.00 M M 7.6 14 310 M M 0 18 220
16 74 54 64 1 1 0 0.00 M M 10.8 18 20 M M 0 8 27 350
17 86 52 69 6 0 4 0.00 M M 10.4 14 20 M M 0 18 M M
18 81 45 63 1 2 0 0.00 M M 9.1 16 210 M M 0 18 24 150
19 89 44 67 5 0 2 0.00 M M 11.1 20 170 M M 0 26 170
20 83 56 70 9 0 5 T M M 7.7 16 120 M M 0 3 23 170
21 87 47 67 6 0 2 0.00 M M 6.9 14 310 M M 0 17 310
22 90 M M M M M 0.00 M M 10.3 17 180 M M 0 25 180
23 88 53 71 11 0 6 T M M 9.2 20 330 M M 1 24 330
24 91 49 70 11 0 5 0.00 M M 10.2 15 270 M M 0 23 270
25 83 51 67 8 0 2 0.00 M M 8.1 16 20 M M 0 26 290
26 M M M M M M 0.00 M M 12.1 27 290 M M 0 38 300
27 61 38 50 -8 15 0 0.00 M M 15.4 30 340 M M 0 45 340
28 63 M M M M M 0.00 M M 14.6 23 320 M M 0 39 320
29 81 32 57 0 8 0 0.00 M M 13.9 30 350 M M 0 37 340
30 71 M M M M M 0.00 M M 13.6 23 330 M M 0 36 330
================================================================================
SM 2294 1176 132 72 0.22 M 319.0 M 36
================================================================================
AV 79.1 45.2 10.6 FASTST M M 1 MAX(MPH)
MISC ----> # 36 50 # 46 50
================================================================================
NOTES:
# LAST OF SEVERAL OCCURRENCES
COLUMN 17 PEAK WIND IN M.P.H.
PRELIMINARY LOCAL CLIMATOLOGICAL DATA (WS FORM: F-6) , PAGE 2
STATION: SIDNEY NEBRASKA AIRPORT
MONTH: SEPTEMBER
YEAR: 2020
LATITUDE: 41 5 N
LONGITUDE: 102 59 W
[TEMPERATURE DATA] [PRECIPITATION DATA] SYMBOLS USED IN COLUMN 16
AVERAGE MONTHLY: 62.2 TOTAL FOR MONTH: 0.22 1 = FOG OR MIST
DPTR FM NORMAL: -1.3 DPTR FM NORMAL: -1.03 2 = FOG REDUCING VISIBILITY
HIGHEST: 100 ON 5 GRTST 24HR 0.14 ON 10-10 TO 1/4 MILE OR LESS
LOWEST: 28 ON 10, 9 3 = THUNDER
SNOW, ICE PELLETS, HAIL 4 = ICE PELLETS
TOTAL MONTH: M 5 = HAIL
GRTST 24HR M ON M 6 = FREEZING RAIN OR DRIZZLE
GRTST DEPTH: M ON M 7 = DUSTSTORM OR SANDSTORM:
VSBY 1/2 MILE OR LESS
8 = SMOKE OR HAZE
[NO. OF DAYS WITH] [WEATHER - DAYS WITH] 9 = BLOWING SNOW
X = TORNADO
MAX 32 OR BELOW: 0 0.01 INCH OR MORE: 3
MAX 90 OR ABOVE: 7 0.10 INCH OR MORE: 1
MIN 32 OR BELOW: 4 0.50 INCH OR MORE: 0
MIN 0 OR BELOW: 0 1.00 INCH OR MORE: 0
[HDD (BASE 65) ]
TOTAL THIS MO. 132 CLEAR (SCALE 0-3) 26
DPTR FM NORMAL 3 PTCLDY (SCALE 4-7) 3
TOTAL FM JUL 1 132 CLOUDY (SCALE 8-10) 1
DPTR FM NORMAL -8
[CDD (BASE 65) ]
TOTAL THIS MO. 72
DPTR FM NORMAL -12 [PRESSURE DATA]
TOTAL FM JAN 1 616 HIGHEST SLP 30.51 ON 9
DPTR FM NORMAL -210 LOWEST SLP 29.64 ON 7
[REMARKS]
SEPTEMBER 5TH...TIED RECORD HIGH 100 DEGREES IN 2010.
SEPTEMBER 8TH...RECORD LOW 32 DEGREES (PREVIOUS 34 DEGREES IN 1948).
SEPTEMBER 9TH...TIED RECORD LOW 28 DEGREES IN 1962.
SEPTEMBER 10TH...RECORD LOW 28 DEGREES (PREVIOUS 29 DEGREES IN 1970).
SEPTEMBER 17TH...PEAK WIND SPEED AND DIRECTION MISSING.
SEPTEMBER 24TH...RECORD HIGH 91 DEGREES (PREVIOUS 90 DEGREES IN 1966).
SEPTEMBER 26TH...MAXIMUM AND MINIMUM TEMPERATURES MISSING.
SEPTEMBER 22ND, 28TH, 30TH...MINIMUM TEMPERATURES MISSING.
MONTHLY PRECIPITATION 0.22 INCH TIED 1983 FOR 6TH DRIEST SEPTEMBER.
#FINAL-09-20#