000
CXUS55 KPUB 011310
CF6SPD
PRELIMINARY LOCAL CLIMATOLOGICAL DATA (WS FORM: F-6)
STATION: SPRINGFIELD CO
MONTH: DECEMBER
YEAR: 2023
LATITUDE: 37 16 N
LONGITUDE: 102 37 W
TEMPERATURE IN F: :PCPN: SNOW: WIND :SUNSHINE: SKY :PK WND
================================================================================
1 2 3 4 5 6A 6B 7 8 9 10 11 12 13 14 15 16 17 18
12Z AVG MX 2MIN
DY MAX MIN AVG DEP HDD CDD WTR SNW DPTH SPD SPD DIR MIN PSBL S-S WX SPD DR
================================================================================
1 43 15 29 -6 36 0 0.00 M M 6.7 17 160 M M 0 22 170
2 50 13 32 -3 33 0 0.00 M M 13.5 30 310 M M 0 40 300
3 58 18 38 3 27 0 0.00 M M 15.3 39 350 M M 0 50 360
4 67 21 44 10 21 0 0.00 M M 9.8 28 30 M M 0 39 30
5 64 24 44 10 21 0 0.00 M M 9.1 16 200 M M 0 22 200
6 75 35 55 21 10 0 0.00 M M 11.8 18 190 M M 0 25 190
7 74 32 53 19 12 0 0.00 M M 9.8 29 300 M M 0 39 310
8 48 28 38 5 27 0 0.00 M M 8.3 18 340 M M 0 27 10
9 42 16 29 -4 36 0 0.00 M M 16.8 39 360 M M 0 49 350
10 61 16 39 6 26 0 0.00 M M 9.3 20 330 M M 0 26 320
11 56 21 39 6 26 0 0.00 M M 6.7 16 170 M M 0 20 170
12 48 25 37 5 28 0 0.00 M M 6.9 16 150 M M 0 20 150
13 33 29 31 -1 34 0 0.66 M M 9.2 16 330 M M 0 22 320
14 34 33 34 2 31 0 0.06 M M 11.7 25 150 M M 0 31 150
15 46 28 37 5 28 0 0.00 M M 15.6 29 310 M M 0 36 340
16 60 24 42 10 23 0 0.00 M M 7.2 15 200 M M 0 19 200
17 62 30 46 14 19 0 0.00 M M 9.9 18 20 M M 0 23 10
18 57 22 40 8 25 0 0.00 M M 11.0 25 200 M M 0 35 200
19 70 31 51 19 14 0 0.00 M M 8.2 24 320 M M 0 30 330
20 62 32 47 16 18 0 0.00 M M 5.4 12 300 M M 0 14 20
21 62 32 47 16 18 0 0.00 M M 5.2 13 40 M M 0 18 40
22 63 31 47 16 18 0 0.00 M M 9.5 20 170 M M 0 26 180
23 60 38 49 18 16 0 0.00 M M 18.3 37 180 M M 0 47 180
24 44 24 34 3 31 0 0.01 M M 26.3 46 310 M M 0 60 310
25 34 20 27 -4 38 0 0.00 M M 16.2 29 340 M M 0 38 340
26 39 24 32 1 33 0 0.00 M M 19.4 36 330 M M 0 48 320
27 43 26 35 4 30 0 0.01 M M 18.3 36 340 M M 0 45 340
28 43 18 31 0 34 0 0.00 M M 15.3 31 350 M M 0 41 330
29 53 24 39 8 26 0 0.00 M M 11.3 26 340 M M 0 32 340
30 62 19 41 10 24 0 0.00 M M 8.6 23 320 M M 0 29 310
31 41 19 30 -2 35 0 0.00 M M 5.6 10 170 M M 0 14 170
================================================================================
SM 1654 768 798 0 0.74 M 356.2 M 0
================================================================================
AV 53.4 24.8 11.5 FASTST M M 0 MAX(MPH)
MISC ----> 46 310 60 310
================================================================================
NOTES:
# LAST OF SEVERAL OCCURRENCES
COLUMN 17 PEAK WIND IN M.P.H.
PRELIMINARY LOCAL CLIMATOLOGICAL DATA (WS FORM: F-6) , PAGE 2
STATION: SPRINGFIELD CO
MONTH: DECEMBER
YEAR: 2023
LATITUDE: 37 16 N
LONGITUDE: 102 37 W
[TEMPERATURE DATA] [PRECIPITATION DATA] SYMBOLS USED IN COLUMN 16
AVERAGE MONTHLY: 39.1 TOTAL FOR MONTH: 0.74 1 = FOG OR MIST
DPTR FM NORMAL: 6.7 DPTR FM NORMAL: 0.16 2 = FOG REDUCING VISIBILITY
HIGHEST: 75 ON 6 GRTST 24HR 0.68 ON 13-14 TO 1/4 MILE OR LESS
LOWEST: 13 ON 2 3 = THUNDER
SNOW, ICE PELLETS, HAIL 4 = ICE PELLETS
TOTAL MONTH: M 5 = HAIL
GRTST 24HR M ON M 6 = FREEZING RAIN OR DRIZZLE
GRTST DEPTH: M ON M 7 = DUSTSTORM OR SANDSTORM:
VSBY 1/2 MILE OR LESS
8 = SMOKE OR HAZE
[NO. OF DAYS WITH] [WEATHER - DAYS WITH] 9 = BLOWING SNOW
X = TORNADO
MAX 32 OR BELOW: 0 0.01 INCH OR MORE: 4
MAX 90 OR ABOVE: 0 0.10 INCH OR MORE: 1
MIN 32 OR BELOW: 28 0.50 INCH OR MORE: 1
MIN 0 OR BELOW: 0 1.00 INCH OR MORE: 0
[HDD (BASE 65) ]
TOTAL THIS MO. 798 CLEAR (SCALE 0-3) 31
DPTR FM NORMAL -214 PTCLDY (SCALE 4-7) 0
TOTAL FM JUL 1 1707 CLOUDY (SCALE 8-10) 0
DPTR FM NORMAL -503
[CDD (BASE 65) ]
TOTAL THIS MO. 0
DPTR FM NORMAL 0 [PRESSURE DATA]
TOTAL FM JAN 1 967 HIGHEST SLP 30.49 ON 13
DPTR FM NORMAL -11 LOWEST SLP 29.52 ON 23
[REMARKS]
#FINAL-12-23#