000
CXUS52 KTBW 020021
CF6SPG
PRELIMINARY LOCAL CLIMATOLOGICAL DATA (WS FORM: F-6)
STATION: SAINT PETERSBURG
MONTH: AUGUST
YEAR: 2022
LATITUDE: 27 46 N
LONGITUDE: 82 38 W
TEMPERATURE IN F: :PCPN: SNOW: WIND :SUNSHINE: SKY :PK WND
================================================================================
1 2 3 4 5 6A 6B 7 8 9 10 11 12 13 14 15 16 17 18
12Z AVG MX 2MIN
DY MAX MIN AVG DEP HDD CDD WTR SNW DPTH SPD SPD DIR MIN PSBL S-S WX SPD DR
================================================================================
1 93 81 87 3 0 22 0.00 0.0 0 8.7 20 150 M M 1 24 150
2 92 77 85 1 0 20 0.80 0.0 0 6.5 35 60 M M 2 1238 46 60
3 90 79 85 1 0 20 0.01 0.0 0 7.2 20 110 M M 1 38 24 10
4 93 78 86 2 0 21 0.11 0.0 0 7.2 22 80 M M 2 13 24 230
5 94 77 86 2 0 21 T 0.0 0 7.9 26 160 M M 1 3 34 160
6 94 81 88 4 0 23 0.12 0.0 0 9.4 25 70 M M 2 13 30 70
7 93 79 86 2 0 21 0.01 0.0 0 11.4 28 110 M M 1 3 35 110
8 92 77 85 1 0 20 0.05 0.0 0 8.6 28 140 M M 3 13 32 150
9 90 77 84 0 0 19 0.27 0.0 0 8.6 28 100 M M 2 13 40 90
10 92 80 86 2 0 21 0.00 0.0 0 7.5 15 130 M M 2 3 18 150
11 87 77 82 -2 0 17 0.15 0.0 0 8.5 20 80 M M 1 13 23 90
12 91 79 85 1 0 20 0.00 0.0 0 7.2 15 140 M M 0 20 270
13 89 81 85 1 0 20 0.07 0.0 0 6.2 13 300 M M 2 8 19 300
14 84 79 82 -2 0 17 0.08 0.0 0 4.9 20 220 M M 3 13 30 220
15 84 75 80 -4 0 15 1.72 0.0 0 6.0 14 110 M M 4 138 18 120
16 88 78 83 -1 0 18 0.00 0.0 0 6.1 15 250 M M 2 22 230
17 88 77 83 -1 0 18 0.80 0.0 0 6.5 17 250 M M 2 123 26 310
18 89 79 84 0 0 19 T 0.0 0 7.2 18 10 M M 2 3 23 140
19 92 79 86 2 0 21 0.00 0.0 0 7.4 16 80 M M 2 19 80
20 96 77 87 3 0 22 0.11 0.0 0 6.1 23 60 M M 2 3 30 330
21 95 80 88 4 0 23 0.03 0.0 0 5.8 20 40 M M 2 13 24 40
22 93 80 87 3 0 22 0.11 0.0 0 6.7 18 160 M M 1 3 23 160
23 91 79 85 1 0 20 T 0.0 0 7.5 21 80 M M 1 3 24 80
24 92 78 85 1 0 20 0.00 0.0 0 9.1 25 80 M M 1 3 33 10
25 91 79 85 1 0 20 T 0.0 0 9.0 31 130 M M 3 3 37 130
26 90 78 84 0 0 19 0.24 0.0 0 5.2 18 350 M M 2 13 23 340
27 89 79 84 0 0 19 T 0.0 0 6.7 36 30 M M 2 13 47 20
28 88 79 84 0 0 19 0.12 0.0 0 7.6 24 130 M M 3 13 29 120
29 88 78 83 -1 0 18 0.00 0.0 0 7.3 17 170 M M 1 3 22 170
30 89 79 84 0 0 19 0.00 0.0 0 9.2 15 170 M M 4 3 20 230
31 90 80 85 1 0 20 0.00 0.0 0 8.7 23 120 M M 2 27 120
================================================================================
SM 2807 2436 0 614 4.80 0.0 231.9 M 59
================================================================================
AV 90.5 78.6 7.5 FASTST M M 2 MAX(MPH)
MISC ----> 36 30 47 20
================================================================================
NOTES:
# LAST OF SEVERAL OCCURRENCES
COLUMN 17 PEAK WIND IN M.P.H.
PRELIMINARY LOCAL CLIMATOLOGICAL DATA (WS FORM: F-6) , PAGE 2
STATION: SAINT PETERSBURG
MONTH: AUGUST
YEAR: 2022
LATITUDE: 27 46 N
LONGITUDE: 82 38 W
[TEMPERATURE DATA] [PRECIPITATION DATA] SYMBOLS USED IN COLUMN 16
AVERAGE MONTHLY: 84.6 TOTAL FOR MONTH: 4.80 1 = FOG OR MIST
DPTR FM NORMAL: 0.6 DPTR FM NORMAL: -3.59 2 = FOG REDUCING VISIBILITY
HIGHEST: 96 ON 20 GRTST 24HR 1.73 ON 14-15 TO 1/4 MILE OR LESS
LOWEST: 75 ON 15 3 = THUNDER
SNOW, ICE PELLETS, HAIL 4 = ICE PELLETS
TOTAL MONTH: 0.0 INCH 5 = HAIL
GRTST 24HR 0.0 6 = FREEZING RAIN OR DRIZZLE
GRTST DEPTH: 0 7 = DUSTSTORM OR SANDSTORM:
VSBY 1/2 MILE OR LESS
8 = SMOKE OR HAZE
[NO. OF DAYS WITH] [WEATHER - DAYS WITH] 9 = BLOWING SNOW
X = TORNADO
MAX 32 OR BELOW: 0 0.01 INCH OR MORE: 17
MAX 90 OR ABOVE: 20 0.10 INCH OR MORE: 11
MIN 32 OR BELOW: 0 0.50 INCH OR MORE: 3
MIN 0 OR BELOW: 0 1.00 INCH OR MORE: 1
[HDD (BASE 65) ]
TOTAL THIS MO. 0 CLEAR (SCALE 0-3) 28
DPTR FM NORMAL 0 PTCLDY (SCALE 4-7) 3
TOTAL FM JUL 1 0 CLOUDY (SCALE 8-10) 0
DPTR FM NORMAL 0
[CDD (BASE 65) ]
TOTAL THIS MO. 614
DPTR FM NORMAL 25 [PRESSURE DATA]
TOTAL FM JAN 1 2998 HIGHEST SLP 30.19 ON 10
DPTR FM NORMAL 288 LOWEST SLP 29.85 ON 27
[REMARKS]
#FINAL-08-22#