000
CXUS54 KOUN 010810
CF6SPS
PRELIMINARY LOCAL CLIMATOLOGICAL DATA (WS FORM: F-6)
STATION: WICHITA FALLS
MONTH: MAY
YEAR: 2021
LATITUDE: 33 58 N
LONGITUDE: 98 29 W
TEMPERATURE IN F: :PCPN: SNOW: WIND :SUNSHINE: SKY :PK WND
================================================================================
1 2 3 4 5 6A 6B 7 8 9 10 11 12 13 14 15 16 17 18
12Z AVG MX 2MIN
DY MAX MIN AVG DEP HDD CDD WTR SNW DPTH SPD SPD DIR MIN PSBL S-S WX SPD DR
================================================================================
1 75 62 69 2 0 4 T 0.0 0 8.8 18 120 M M 8 1 21 130
2 82 63 73 6 0 8 0.00 0.0 M 9.9 20 150 M M 6 1 25 160
3 81 56 69 1 0 4 0.23 0.0 0 12.0 48 310 M M 3 135 71 330
4 71 53 62 -6 3 0 0.00 0.0 0 12.6 25 350 M M 3 31 360
5 76 47 62 -6 3 0 0.00 0.0 0 6.2 13 100 M M 0 20 160
6 80 54 67 -1 0 2 0.04 0.0 0 6.2 24 340 M M 3 28 340
7 86 53 70 1 0 5 0.00 0.0 0 12.6 26 170 M M 1 37 160
8 89 60 75 6 0 10 0.00 0.0 0 20.2 31 180 M M 0 41 180
9 77 53 65 -4 0 0 0.00 0.0 0 16.5 30 10 M M 0 36 10
10 60 50 55 -15 10 0 0.09 0.0 0 11.4 20 40 M M 9 13 23 40
11 60 52 56 -14 9 0 0.73 0.0 0 15.2 32 90 M M 10 13 38 90
12 66 53 60 -10 5 0 0.00 0.0 0 9.0 16 10 M M 10 20 40
13 73 49 61 -10 4 0 0.00 0.0 0 5.1 13 150 M M 4 15 150
14 80 50 65 -6 0 0 0.00 0.0 0 12.1 26 170 M M 2 32 160
15 81 62 72 0 0 7 T 0.0 0 14.5 26 160 M M 5 32 160
16 85 64 75 3 0 10 0.35 0.0 0 12.0 23 200 M M 6 13 28 210
17 83 62 73 1 0 8 0.97 0.0 0 10.8 36 270 M M 6 13 46 280
18 77 60 69 -3 0 4 0.08 0.0 0 8.9 29 40 M M 6 3 35 40
19 81 57 69 -4 0 4 0.13 0.0 0 6.6 26 280 M M 5 13 32 270
20 81 62 72 -1 0 7 0.00 0.0 0 9.4 17 130 M M 4 1 23 130
21 84 65 75 1 0 10 0.00 0.0 0 11.4 22 140 M M 4 25 140
22 81 68 75 1 0 10 0.04 0.0 0 11.3 21 140 M M 7 1 26 120
23 72 63 68 -6 0 3 0.11 0.0 0 12.1 22 160 M M 7 1 27 160
24 78 62 70 -4 0 5 0.31 0.0 0 10.9 22 140 M M 8 1 27 140
25 81 63 72 -3 0 7 0.22 0.0 0 8.5 20 280 M M 6 138 24 270
26 90 68 79 4 0 14 0.00 0.0 0 10.9 20 150 M M 4 1 25 140
27 89 65 77 1 0 12 0.63 0.0 0 14.1 49 330 M M 4 138 62 340
28 75 63 69 -7 0 4 0.02 0.0 0 9.7 24 130 M M 6 1 31 60
29 80 62 71 -5 0 6 0.00 0.0 0 9.4 16 60 M M 5 19 60
30 77 60 69 -7 0 4 0.00 0.0 0 11.3 20 110 M M 6 24 120
31 74 62 68 -9 0 3 0.78 0.0 0 10.9 26 220 M M 8 13 32 220
================================================================================
SM 2425 1823 34 151 4.73 0.0 340.5 M 156
================================================================================
AV 78.2 58.8 11.0 FASTST M M 5 MAX(MPH)
MISC ----> 49 330 71 330
================================================================================
NOTES:
# LAST OF SEVERAL OCCURRENCES
COLUMN 17 PEAK WIND IN M.P.H.
PRELIMINARY LOCAL CLIMATOLOGICAL DATA (WS FORM: F-6) , PAGE 2
STATION: WICHITA FALLS
MONTH: MAY
YEAR: 2021
LATITUDE: 33 58 N
LONGITUDE: 98 29 W
[TEMPERATURE DATA] [PRECIPITATION DATA] SYMBOLS USED IN COLUMN 16
AVERAGE MONTHLY: 68.5 TOTAL FOR MONTH: 4.73 1 = FOG OR MIST
DPTR FM NORMAL: -3.3 DPTR FM NORMAL: 0.92 2 = FOG REDUCING VISIBILITY
HIGHEST: 90 ON 26 GRTST 24HR 1.04 ON 17-18 TO 1/4 MILE OR LESS
LOWEST: 47 ON 5 3 = THUNDER
SNOW, ICE PELLETS, HAIL 4 = ICE PELLETS
TOTAL MONTH: 0.0 INCH 5 = HAIL
GRTST 24HR 0.0 6 = FREEZING RAIN OR DRIZZLE
GRTST DEPTH: 0 7 = DUSTSTORM OR SANDSTORM:
VSBY 1/2 MILE OR LESS
8 = SMOKE OR HAZE
[NO. OF DAYS WITH] [WEATHER - DAYS WITH] 9 = BLOWING SNOW
X = TORNADO
MAX 32 OR BELOW: 0 0.01 INCH OR MORE: 15
MAX 90 OR ABOVE: 1 0.10 INCH OR MORE: 10
MIN 32 OR BELOW: 0 0.50 INCH OR MORE: 4
MIN 0 OR BELOW: 0 1.00 INCH OR MORE: 0
[HDD (BASE 65) ]
TOTAL THIS MO. 34 CLEAR (SCALE 0-3) 7
DPTR FM NORMAL 9 PTCLDY (SCALE 4-7) 20
TOTAL FM JUL 1 3010 CLOUDY (SCALE 8-10) 4
DPTR FM NORMAL 115
[CDD (BASE 65) ]
TOTAL THIS MO. 151
DPTR FM NORMAL -85 [PRESSURE DATA]
TOTAL FM JAN 1 211 HIGHEST SLP M ON M
DPTR FM NORMAL -121 LOWEST SLP 29.33 ON 3
[REMARKS]
#FINAL-05-21#