000
CXUS54 KOUN 181618
CF6SPS
PRELIMINARY LOCAL CLIMATOLOGICAL DATA (WS FORM: F-6)
STATION: WICHITA FALLS
MONTH: DECEMBER
YEAR: 2020
LATITUDE: 33 58 N
LONGITUDE: 98 29 W
TEMPERATURE IN F: :PCPN: SNOW: WIND :SUNSHINE: SKY :PK WND
================================================================================
1 2 3 4 5 6A 6B 7 8 9 10 11 12 13 14 15 16 17 18
12Z AVG MX 2MIN
DY MAX MIN AVG DEP HDD CDD WTR SNW DPTH SPD SPD DIR MIN PSBL S-S WX SPD DR
================================================================================
1 63 24 44 -2 21 0 0.00 0.0 0 14.2 26 170 M M 1 34 170
2 47 35 41 -5 24 0 0.00 0.0 0 11.3 23 320 M M 7 27 330
3 42 28 35 -10 30 0 0.00 0.0 0 12.9 24 340 M M 8 30 340
4 59 25 42 -3 23 0 0.00 0.0 0 6.2 12 260 M M 0 16 260
5 59 28 44 -1 21 0 0.00 0.0 0 6.7 13 350 M M 0 14 350
6 63 35 49 5 16 0 0.00 0.0 0 8.8 17 340 M M 0 21 350
7 66 34 50 6 15 0 0.00 0.0 0 8.7 15 270 M M 0 21 290
8 69 36 53 9 12 0 0.00 0.0 0 7.7 16 270 M M 0 18 270
9 76 34 55 11 10 0 0.00 0.0 0 8.1 15 230 M M 0 17 220
10 78 37 58 15 7 0 T 0.0 0 13.0 18 190 M M 1 23 190
11 64 37 51 8 14 0 0.12 0.0 0 10.2 20 310 M M 6 24 310
12 50 32 41 -2 24 0 0.00 0.0 0 7.5 13 310 M M 0 16 310
13 40 28 34 -9 31 0 0.32 T 0 14.4 29 340 M M 9 13 35 350
14 47 21 34 -8 31 0 0.00 0.0 0 6.8 14 110 M M 1 16 110
15 40 31 36 -6 29 0 0.01 T 0 9.4 21 100 M M 7 1 24 100
16 47 28 38 -4 27 0 0.00 0.0 0 6.3 14 340 M M 4 17 350
17 59 26 43 1 22 0 0.00 0.0 0 7.7 17 160 M M 1 21 160
18 62 39 51 9 14 0 0.00 0.0 0 12.8 26 180 M M 4 32 190
19 57 37 47 5 18 0 0.00 0.0 0 8.1 20 350 M M 1 24 360
20 61 31 46 4 19 0 0.00 0.0 0 7.4 16 310 M M 0 28 220
21 67 33 50 8 15 0 0.00 0.0 0 6.4 14 210 M M 0 15 220
22 74 32 53 11 12 0 0.00 0.0 0 15.0 32 180 M M 2 39 180
23 60 29 45 3 20 0 0.00 0.0 0 22.5 37 330 M M 0 45 340
24 57 21 39 -2 26 0 0.00 0.0 0 13.4 31 330 M M 0 38 310
25 64 27 46 5 19 0 0.00 0.0 0 6.6 13 220 M M 0 17 210
26 70 31 51 10 14 0 0.00 0.0 0 13.9 25 200 M M 0 31 210
27 70 40 55 14 10 0 0.00 0.0 0 12.7 23 190 M M 0 29 200
28 54 41 48 7 17 0 0.00 0.0 0 13.0 18 80 M M 7 M M
29 64 51 58 17 7 0 T 0.0 0 25.7221 140 M M 9 36 160
30 62 35 49 8 16 0 0.92 T 0 18.6 31 20 M M 8 13 47 360
31 36 31 34 -7 31 0 0.77 T 0 18.9 44 10 M M 9 16 52 10
================================================================================
SM 1827 997 595 0 2.14 T 354.9 M 85
================================================================================
AV 58.9 32.2 11.4 FASTST M M 3 MAX(MPH)
MISC ----> 221 140 52 10
================================================================================
NOTES:
# LAST OF SEVERAL OCCURRENCES
COLUMN 17 PEAK WIND IN M.P.H.
PRELIMINARY LOCAL CLIMATOLOGICAL DATA (WS FORM: F-6) , PAGE 2
STATION: WICHITA FALLS
MONTH: DECEMBER
YEAR: 2020
LATITUDE: 33 58 N
LONGITUDE: 98 29 W
[TEMPERATURE DATA] [PRECIPITATION DATA] SYMBOLS USED IN COLUMN 16
AVERAGE MONTHLY: 45.5 TOTAL FOR MONTH: 2.14 1 = FOG OR MIST
DPTR FM NORMAL: 2.7 DPTR FM NORMAL: 0.52 2 = FOG REDUCING VISIBILITY
HIGHEST: 78 ON 10 GRTST 24HR 0.92 ON 30-30 TO 1/4 MILE OR LESS
LOWEST: 21 ON 24,14 3 = THUNDER
SNOW, ICE PELLETS, HAIL 4 = ICE PELLETS
TOTAL MONTH: T 5 = HAIL
GRTST 24HR T ON 31-31 6 = FREEZING RAIN OR DRIZZLE
GRTST DEPTH: 0 7 = DUSTSTORM OR SANDSTORM:
VSBY 1/2 MILE OR LESS
8 = SMOKE OR HAZE
[NO. OF DAYS WITH] [WEATHER - DAYS WITH] 9 = BLOWING SNOW
X = TORNADO
MAX 32 OR BELOW: 0 0.01 INCH OR MORE: 5
MAX 90 OR ABOVE: 0 0.10 INCH OR MORE: 4
MIN 32 OR BELOW: 17 0.50 INCH OR MORE: 2
MIN 0 OR BELOW: 0 1.00 INCH OR MORE: 0
[HDD (BASE 65) ]
TOTAL THIS MO. 595 CLEAR (SCALE 0-3) 20
DPTR FM NORMAL -95 PTCLDY (SCALE 4-7) 6
TOTAL FM JUL 1 1079 CLOUDY (SCALE 8-10) 5
DPTR FM NORMAL -120
[CDD (BASE 65) ]
TOTAL THIS MO. 0
DPTR FM NORMAL -1 [PRESSURE DATA]
TOTAL FM JAN 1 2329 HIGHEST SLP M ON M
DPTR FM NORMAL -60 LOWEST SLP 29.71 ON 23
[REMARKS]
#FINAL-12-20#