789
CXUS52 KTBW 030308
CF6SRQ
PRELIMINARY LOCAL CLIMATOLOGICAL DATA (WS FORM: F-6)
STATION: Sarasota Bradenton
MONTH: OCTOBER
YEAR: 2020
LATITUDE: 27 23 N
LONGITUDE: 82 33 W
TEMPERATURE IN F: :PCPN: SNOW: WIND :SUNSHINE: SKY :PK WND
================================================================================
1 2 3 4 5 6A 6B 7 8 9 10 11 12 13 14 15 16 17 18
12Z AVG MX 2MIN
DY MAX MIN AVG DEP HDD CDD WTR SNW DPTH SPD SPD DIR MIN PSBL S-S WX SPD DR
================================================================================
1 87 72 80 0 0 15 0.00 0.0 0 8.1 14 50 M M 6 19 30
2 84 72 78 -2 0 13 0.00 0.0 0 6.3 15 40 M M 3 18 20
3 83 71 77 -2 0 12 0.08 0.0 0 9.0 16 60 M M 3 24 30
4 79 74 77 -2 0 12 0.93 0.0 0 8.7 16 50 M M 7 1 22 30
5 91 76 84 5 0 19 0.03 0.0 0 11.0 17 90 M M 4 24 100
6 94 76 85 6 0 20 0.46 0.0 0 10.0 38 70 M M 2 13 48 80
7 93 78 86 7 0 21 0.00 0.0 0 9.6 17 110 M M 2 20 110
8 92 76 84 6 0 19 0.00 0.0 0 7.8 15 140 M M 2 20 140
9 92 76 84 6 0 19 T 0.0 0 8.7 24 160 M M 2 32 140
10 89 76 83 5 0 18 T 0.0 0 9.5 18 230 M M 1 24 230
11 88 79 84 6 0 19 0.21 0.0 0 8.8 22 270 M M 3 18 27 270
12 86 76 81 4 0 16 0.01 0.0 0 5.3 15 310 M M 2 1 19 280
13 89 73 81 4 0 16 0.00 0.0 0 6.3 16 320 M M 1 22 320
14 91 74 83 6 0 18 0.00 0.0 0 6.3 14 90 M M 1 1 18 90
15 90 72 81 4 0 16 0.00 0.0 0 6.6 14 290 M M 1 16 280
16 91 75 83 7 0 18 0.00 0.0 0 6.2 13 340 M M 1 17 40
17 90 74 82 6 0 17 0.00 0.0 0 8.5 16 40 M M 1 23 40
18 91 73 82 6 0 17 T 0.0 0 11.6 23 70 M M 2 32 50
19 88 74 81 5 0 16 0.02 0.0 0 11.6 28 130 M M 3 35 120
20 87 76 82 7 0 17 0.26 0.0 0 10.6 20 80 M M 2 38 27 80
21 87 72 80 5 0 15 0.25 0.0 0 9.5 24 100 M M 4 1 31 110
22 89 74 82 7 0 17 T 0.0 0 10.1 30 80 M M 4 36 70
23 88 74 81 6 0 16 0.00 0.0 0 9.2 18 100 M M 4 23 120
24 89 73 81 7 0 16 0.00 0.0 0 8.2 16 110 M M 1 26 200
25 87 74 81 7 0 16 0.00 0.0 0 5.9 13 290 M M 4 21 260
26 90 75 83 9 0 18 0.92 0.0 0 7.9 18 140 M M 6 13 22 140
27 92 76 84 10 0 19 T 0.0 0 11.3 18 120 M M 4 13 26 120
28 92 77 85 12 0 20 0.00 0.0 0 10.0 21 150 M M 2 26 130
29 88 76 82 9 0 17 0.57 0.0 0 9.9 20 210 M M 4 1 24 200
30 79 66 73 0 0 8 0.01 0.0 0 7.4 16 10 M M 1 1 21 20
31 85 65 75 2 0 10 0.01 0.0 0 9.2 17 80 M M 8 22 70
================================================================================
SM 2741 2295 0 510 3.76 0.0 269.1 M 91
================================================================================
AV 88.4 74.0 8.7 FASTST M M 3 MAX(MPH)
MISC ----> # 38 70 # 48 80
================================================================================
NOTES:
# LAST OF SEVERAL OCCURRENCES
COLUMN 17 PEAK WIND IN M.P.H.
PRELIMINARY LOCAL CLIMATOLOGICAL DATA (WS FORM: F-6) , PAGE 2
STATION: Sarasota Bradenton
MONTH: OCTOBER
YEAR: 2020
LATITUDE: 27 23 N
LONGITUDE: 82 33 W
[TEMPERATURE DATA] [PRECIPITATION DATA] SYMBOLS USED IN COLUMN 16
AVERAGE MONTHLY: 81.2 TOTAL FOR MONTH: 3.76 1 = FOG OR MIST
DPTR FM NORMAL: 4.9 DPTR FM NORMAL: 0.64 2 = FOG REDUCING VISIBILITY
HIGHEST: 94 ON 6 GRTST 24HR 0.93 ON 4- 4 TO 1/4 MILE OR LESS
LOWEST: 65 ON 31 3 = THUNDER
SNOW, ICE PELLETS, HAIL 4 = ICE PELLETS
TOTAL MONTH: 0.0 INCH 5 = HAIL
GRTST 24HR 0.0 6 = FREEZING RAIN OR DRIZZLE
GRTST DEPTH: 0 7 = DUSTSTORM OR SANDSTORM:
VSBY 1/2 MILE OR LESS
8 = SMOKE OR HAZE
[NO. OF DAYS WITH] [WEATHER - DAYS WITH] 9 = BLOWING SNOW
X = TORNADO
MAX 32 OR BELOW: 0 0.01 INCH OR MORE: 13
MAX 90 OR ABOVE: 13 0.10 INCH OR MORE: 7
MIN 32 OR BELOW: 0 0.50 INCH OR MORE: 3
MIN 0 OR BELOW: 0 1.00 INCH OR MORE: 0
[HDD (BASE 65) ]
TOTAL THIS MO. 0 CLEAR (SCALE 0-3) 18
DPTR FM NORMAL -3 PTCLDY (SCALE 4-7) 12
TOTAL FM JUL 1 0 CLOUDY (SCALE 8-10) 1
DPTR FM NORMAL -3
[CDD (BASE 65) ]
TOTAL THIS MO. 510
DPTR FM NORMAL 155 [PRESSURE DATA]
TOTAL FM JAN 1 4138 HIGHEST SLP 30.12 ON 31
DPTR FM NORMAL 994 LOWEST SLP 29.81 ON 25
[REMARKS]
#FINAL-10-20#