000
CXUS52 KTBW 012045
CF6SRQ
PRELIMINARY LOCAL CLIMATOLOGICAL DATA (WS FORM: F-6)
STATION: SARASOTA BRADENTON
MONTH: NOVEMBER
YEAR: 2023
LATITUDE: 27 23 N
LONGITUDE: 82 33 W
TEMPERATURE IN F: :PCPN: SNOW: WIND :SUNSHINE: SKY :PK WND
================================================================================
1 2 3 4 5 6A 6B 7 8 9 10 11 12 13 14 15 16 17 18
12Z AVG MX 2MIN
DY MAX MIN AVG DEP HDD CDD WTR SNW DPTH SPD SPD DIR MIN PSBL S-S WX SPD DR
================================================================================
1 78 58 68 -5 0 3 0.00 0.0 0 11.8 20 40 M M 0 31 40
2 82 56 69 -4 0 4 0.00 0.0 0 12.0 21 80 M M 1 29 70
3 85 60 73 0 0 8 0.00 0.0 0 10.1 18 40 M M 1 27 40
4 85 62 74 2 0 9 0.00 0.0 0 9.4 17 70 M M 1 24 50
5 81 63 72 0 0 7 0.00 0.0 0 8.0 16 360 M M 1 25 340
6 84 52 68 -4 0 3 0.00 0.0 0 6.5 14 320 M M 0 18 50
7 83 57 70 -2 0 5 0.00 0.0 0 6.5 14 290 M M 0 23 290
8 83 63 73 1 0 8 0.00 0.0 0 5.7 13 280 M M 1 19 280
9 87 67 77 6 0 12 0.00 0.0 0 5.3 13 270 M M 4 20 280
10 85 69 77 6 0 12 0.00 0.0 0 5.9 13 220 M M 2 17 230
11 86 67 77 6 0 12 0.00 0.0 0 3.7 13 280 M M 1 1 19 220
12 85 71 78 7 0 13 0.00 0.0 0 6.9 17 80 M M 3 23 60
13 82 69 76 6 0 11 0.00 0.0 0 11.1 18 50 M M 7 27 50
14 83 68 76 6 0 11 0.09 0.0 0 12.3 23 80 M M 9 18 32 80
15 75 69 72 2 0 7 0.25 0.0 0 15.4 25 100 M M 7 1 36 110
16 76 69 73 3 0 8 0.03 0.0 0 9.4 21 90 M M 9 30 80
17 75 67 71 1 0 6 0.00 0.0 0 6.9 13 340 M M 9 12 19 260
18 80 69 75 6 0 10 T 0.0 0 9.8 21 310 M M 6 29 310
19 82 61 72 3 0 7 0.00 0.0 0 5.5 15 290 M M 1 12 20 250
20 85 62 74 5 0 9 0.00 0.0 0 5.1 12 110 M M 1 17 240
21 86 69 78 9 0 13 0.00 0.0 0 9.7 22 140 M M 1 29 130
22 81 68 75 6 0 10 0.23 0.0 0 7.9 20 190 M M 6 13 25 180
23 71 59 65 -3 0 0 0.00 0.0 0 7.1 13 360 M M 4 17 50
24 67 58 63 -5 2 0 T 0.0 0 6.8 14 40 M M 3 20 50
25 80 61 71 3 0 6 T 0.0 0 9.3 16 70 M M 6 22 70
26 82 67 75 7 0 10 0.07 0.0 0 10.4 21 180 M M 7 1 28 170
27 74 59 67 -1 0 2 0.00 0.0 0 9.2 22 330 M M 4 34 320
28 62 51 57 -11 8 0 0.00 0.0 0 7.8 15 10 M M 0 21 10
29 70 48 59 -9 6 0 0.00 0.0 0 7.8 17 30 M M 0 23 30
30 80 51 66 -1 0 1 T 0.0 0 7.9 15 120 M M 1 20 140
================================================================================
SM 2395 1870 16 207 0.67 0.0 251.2 M 96
================================================================================
AV 79.8 62.3 8.4 FASTST M M 3 MAX(MPH)
MISC ----> 25 100 36 110
================================================================================
NOTES:
# LAST OF SEVERAL OCCURRENCES
COLUMN 17 PEAK WIND IN M.P.H.
PRELIMINARY LOCAL CLIMATOLOGICAL DATA (WS FORM: F-6) , PAGE 2
STATION: SARASOTA BRADENTON
MONTH: NOVEMBER
YEAR: 2023
LATITUDE: 27 23 N
LONGITUDE: 82 33 W
[TEMPERATURE DATA] [PRECIPITATION DATA] SYMBOLS USED IN COLUMN 16
AVERAGE MONTHLY: 71.1 TOTAL FOR MONTH: 0.67 1 = FOG OR MIST
DPTR FM NORMAL: 1.0 DPTR FM NORMAL: -1.14 2 = FOG REDUCING VISIBILITY
HIGHEST: 87 ON 9 GRTST 24HR 0.31 ON 14-15 TO 1/4 MILE OR LESS
LOWEST: 48 ON 29 3 = THUNDER
SNOW, ICE PELLETS, HAIL 4 = ICE PELLETS
TOTAL MONTH: 0.0 INCH 5 = HAIL
GRTST 24HR 0.0 6 = FREEZING RAIN OR DRIZZLE
GRTST DEPTH: 0 7 = DUSTSTORM OR SANDSTORM:
VSBY 1/2 MILE OR LESS
8 = SMOKE OR HAZE
[NO. OF DAYS WITH] [WEATHER - DAYS WITH] 9 = BLOWING SNOW
X = TORNADO
MAX 32 OR BELOW: 0 0.01 INCH OR MORE: 5
MAX 90 OR ABOVE: 0 0.10 INCH OR MORE: 2
MIN 32 OR BELOW: 0 0.50 INCH OR MORE: 0
MIN 0 OR BELOW: 0 1.00 INCH OR MORE: 0
[HDD (BASE 65) ]
TOTAL THIS MO. 16 CLEAR (SCALE 0-3) 17
DPTR FM NORMAL -10 PTCLDY (SCALE 4-7) 10
TOTAL FM JUL 1 16 CLOUDY (SCALE 8-10) 3
DPTR FM NORMAL -11
[CDD (BASE 65) ]
TOTAL THIS MO. 207
DPTR FM NORMAL 29 [PRESSURE DATA]
TOTAL FM JAN 1 4248 HIGHEST SLP 30.25 ON 28
DPTR FM NORMAL 629 LOWEST SLP 29.75 ON 17
[REMARKS]
#FINAL-11-23#