000
CXUS54 KEWX 011010
CF6SSF
PRELIMINARY LOCAL CLIMATOLOGICAL DATA (WS FORM: F-6)
STATION: SAN ANTONIO STINSON FIELD
MONTH: OCTOBER
YEAR: 2022
LATITUDE: 29 19 N
LONGITUDE: 98 29 W
TEMPERATURE IN F: :PCPN: SNOW: WIND :SUNSHINE: SKY :PK WND
================================================================================
1 2 3 4 5 6A 6B 7 8 9 10 11 12 13 14 15 16 17 18
12Z AVG MX 2MIN
DY MAX MIN AVG DEP HDD CDD WTR SNW DPTH SPD SPD DIR MIN PSBL S-S WX SPD DR
================================================================================
1 91 60 76 -2 0 11 0.00 M M 3.9 12 130 M M 0 16 90
2 86 59 73 -4 0 8 0.00 M M 2.3 13 120 M M 0 18 110
3 89 63 76 -1 0 11 0.00 M M 2.4 10 140 M M 0 15 70
4 88 64 76 -1 0 11 0.00 M M 2.0 13 140 M M 0 17 130
5 90 59 75 -1 0 10 0.00 M M 1.7 10 60 M M 0 14 40
6 93 61 77 1 0 12 0.00 M M 3.2 14 90 M M 0 20 110
7 86 67 77 1 0 12 T M M 2.0 12 140 M M 1 8 16 100
8 91 65 78 2 0 13 0.00 M M 7.2 15 50 M M 1 22 80
9 90 67 79 4 0 14 0.00 M M 6.1 14 150 M M 2 20 90
10 89 62 76 1 0 11 0.00 M M 7.4 20 140 M M 1 28 130
11 90 67 79 4 0 14 0.00 M M 6.6 15 140 M M 4 22 210
12 95 71 83 9 0 18 0.00 M M 4.5 14 260 M M 4 21 230
13 94 70 82 8 0 17 0.00 M M 7.8 16 50 M M 0 26 30
14 92 73 83 9 0 18 0.00 M M 6.1 17 130 M M 4 24 150
15 94 73 84 11 0 19 0.00 M M 8.6 18 140 M M 5 26 150
16 93 73 83 10 0 18 0.00 M M 4.7 17 50 M M 4 27 60
17 76 64 70 -3 0 5 0.49 M M 10.6 24 40 M M 4 1 32 30
18 74 52 63 -9 2 0 0.00 M M 7.9 17 30 M M 4 26 30
19 75 46 61 -11 4 0 0.00 M M 4.0 10 220 M M 0 18 240
20 83 48 66 -6 0 1 0.00 0.0 M 5.4 15 220 M M 0 23 260
21 86 52 69 -2 0 4 0.00 0.0 M 6.4 15 160 M M 0 22 140
22 88 57 73 2 0 8 0.00 M M 8.9 18 150 M M 0 29 140
23 88 65 77 7 0 12 0.00 M M 12.8 23 170 M M 3 35 150
24 92 73 83 13 0 18 T M M 11.5 22 330 M M 6 1 34 340
25 81 53 67 -3 0 2 0.00 0.0 M 6.3 18 340 M M 1 30 310
26 79 46 63 -6 2 0 0.00 M M 4.9 14 130 M M 0 20 140
27 83 52 68 -1 0 3 T M M 6.8 18 140 M M 5 1 26 150
28 74 60 67 -1 0 2 0.64 M M 9.6 20 290 M M 6 13 27 340
29 76 55 66 -2 0 1 0.00 M M 6.6 15 290 M M 2 25 350
30 80 49 65 -3 0 0 0.00 M M 2.7 10 260 M M 0 15 230
31 82 55 69 2 0 4 0.22 M M 4.8 16 150 M M 3 3 23 130
================================================================================
SM 2668 1881 8 277 1.35 0.0 185.7 M 60
================================================================================
AV 86.1 60.7 6.0 FASTST M M 2 MAX(MPH)
MISC ----> 24 40 35 150
================================================================================
NOTES:
# LAST OF SEVERAL OCCURRENCES
COLUMN 17 PEAK WIND IN M.P.H.
PRELIMINARY LOCAL CLIMATOLOGICAL DATA (WS FORM: F-6) , PAGE 2
STATION: SAN ANTONIO STINSON FIELD
MONTH: OCTOBER
YEAR: 2022
LATITUDE: 29 19 N
LONGITUDE: 98 29 W
[TEMPERATURE DATA] [PRECIPITATION DATA] SYMBOLS USED IN COLUMN 16
AVERAGE MONTHLY: 73.4 TOTAL FOR MONTH: 1.35 1 = FOG OR MIST
DPTR FM NORMAL: 0.7 DPTR FM NORMAL: -1.67 2 = FOG REDUCING VISIBILITY
HIGHEST: 95 ON 12 GRTST 24HR 0.64 ON 27-28 TO 1/4 MILE OR LESS
LOWEST: 46 ON 26,19 3 = THUNDER
SNOW, ICE PELLETS, HAIL 4 = ICE PELLETS
TOTAL MONTH: 0.0 INCH 5 = HAIL
GRTST 24HR 0.0 6 = FREEZING RAIN OR DRIZZLE
GRTST DEPTH: M ON M 7 = DUSTSTORM OR SANDSTORM:
VSBY 1/2 MILE OR LESS
8 = SMOKE OR HAZE
[NO. OF DAYS WITH] [WEATHER - DAYS WITH] 9 = BLOWING SNOW
X = TORNADO
MAX 32 OR BELOW: 0 0.01 INCH OR MORE: 3
MAX 90 OR ABOVE: 12 0.10 INCH OR MORE: 3
MIN 32 OR BELOW: 0 0.50 INCH OR MORE: 1
MIN 0 OR BELOW: 0 1.00 INCH OR MORE: 0
[HDD (BASE 65) ]
TOTAL THIS MO. 8 CLEAR (SCALE 0-3) 20
DPTR FM NORMAL -16 PTCLDY (SCALE 4-7) 11
TOTAL FM JUL 1 8 CLOUDY (SCALE 8-10) 0
DPTR FM NORMAL -12
[CDD (BASE 65) ]
TOTAL THIS MO. 277
DPTR FM NORMAL 13 [PRESSURE DATA]
TOTAL FM JAN 1 4223 HIGHEST SLP 30.35 ON 19
DPTR FM NORMAL 839 LOWEST SLP 29.59 ON 24
[REMARKS]
#FINAL-10-22#