000
CXUS52 KJAX 011407
CF6SSI
PRELIMINARY LOCAL CLIMATOLOGICAL DATA (WS FORM: F-6)
STATION: ST SIMONS ISLAND
MONTH: DECEMBER
YEAR: 2022
LATITUDE: 31 9 N
LONGITUDE: 81 23 W
TEMPERATURE IN F: :PCPN: SNOW: WIND :SUNSHINE: SKY :PK WND
================================================================================
1 2 3 4 5 6A 6B 7 8 9 10 11 12 13 14 15 16 17 18
12Z AVG MX 2MIN
DY MAX MIN AVG DEP HDD CDD WTR SNW DPTH SPD SPD DIR MIN PSBL S-S WX SPD DR
================================================================================
1 65 46 56 -2 9 0 0.00 0.0 0 11.5 20 40 M M 1 30 40
2 70 50 60 2 5 0 0.00 0.0 0 9.5 17 40 M M 4 1 26 50
3 78 55 67 9 0 2 0.00 0.0 0 3.4 9 150 M M 3 1 13 140
4 73 61 67 9 0 2 0.00 0.0 0 4.4 15 70 M M 6 1 19 60
5 71 57 64 6 1 0 0.00 0.0 0 2.6 10 70 M M 5 1 14 30
6 76 59 68 11 0 3 0.00 0.0 0 2.5 8 130 M M 4 12 12 150
7 84 58 71 14 0 6 0.00 0.0 0 2.3 8 130 M M 1 12 11 290
8 83 62 73 16 0 8 0.00 0.0 0 3.4 13 260 M M 0 1 16 280
9 81 63 72 15 0 7 0.00 0.0 0 7.0 15 60 M M 4 18 21 70
10 66 59 63 6 2 0 0.00 0.0 0 8.1 14 30 M M 10 18 20 10
11 65 57 61 4 4 0 0.00 0.0 0 4.7 10 350 M M 8 15 340
12 65 57 61 5 4 0 T 0.0 0 6.2 12 20 M M 9 16 50
13 66 59 63 7 2 0 0.00 0.0 0 14.0 22 40 M M 9 31 40
14 69 60 65 9 0 0 0.01 0.0 0 8.2 14 40 M M 6 1 20 140
15 76 55 66 10 0 1 0.08 0.0 0 9.4 18 220 M M 4 1 28 220
16 64 46 55 -1 10 0 0.00 0.0 0 6.9 14 270 M M 0 22 300
17 60 42 51 -5 14 0 0.00 0.0 0 4.2 10 300 M M 3 16 310
18 60 41 51 -4 14 0 0.00 0.0 0 6.9 14 290 M M 0 22 310
19 62 39 51 -4 14 0 0.00 0.0 0 11.0 22 30 M M 3 30 30
20 57 49 53 -2 12 0 0.39 0.0 0 13.4 22 30 M M 9 1 32 20
21 55 46 51 -4 14 0 0.09 0.0 0 14.7 23 20 M M 10 1 34 30
22 53 47 50 -5 15 0 0.34 0.0 0 6.3 15 10 M M 10 13 22 20
23 57 30 44 -11 21 0 T 0.0 0 11.6 22 300 M M 3 1 43 310
24 37 23 30 -24 35 0 0.00 0.0 0 12.5 18 280 M M 0 30 320
25 46 26 36 -18 29 0 0.00 0.0 0 8.7 15 270 M M 0 24 300
26 48 26 37 -17 28 0 0.00 0.0 0 3.2 10 260 M M 0 16 320
27 53 30 42 -12 23 0 0.00 0.0 0 4.5 14 50 M M 0 20 40
28 59 32 46 -8 19 0 0.00 0.0 0 6.0 15 40 M M 0 19 40
29 67 45 56 2 9 0 0.00 0.0 0 6.1 12 50 M M 6 16 50
30 71 52 62 8 3 0 0.00 0.0 0 5.5 14 40 M M 5 12 18 30
31 70 57 64 10 1 0 0.12 0.0 0 3.3 9 180 M M 6 12 14 180
================================================================================
SM 2007 1489 288 29 1.03 0.0 222.0 M 129
================================================================================
AV 64.7 48.0 7.2 FASTST M M 4 MAX(MPH)
MISC ----> 23 20 43 310
================================================================================
NOTES:
# LAST OF SEVERAL OCCURRENCES
COLUMN 17 PEAK WIND IN M.P.H.
PRELIMINARY LOCAL CLIMATOLOGICAL DATA (WS FORM: F-6) , PAGE 2
STATION: ST SIMONS ISLAND
MONTH: DECEMBER
YEAR: 2022
LATITUDE: 31 9 N
LONGITUDE: 81 23 W
[TEMPERATURE DATA] [PRECIPITATION DATA] SYMBOLS USED IN COLUMN 16
AVERAGE MONTHLY: 56.4 TOTAL FOR MONTH: 1.03 1 = FOG OR MIST
DPTR FM NORMAL: 0.7 DPTR FM NORMAL: -1.72 2 = FOG REDUCING VISIBILITY
HIGHEST: 84 ON 7 GRTST 24HR 0.46 ON 20-21 TO 1/4 MILE OR LESS
LOWEST: 23 ON 24 3 = THUNDER
SNOW, ICE PELLETS, HAIL 4 = ICE PELLETS
TOTAL MONTH: 0.0 INCH 5 = HAIL
GRTST 24HR 0.0 6 = FREEZING RAIN OR DRIZZLE
GRTST DEPTH: 0 7 = DUSTSTORM OR SANDSTORM:
VSBY 1/2 MILE OR LESS
8 = SMOKE OR HAZE
[NO. OF DAYS WITH] [WEATHER - DAYS WITH] 9 = BLOWING SNOW
X = TORNADO
MAX 32 OR BELOW: 0 0.01 INCH OR MORE: 6
MAX 90 OR ABOVE: 0 0.10 INCH OR MORE: 3
MIN 32 OR BELOW: 6 0.50 INCH OR MORE: 0
MIN 0 OR BELOW: 0 1.00 INCH OR MORE: 0
[HDD (BASE 65) ]
TOTAL THIS MO. 288 CLEAR (SCALE 0-3) 13
DPTR FM NORMAL -14 PTCLDY (SCALE 4-7) 11
TOTAL FM JUL 1 403 CLOUDY (SCALE 8-10) 7
DPTR FM NORMAL -68
[CDD (BASE 65) ]
TOTAL THIS MO. 29
DPTR FM NORMAL 14 [PRESSURE DATA]
TOTAL FM JAN 1 3132 HIGHEST SLP 30.44 ON 2
DPTR FM NORMAL 286 LOWEST SLP 29.78 ON 15
[REMARKS]
#FINAL-12-22#