000
CXUS53 KMPX 010653
CLMSTC
CLIMATE REPORT
NATIONAL WEATHER SERVICE TWIN CITIES/CHANHASSEN MN
153 AM CDT THU JUN 01 2023
...................................
...THE ST CLOUD MN CLIMATE SUMMARY FOR THE MONTH OF MAY 2023...
CLIMATE NORMAL PERIOD 1991 TO 2020
CLIMATE RECORD PERIOD 1893 TO 2023
WEATHER OBSERVED NORMAL DEPART LAST YEAR`S
VALUE DATE(S) VALUE FROM VALUE DATE(S)
NORMAL
................................................................
TEMPERATURE (F)
RECORD
HIGH 105 05/31/1934
LOW 18 05/03/1907
HIGHEST 91 05/31 79 12 87 05/28
LOWEST 33 05/03 35 -2 38 05/04
05/06
05/21
AVG. MAXIMUM 75.9 67.8 8.1 69.1
AVG. MINIMUM 49.0 44.6 4.4 48.1
MEAN 62.5 56.2 6.3 58.6
DAYS MAX >= 90 1 0.8 0.2 0
DAYS MAX <= 32 0 0.0 0.0 0
DAYS MIN <= 32 0 2.6 -2.6 0
DAYS MIN <= 0 0 0.0 0.0 0
PRECIPITATION (INCHES)
RECORD
MAXIMUM 9.68 1912
MINIMUM 0.20 1900
TOTALS 0.87 3.66 -2.79 7.32
DAILY AVG. 0.03 0.12 -0.09 0.24
DAYS >= .01 7 11.4 -4.4 13
DAYS >= .10 3 6.8 -3.8 9
DAYS >= .50 0 2.8 -2.8 4
DAYS >= 1.00 0 0.9 -0.9 3
GREATEST
24 HR. TOTAL 0.44 05/12 TO 05/13
SNOWFALL (INCHES)
RECORDS
TOTAL 3.3 5
TOTALS 0.0 0.1 -0.1 0.0
SINCE 7/1 88.2 47.9 40.3 MM
SNOWDEPTH AVG. 0 0
DAYS >= 1.0 0 0.0 0.0 0
GREATEST
SNOW DEPTH 0 0 MM
24 HR TOTAL MM
DEGREE DAYS
HEATING TOTAL 128 297 -169 217
SINCE 7/1 8119 8422 -303 MM
COOLING TOTAL 56 24 32 26
SINCE 1/1 56 25 31 MM
................................................................
WIND (MPH)
AVERAGE WIND SPEED 7.9
HIGHEST WIND SPEED/DIRECTION 26/360 DATE 05/01
HIGHEST GUST SPEED/DIRECTION 41/360 DATE 05/01
SKY COVER
POSSIBLE SUNSHINE (PERCENT) MM
AVERAGE SKY COVER 0.22
NUMBER OF DAYS FAIR 24
NUMBER OF DAYS PC 5
NUMBER OF DAYS CLOUDY 2
AVERAGE RH (PERCENT) 57
WEATHER CONDITIONS. NUMBER OF DAYS WITH
THUNDERSTORM 3 MIXED PRECIP 0
HEAVY RAIN 0 RAIN 2
LIGHT RAIN 8 FREEZING RAIN 0
LT FREEZING RAIN 0 HAIL 0
HEAVY SNOW 0 SNOW 0
LIGHT SNOW 0 SLEET 0
FOG 11 FOG W/VIS <= 1/4 MILE 1
HAZE 1
- INDICATES NEGATIVE NUMBERS.
R INDICATES RECORD WAS SET OR TIED.
MM INDICATES DATA IS MISSING.
T INDICATES TRACE AMOUNT.
$$