000
CXUS53 KEAX 010736
CF6STJ
PRELIMINARY LOCAL CLIMATOLOGICAL DATA (WS FORM: F-6)
STATION: ST. JOSEPH MO
MONTH: AUGUST
YEAR: 2022
LATITUDE: 39 46 N
LONGITUDE: 94 55 W
TEMPERATURE IN F: :PCPN: SNOW: WIND :SUNSHINE: SKY :PK WND
================================================================================
1 2 3 4 5 6A 6B 7 8 9 10 11 12 13 14 15 16 17 18
12Z AVG MX 2MIN
DY MAX MIN AVG DEP HDD CDD WTR SNW DPTH SPD SPD DIR MIN PSBL S-S WX SPD DR
================================================================================
1 92 70 81 3 0 16 0.00 M M 4.8 12 180 M M 0 17 180
2 93 73 83 5 0 18 0.00 M M 10.5 16 190 M M 0 24 190
3 84 72 78 0 0 13 0.43 M M 6.3 28 210 M M 3 13 37 210
4 87 63 75 -2 0 10 0.00 M M 5.1 12 10 M M 0 1 15 20
5 92 63 78 1 0 13 0.00 M M 5.9 14 120 M M 1 18 110
6 93 74 84 7 0 19 0.00 M M 9.7 18 190 M M 0 24 180
7 91 75 83 6 0 18 0.00 M M 9.0 16 190 M M 0 22 180
8 79 61 70 -7 0 5 T M M 6.1 16 10 M M 6 1 22 350
9 83 60 72 -5 0 7 0.00 M M 4.6 10 50 M M 1 15 40
10 86 55 71 -6 0 6 0.00 M M 2.9 10 90 M M 0 1 15 80
11 88 56 72 -4 0 7 0.00 M M 2.1 9 190 M M 1 12 12 140
12 89 61 75 -1 0 10 0.00 M M 5.3 14 150 M M 0 1 17 160
13 94 63 79 3 0 14 0.00 M M 7.0 16 210 M M 0 23 210
14 84 67 76 0 0 11 0.00 M M 5.6 12 40 M M 0 16 70
15 79 66 73 -3 0 8 T M M 11.1 18 70 M M 2 8 27 80
16 72 62 67 -9 0 2 0.93 M M 7.7 31 20 M M 9 13 38 30
17 81 58 70 -5 0 5 0.00 M M 3.7 12 30 M M 1 1 16 50
18 82 57 70 -5 0 5 0.00 M M 4.5 10 170 M M 3 12 16 200
19 79 62 71 -4 0 6 0.00 M M 6.5 16 230 M M 1 24 230
20 79 58 69 -6 0 4 0.00 M M 6.5 16 300 M M 2 23 300
21 82 55 69 -6 0 4 0.00 M M 3.4 9 320 M M 3 12 12 330
22 83 58 71 -3 0 6 0.00 M M 2.6 12 50 M M 1 1 16 40
23 84 56 70 -4 0 5 0.00 M M 1.8 8 60 M M 2 12 11 60
24 86 58 72 -2 0 7 0.00 M M 3.3 10 170 M M 1 12 14 180
25 88 60 74 0 0 9 0.00 M M 3.2 10 10 M M 0 1 15 360
26 86 63 75 2 0 10 0.00 M M 5.8 13 110 M M 1 17 120
27 89 68 79 6 0 14 T M M 9.4 24 160 M M 1 1 35 150
28 85 67 76 3 0 11 0.93 M M 9.3 21 180 M M 4 13 29 190
29 90 66 78 5 0 13 0.00 M M 4.7 20 360 M M 1 13 25 10
30 82 57 70 -2 0 5 0.00 M M 4.3 12 350 M M 0 1 16 330
31 85 52 69 -3 0 4 0.00 M M 3.0 9 210 M M 2 12 14 210
================================================================================
SM 2647 1936 0 285 2.29 M 175.7 M 46
================================================================================
AV 85.4 62.5 5.7 FASTST M M 1 MAX(MPH)
MISC ----> 31 20 38 30
================================================================================
NOTES:
# LAST OF SEVERAL OCCURRENCES
COLUMN 17 PEAK WIND IN M.P.H.
PRELIMINARY LOCAL CLIMATOLOGICAL DATA (WS FORM: F-6) , PAGE 2
STATION: ST. JOSEPH MO
MONTH: AUGUST
YEAR: 2022
LATITUDE: 39 46 N
LONGITUDE: 94 55 W
[TEMPERATURE DATA] [PRECIPITATION DATA] SYMBOLS USED IN COLUMN 16
AVERAGE MONTHLY: 73.9 TOTAL FOR MONTH: 2.29 1 = FOG OR MIST
DPTR FM NORMAL: -1.4 DPTR FM NORMAL: -1.55 2 = FOG REDUCING VISIBILITY
HIGHEST: 94 ON 13 GRTST 24HR 0.93 ON 15-16 TO 1/4 MILE OR LESS
LOWEST: 52 ON 31 3 = THUNDER
SNOW, ICE PELLETS, HAIL 4 = ICE PELLETS
TOTAL MONTH: M 5 = HAIL
GRTST 24HR M ON M 6 = FREEZING RAIN OR DRIZZLE
GRTST DEPTH: M ON M 7 = DUSTSTORM OR SANDSTORM:
VSBY 1/2 MILE OR LESS
8 = SMOKE OR HAZE
[NO. OF DAYS WITH] [WEATHER - DAYS WITH] 9 = BLOWING SNOW
X = TORNADO
MAX 32 OR BELOW: 0 0.01 INCH OR MORE: 3
MAX 90 OR ABOVE: 7 0.10 INCH OR MORE: 3
MIN 32 OR BELOW: 0 0.50 INCH OR MORE: 2
MIN 0 OR BELOW: 0 1.00 INCH OR MORE: 0
[HDD (BASE 65) ]
TOTAL THIS MO. 0 CLEAR (SCALE 0-3) 28
DPTR FM NORMAL -3 PTCLDY (SCALE 4-7) 2
TOTAL FM JUL 1 0 CLOUDY (SCALE 8-10) 1
DPTR FM NORMAL -1
[CDD (BASE 65) ]
TOTAL THIS MO. 285
DPTR FM NORMAL -39 [PRESSURE DATA]
TOTAL FM JAN 1 1034 HIGHEST SLP M ON M
DPTR FM NORMAL -94 LOWEST SLP 29.65 ON 28
[REMARKS]
#FINAL-08-22#