000
CXUS53 KLSX 011839
CF6STL
PRELIMINARY LOCAL CLIMATOLOGICAL DATA (WS FORM: F-6)
STATION: ST. LOUIS
MONTH: MARCH
YEAR: 2023
LATITUDE: 38 45 N
LONGITUDE: 90 23 W
TEMPERATURE IN F: :PCPN: SNOW: WIND :SUNSHINE: SKY :PK WND
================================================================================
1 2 3 4 5 6A 6B 7 8 9 10 11 12 13 14 15 16 17 18
12Z AVG MX 2MIN
DY MAX MIN AVG DEP HDD CDD WTR SNW DPTH SPD SPD DIR MIN PSBL S-S WX SPD DR
================================================================================
1 68 38 53 12 12 0 0.00 0.0 0 6.1 20 330 M M 6 26 330
2 52 34 43 1 22 0 0.06 0.0 0 9.9 17 60 M M 6 26 70
3 46 38 42 0 23 0 1.66 0.0 0 14.2 32 340 M M 9 1 44 330
4 61 32 47 5 18 0 0.00 0.0 0 3.5 16 250 M M 3 18 19 240
5 66 36 51 8 14 0 0.00 0.0 0 10.6 25 130 M M 5 33 150
6 75 45 60 17 5 0 0.00 0.0 0 11.9 23 260 M M 6 30 270
7 52 40 46 2 19 0 T 0.0 0 11.5 18 70 M M 10 26 360
8 48 39 44 0 21 0 0.15 0.0 0 12.4 22 100 M M 10 29 100
9 48 42 45 1 20 0 0.09 0.0 0 8.7 21 280 M M 10 8 29 310
10 47 33 40 -4 25 0 0.00 0.0 0 12.5 25 310 M M 9 36 310
11 44 32 38 -7 27 0 0.18 0.0 0 11.6 22 120 M M 10 1 27 110
12 46 32 39 -6 26 0 0.01 T 0 10.1 20 320 M M 9 14 30 330
13 36 30 33 -13 32 0 0.00 0.0 0 11.3 20 270 M M 10 25 270
14 43 30 37 -9 28 0 0.00 0.0 0 5.8 14 360 M M 6 17 360
15 58 28 43 -3 22 0 0.00 0.0 0 11.9 21 130 M M 5 28 160
16 64 38 51 4 14 0 0.30 0.0 0 13.1 23 300 M M 10 1 37 310
17 45 29 37 -10 28 0 0.01 0.0 0 15.1 25 290 M M 5 1 37 310
18 36 22 29 -18 36 0 T T 0 16.5 24 310 M M 7 36 310
19 43 20 32 -16 33 0 T T 0 7.0 15 290 M M 1 20 290
20 61 28 45 -3 20 0 0.00 0.0 0 11.5 24 190 M M 4 33 190
21 51 43 47 -1 18 0 0.04 0.0 0 11.9 22 170 M M 10 32 180
22 69 44 57 8 8 0 T 0.0 0 11.7 21 210 M M 9 18 28 210
23 68 45 57 8 8 0 1.23 0.0 0 9.3 17 330 M M 9 138 24 250
24 47 40 44 -6 21 0 0.88 0.0 0 8.1 26 80 M M 10 138 36 80
25 60 42 51 1 14 0 T 0.0 0 12.4 29 290 M M 6 1 40 290
26 71 41 56 6 9 0 0.20 0.0 0 9.8 24 270 M M 6 1 33 270
27 56 39 48 -3 17 0 0.01 0.0 0 7.4 16 310 M M 6 22 10
28 49 37 43 -8 22 0 0.05 0.0 0 4.3 12 320 M M 6 1 16 310
29 60 33 47 -4 18 0 0.00 0.0 0 4.4 13 90 M M 3 16 100
30 71 39 55 3 10 0 0.05 0.0 0 13.8 40 200 M M 4 3 50 190
31 79 56 68 16 0 3 0.11 0.0 0 18.7 35 220 M M 6 3 54 210
================================================================================
SM 1720 1125 590 3 5.03 T 327.0 M 216
================================================================================
AV 55.5 36.3 10.5 FASTST M M 7 MAX(MPH)
MISC ----> 40 200 54 210
================================================================================
NOTES:
# LAST OF SEVERAL OCCURRENCES
COLUMN 17 PEAK WIND IN M.P.H.
PRELIMINARY LOCAL CLIMATOLOGICAL DATA (WS FORM: F-6) , PAGE 2
STATION: ST. LOUIS
MONTH: MARCH
YEAR: 2023
LATITUDE: 38 45 N
LONGITUDE: 90 23 W
[TEMPERATURE DATA] [PRECIPITATION DATA] SYMBOLS USED IN COLUMN 16
AVERAGE MONTHLY: 45.9 TOTAL FOR MONTH: 5.03 1 = FOG OR MIST
DPTR FM NORMAL: -0.7 DPTR FM NORMAL: 1.53 2 = FOG REDUCING VISIBILITY
HIGHEST: 79 ON 31 GRTST 24HR 1.99 ON 23-24 TO 1/4 MILE OR LESS
LOWEST: 20 ON 19 3 = THUNDER
SNOW, ICE PELLETS, HAIL 4 = ICE PELLETS
TOTAL MONTH: T 5 = HAIL
GRTST 24HR T ON 12,18,19 6 = FREEZING RAIN OR DRIZZLE
GRTST DEPTH: 0 7 = DUSTSTORM OR SANDSTORM:
VSBY 1/2 MILE OR LESS
8 = SMOKE OR HAZE
[NO. OF DAYS WITH] [WEATHER - DAYS WITH] 9 = BLOWING SNOW
X = TORNADO
MAX 32 OR BELOW: 0 0.01 INCH OR MORE: 16
MAX 90 OR ABOVE: 0 0.10 INCH OR MORE: 8
MIN 32 OR BELOW: 10 0.50 INCH OR MORE: 3
MIN 0 OR BELOW: 0 1.00 INCH OR MORE: 2
[HDD (BASE 65) ]
TOTAL THIS MO. 590 CLEAR (SCALE 0-3) 3
DPTR FM NORMAL 14 PTCLDY (SCALE 4-7) 15
TOTAL FM JUL 1 3671 CLOUDY (SCALE 8-10) 13
DPTR FM NORMAL -425
[CDD (BASE 65) ]
TOTAL THIS MO. 3
DPTR FM NORMAL -4 [PRESSURE DATA]
TOTAL FM JAN 1 3 HIGHEST SLP 30.50 ON 19
DPTR FM NORMAL -5 LOWEST SLP 29.12 ON 3
[REMARKS]
#FINAL-03-23#