000
CXUS55 KSTO 050420
CF6STO
PRELIMINARY LOCAL CLIMATOLOGICAL DATA (WS FORM: F-6)
STATION: SACRAMENTO CITY
MONTH: JULY
YEAR: 2022
LATITUDE: 38 36 N
LONGITUDE: 121 23 W
TEMPERATURE IN F: :PCPN: SNOW: WIND :SUNSHINE: SKY :PK WND
================================================================================
1 2 3 4 5 6A 6B 7 8 9 10 11 12 13 14 15 16 17 18
12Z AVG MX 2MIN
DY MAX MIN AVG DEP HDD CDD WTR SNW DPTH SPD SPD DIR MIN PSBL S-S WX SPD DR
================================================================================
1 90 56 73 -4 0 8 0.00 0.0 M M M M M M M M M
2 80 55 68 -9 0 3 0.00 0.0 M M M M M M M M M
3 79 58 69 -8 0 4 0.00 0.0 M M M M M M M M M
4 88 55 72 -5 0 7 0.00 0.0 M M M M M M M M M
5 88 64 76 -1 0 11 0.00 0.0 M M M M M M M M M
6 84 62 73 -4 0 8 0.00 0.0 M M M M M M M M M
7 91 59 75 -3 0 10 0.00 0.0 M M M M M M M M M
8 97 62 80 2 0 15 0.00 M M M M M M M M M M
9 94 61 78 0 0 13 0.00 M M M M M M M M M M
10 103 62 83 5 0 18 0.00 M M M M M M M M M M
11 105 71 88 10 0 23 0.00 M M M M M M M M M M
12 97 64 81 3 0 16 0.00 M M M M M M M M M M
13 94 60 77 -1 0 12 0.00 M M M M M M M M M M
14 99 62 81 3 0 16 0.00 M M M M M M M M M M
15 100 60 80 2 0 15 0.00 M M M M M M M M M M
16 106 64 85 7 0 20 0.00 M M M M M M M M M M
17 104 67 86 8 0 21 0.00 M M M M M M M M M M
18 102 69 86 8 0 21 0.00 M M M M M M M M M M
19 101 67 84 6 0 19 0.00 M M M M M M M M M M
20 103 62 83 5 0 18 0.00 M M M M M M M M M M
21 99 61 80 2 0 15 0.00 M M M M M M M M M M
22 99 62 81 3 0 16 0.00 M M M M M M M M M M
23 101 59 80 2 0 15 0.00 M M M M M M M M M M
24 101 60 81 3 0 16 0.00 M M M M M M M M M M
25 94 58 76 -2 0 11 0.00 M M M M M M M M M M
26 96 62 79 1 0 14 0.00 M M M M M M M M M M
27 97 60 79 1 0 14 0.00 M M M M M M M M M M
28 97 60 79 1 0 14 0.00 M M M M M M M M M M
29 97 61 79 1 0 14 0.00 M M M M M M M M M M
30 92 61 77 -1 0 12 0.00 M M M M M M M M M M
31 87 64 76 -2 0 11 0.00 M M M M M M M M M M
================================================================================
SM 2965 1908 0 430 0.00 0.0 M M M
================================================================================
AV 95.6 61.5 M FASTST M M M MAX(MPH)
MISC ----> M M M M
================================================================================
NOTES:
# LAST OF SEVERAL OCCURRENCES
COLUMN 17 PEAK WIND IN M.P.H.
PRELIMINARY LOCAL CLIMATOLOGICAL DATA (WS FORM: F-6) , PAGE 2
STATION: SACRAMENTO CITY
MONTH: JULY
YEAR: 2022
LATITUDE: 38 36 N
LONGITUDE: 121 23 W
[TEMPERATURE DATA] [PRECIPITATION DATA] SYMBOLS USED IN COLUMN 16
AVERAGE MONTHLY: 78.6 TOTAL FOR MONTH: 0.00 1 = FOG OR MIST
DPTR FM NORMAL: 0.7 DPTR FM NORMAL: 0.00 2 = FOG REDUCING VISIBILITY
HIGHEST: 106 ON 16 GRTST 24HR 0.00 ON 12-12 TO 1/4 MILE OR LESS
LOWEST: 55 ON 4, 2 3 = THUNDER
SNOW, ICE PELLETS, HAIL 4 = ICE PELLETS
TOTAL MONTH: 0.0 INCH 5 = HAIL
GRTST 24HR 0.0 6 = FREEZING RAIN OR DRIZZLE
GRTST DEPTH: M ON M 7 = DUSTSTORM OR SANDSTORM:
VSBY 1/2 MILE OR LESS
8 = SMOKE OR HAZE
[NO. OF DAYS WITH] [WEATHER - DAYS WITH] 9 = BLOWING SNOW
X = TORNADO
MAX 32 OR BELOW: 0 0.01 INCH OR MORE: 0
MAX 90 OR ABOVE: 25 0.10 INCH OR MORE: 0
MIN 32 OR BELOW: 0 0.50 INCH OR MORE: 0
MIN 0 OR BELOW: 0 1.00 INCH OR MORE: 0
[HDD (BASE 65) ]
TOTAL THIS MO. 0 CLEAR (SCALE 0-3) 0
DPTR FM NORMAL 0 PTCLDY (SCALE 4-7) 0
TOTAL FM JUL 1 0 CLOUDY (SCALE 8-10) 31
DPTR FM NORMAL 0
[CDD (BASE 65) ]
TOTAL THIS MO. 430
DPTR FM NORMAL 30 [PRESSURE DATA]
TOTAL FM JAN 1 1028 HIGHEST SLP M ON M
DPTR FM NORMAL 194 LOWEST SLP M ON M
[REMARKS]
#FINAL-07-22#