000
CXUS56 KMTR 011000
CF6STS
PRELIMINARY LOCAL CLIMATOLOGICAL DATA (WS FORM: F-6)
STATION: SANTA ROSA AIRPORT
MONTH: FEBRUARY
YEAR: 2023
LATITUDE: 38 30 N
LONGITUDE: 122 49 W
TEMPERATURE IN F: :PCPN: SNOW: WIND :SUNSHINE: SKY :PK WND
================================================================================
1 2 3 4 5 6A 6B 7 8 9 10 11 12 13 14 15 16 17 18
12Z AVG MX 2MIN
DY MAX MIN AVG DEP HDD CDD WTR SNW DPTH SPD SPD DIR MIN PSBL S-S WX SPD DR
================================================================================
1 59 29 44 -5 21 0 0.00 M M 2.6 9 180 M M 1 13 190
2 57 30 44 -5 21 0 0.00 M M 2.6 12 100 M M 3 1 15 180
3 56 44 50 1 15 0 0.73 M M 3.1 18 290 M M 9 1 22 280
4 56 43 50 1 15 0 0.40 M M 5.8 25 200 M M 9 1 46 180
5 54 42 48 -2 17 0 0.22 M M 7.4 18 320 M M 6 18 26 330
6 64 32 48 -2 17 0 0.00 M M 3.8 14 360 M M 1 1 16 360
7 62 33 48 -2 17 0 0.00 M M 1.4 8 150 M M 1 1 10 150
8 66 31 49 -1 16 0 0.00 M M 2.0 6 280 M M 3 12 9 320
9 69 34 52 2 13 0 0.00 M M 2.3 8 130 M M 0 1 13 140
10 61 31 46 -4 19 0 0.01 M M 5.0 21 240 M M 4 12 27 240
11 59 38 49 -1 16 0 0.02 M M 4.4 17 10 M M 5 1 24 10
12 71 32 52 2 13 0 0.00 M M 2.6 9 160 M M 0 1 12 210
13 70 33 52 2 13 0 0.00 M M 9.7 24 310 M M 1 12 35 330
14 54 37 46 -4 19 0 T M M 12.4 26 10 M M 2 34 20
15 62 29 46 -5 19 0 0.00 M M 5.3 15 310 M M 0 17 350
16 58 28 43 -8 22 0 0.00 M M 3.3 15 170 M M 3 19 180
17 65 31 48 -3 17 0 0.00 M M 2.1 12 250 M M 1 15 180
18 65 29 47 -4 18 0 0.00 M M 2.5 8 190 M M 1 11 170
19 70 32 51 0 14 0 0.00 M M 3.1 12 160 M M 0 14 160
20 72 35 54 3 11 0 0.00 M M 3.7 12 180 M M 1 15 170
21 60 41 51 0 14 0 0.00 M M 15.9 37 310 M M 2 52 310
22 51 33 42 -9 23 0 T M M 7.2 22 290 M M 2 33 310
23 49 26 38 -14 27 0 0.52 M M 7.4 21 200 M M 7 1 31 190
24 48 33 41 -11 24 0 0.64 M M 5.4 16 140 M M 8 1 22 110
25 52 33 43 -9 22 0 0.08 M M 2.6 12 250 M M 9 1 15 260
26 54 36 45 -7 20 0 0.22 M M 5.5 16 180 M M 7 1 23 180
27 48 34 41 -11 24 0 0.00 M M 5.5 18 260 M M 6 1 37 250
28 52 35 44 -8 21 0 0.37 M M 6.2 21 250 M M 9 18 29 250
================================================================================
SM 1664 944 508 0 3.21 M 140.8 M 101
================================================================================
AV 59.4 33.7 5.0 FASTST M M 4 MAX(MPH)
MISC ----> 37 310 52 310
================================================================================
NOTES:
# LAST OF SEVERAL OCCURRENCES
COLUMN 17 PEAK WIND IN M.P.H.
PRELIMINARY LOCAL CLIMATOLOGICAL DATA (WS FORM: F-6) , PAGE 2
STATION: SANTA ROSA AIRPORT
MONTH: FEBRUARY
YEAR: 2023
LATITUDE: 38 30 N
LONGITUDE: 122 49 W
[TEMPERATURE DATA] [PRECIPITATION DATA] SYMBOLS USED IN COLUMN 16
AVERAGE MONTHLY: 46.6 TOTAL FOR MONTH: 3.21 1 = FOG OR MIST
DPTR FM NORMAL: -3.9 DPTR FM NORMAL: -3.46 2 = FOG REDUCING VISIBILITY
HIGHEST: 72 ON 20 GRTST 24HR 1.16 ON 23-24 TO 1/4 MILE OR LESS
LOWEST: 26 ON 23 3 = THUNDER
SNOW, ICE PELLETS, HAIL 4 = ICE PELLETS
TOTAL MONTH: M 5 = HAIL
GRTST 24HR M ON M 6 = FREEZING RAIN OR DRIZZLE
GRTST DEPTH: M ON M 7 = DUSTSTORM OR SANDSTORM:
VSBY 1/2 MILE OR LESS
8 = SMOKE OR HAZE
[NO. OF DAYS WITH] [WEATHER - DAYS WITH] 9 = BLOWING SNOW
X = TORNADO
MAX 32 OR BELOW: 0 0.01 INCH OR MORE: 10
MAX 90 OR ABOVE: 0 0.10 INCH OR MORE: 7
MIN 32 OR BELOW: 12 0.50 INCH OR MORE: 3
MIN 0 OR BELOW: 0 1.00 INCH OR MORE: 0
[HDD (BASE 65) ]
TOTAL THIS MO. 508 CLEAR (SCALE 0-3) 16
DPTR FM NORMAL 103 PTCLDY (SCALE 4-7) 8
TOTAL FM JUL 1 2166 CLOUDY (SCALE 8-10) 4
DPTR FM NORMAL 99
[CDD (BASE 65) ]
TOTAL THIS MO. 0
DPTR FM NORMAL 0 [PRESSURE DATA]
TOTAL FM JAN 1 0 HIGHEST SLP M ON M
DPTR FM NORMAL 0 LOWEST SLP 29.54 ON 24
[REMARKS]
#FINAL-02-23#