000
CXUS56 KMTR 011000
CF6STS
PRELIMINARY LOCAL CLIMATOLOGICAL DATA (WS FORM: F-6)
STATION: SANTA ROSA AIRPORT
MONTH: NOVEMBER
YEAR: 2022
LATITUDE: 38 30 N
LONGITUDE: 122 49 W
TEMPERATURE IN F: :PCPN: SNOW: WIND :SUNSHINE: SKY :PK WND
================================================================================
1 2 3 4 5 6A 6B 7 8 9 10 11 12 13 14 15 16 17 18
12Z AVG MX 2MIN
DY MAX MIN AVG DEP HDD CDD WTR SNW DPTH SPD SPD DIR MIN PSBL S-S WX SPD DR
================================================================================
1 65 43 54 -3 11 0 0.10 M M 6.4 20 310 M M 7 1 28 300
2 60 33 47 -10 18 0 0.02 M M 2.6 12 280 M M 3 12 14 300
3 65 30 48 -8 17 0 0.00 M M 2.4 10 210 M M 0 15 210
4 67 37 52 -4 13 0 T M M 3.2 12 150 M M 6 1 15 170
5 64 51 58 2 7 0 0.01 M M 3.9 10 180 M M 9 18 13 190
6 65 37 51 -5 14 0 0.22 M M 5.7 18 200 M M 7 12 27 200
7 57 37 47 -8 18 0 0.41 M M 3.5 16 250 M M 8 128 25 250
8 54 38 46 -9 19 0 0.46 M M 4.1 16 140 M M 8 1 21 150
9 61 35 48 -7 17 0 0.00 M M 2.4 8 260 M M 6 12 11 250
10 64 34 49 -5 16 0 0.00 M M 2.1 9 270 M M 1 12 12 300
11 63 33 48 -6 17 0 0.00 M M 2.1 7 240 M M 2 12 10 210
12 64 35 50 -4 15 0 0.01 M M 4.0 17 320 M M 6 12 24 330
13 65 34 50 -3 15 0 0.00 M M 3.8 12 250 M M 0 1 14 250
14 65 30 48 -5 17 0 0.00 M M 2.4 8 240 M M 1 1 11 190
15 74 31 53 0 12 0 0.00 M M 4.1 10 320 M M 0 16 330
16 73 30 52 0 13 0 0.00 M M 2.9 9 130 M M 1 12 120
17 68 31 50 -2 15 0 0.00 M M 2.1 10 170 M M 2 13 190
18 74 33 54 2 11 0 0.00 M M 5.4 23 40 M M 0 1 35 20
19 68 30 49 -3 16 0 0.00 M M 2.7 10 290 M M 1 13 10
20 66 29 48 -3 17 0 0.00 M M 1.4 6 270 M M 1 8 190
21 69 29 49 -2 16 0 0.00 M M 1.6 7 140 M M 1 1 9 160
22 68 31 50 -1 15 0 0.00 M M 1.3 8 190 M M 1 11 190
23 74 32 53 3 12 0 0.00 M M 1.4 8 170 M M 2 12 10 150
24 72 32 52 2 13 0 0.00 M M 3.2 10 180 M M 3 12 13 180
25 69 33 51 1 14 0 0.00 M M 1.9 7 260 M M 2 9 260
26 69 35 52 2 13 0 0.00 M M 1.7 6 130 M M 0 1 9 190
27 67 32 50 0 15 0 0.00 M M 1.8 8 200 M M 1 1 10 190
28 61 38 50 1 15 0 0.00 M M 9.2 22 320 M M 2 1 32 340
29 60 32 46 -3 19 0 0.00 M M 4.4 10 230 M M 0 16 240
30 57 26 42 -7 23 0 T M M 3.6 13 160 M M 5 17 180
================================================================================
SM 1968 1011 453 0 1.23 M 97.3 M 86
================================================================================
AV 65.6 33.7 3.2 FASTST M M 3 MAX(MPH)
MISC ----> 23 40 35 20
================================================================================
NOTES:
# LAST OF SEVERAL OCCURRENCES
COLUMN 17 PEAK WIND IN M.P.H.
PRELIMINARY LOCAL CLIMATOLOGICAL DATA (WS FORM: F-6) , PAGE 2
STATION: SANTA ROSA AIRPORT
MONTH: NOVEMBER
YEAR: 2022
LATITUDE: 38 30 N
LONGITUDE: 122 49 W
[TEMPERATURE DATA] [PRECIPITATION DATA] SYMBOLS USED IN COLUMN 16
AVERAGE MONTHLY: 49.7 TOTAL FOR MONTH: 1.23 1 = FOG OR MIST
DPTR FM NORMAL: -3.1 DPTR FM NORMAL: -2.35 2 = FOG REDUCING VISIBILITY
HIGHEST: 74 ON 23,18 GRTST 24HR 0.87 ON 7- 8 TO 1/4 MILE OR LESS
LOWEST: 26 ON 30 3 = THUNDER
SNOW, ICE PELLETS, HAIL 4 = ICE PELLETS
TOTAL MONTH: M 5 = HAIL
GRTST 24HR M ON M 6 = FREEZING RAIN OR DRIZZLE
GRTST DEPTH: M ON M 7 = DUSTSTORM OR SANDSTORM:
VSBY 1/2 MILE OR LESS
8 = SMOKE OR HAZE
[NO. OF DAYS WITH] [WEATHER - DAYS WITH] 9 = BLOWING SNOW
X = TORNADO
MAX 32 OR BELOW: 0 0.01 INCH OR MORE: 7
MAX 90 OR ABOVE: 0 0.10 INCH OR MORE: 4
MIN 32 OR BELOW: 14 0.50 INCH OR MORE: 0
MIN 0 OR BELOW: 0 1.00 INCH OR MORE: 0
[HDD (BASE 65) ]
TOTAL THIS MO. 453 CLEAR (SCALE 0-3) 21
DPTR FM NORMAL 85 PTCLDY (SCALE 4-7) 7
TOTAL FM JUL 1 599 CLOUDY (SCALE 8-10) 2
DPTR FM NORMAL 26
[CDD (BASE 65) ]
TOTAL THIS MO. 0
DPTR FM NORMAL -1 [PRESSURE DATA]
TOTAL FM JAN 1 579 HIGHEST SLP M ON M
DPTR FM NORMAL 168 LOWEST SLP 29.53 ON 8
[REMARKS]
#FINAL-11-22#