000
CXUS56 KMTR 011000
CF6STS
PRELIMINARY LOCAL CLIMATOLOGICAL DATA (WS FORM: F-6)
STATION: SANTA ROSA AIRPORT
MONTH: JANUARY
YEAR: 2024
LATITUDE: 38 30 N
LONGITUDE: 122 49 W
TEMPERATURE IN F: :PCPN: SNOW: WIND :SUNSHINE: SKY :PK WND
================================================================================
1 2 3 4 5 6A 6B 7 8 9 10 11 12 13 14 15 16 17 18
12Z AVG MX 2MIN
DY MAX MIN AVG DEP HDD CDD WTR SNW DPTH SPD SPD DIR MIN PSBL S-S WX SPD DR
================================================================================
1 63 41 52 5 13 0 0.00 M M 3.4 8 250 M M 3 12 12 260
2 55 40 48 1 17 0 0.99 M M 4.1 16 130 M M 8 128 22 140
3 58 40 49 2 16 0 0.15 M M 5.2 18 320 M M 6 12 24 330
4 65 38 52 5 13 0 T M M 1.9 10 300 M M 3 1 15 290
5 66 40 53 6 12 0 0.00 M M 2.8 9 340 M M 2 12 12 350
6 53 37 45 -2 20 0 0.23 M M 5.4 18 360 M M 6 12 27 310
7 56 31 44 -3 21 0 0.00 M M 7.5 18 330 M M 0 23 320
8 57 32 45 -2 20 0 0.00 M M 2.0 8 20 M M 7 10 10
9 M M M M M M 0.12 M M 8.4 22 310 M M 6 18 31 290
10 M M M M M M T M M 9.2 22 320 M M 6 31 290
11 57 31 44 -3 21 0 0.00 M M 4.0 22 310 M M 1 33 310
12 53 36 45 -2 20 0 0.01 M M 2.0 6 120 M M 6 1 8 260
13 57 46 52 5 13 0 1.03 M M 5.8 14 180 M M 10 1 26 200
14 60 40 50 2 15 0 0.00 M M 2.2 9 270 M M 5 12 13 250
15 58 40 49 1 16 0 0.00 M M 1.8 7 200 M M 7 128 9 340
16 54 39 47 -1 18 0 0.42 M M 1.9 8 160 M M 10 128 10 160
17 60 47 54 6 11 0 0.00 M M 2.3 8 260 M M 7 12 11 270
18 60 45 53 5 12 0 0.00 M M 3.1 8 190 M M 6 12 11 160
19 54 44 49 1 16 0 0.57 M M 2.7 14 140 M M 6 18 19 150
20 59 51 55 7 10 0 0.42 M M 7.1 15 190 M M 10 18 25 230
21 56 52 54 6 11 0 2.43 M M 9.0 15 180 M M 10 1 24 190
22 63 47 55 7 10 0 0.26 M M 2.3 13 170 M M 8 12 18 160
23 62 44 53 5 12 0 0.14 M M 3.1 12 230 M M 8 12 16 230
24 56 48 52 4 13 0 0.37 M M 4.7 16 150 M M 10 12 22 150
25 62 41 52 4 13 0 T M M 2.0 10 250 M M 7 12 14 270
26 60 50 55 7 10 0 0.00 M M 1.2 5 290 M M 8 7 70
27 66 46 56 8 9 0 0.00 M M 2.0 8 100 M M 5 12 10 190
28 69 48 59 10 6 0 0.00 M M 2.5 9 340 M M 3 1 10 340
29 73 48 61 12 4 0 0.00 M M 2.3 8 130 M M 5 12 11 160
30 68 45 57 8 8 0 0.02 M M 3.6 15 210 M M 3 1 24 220
31 59 51 55 6 10 0 2.41 M M 10.4 23 130 M M 10 1 36 140
================================================================================
SM 1739 1238 390 0 9.57 M 125.9 M 192
================================================================================
AV 60.0 42.7 4.1 FASTST M M 6 MAX(MPH)
MISC ----> 23 130 36 140
================================================================================
NOTES:
# LAST OF SEVERAL OCCURRENCES
COLUMN 17 PEAK WIND IN M.P.H.
PRELIMINARY LOCAL CLIMATOLOGICAL DATA (WS FORM: F-6) , PAGE 2
STATION: SANTA ROSA AIRPORT
MONTH: JANUARY
YEAR: 2024
LATITUDE: 38 30 N
LONGITUDE: 122 49 W
[TEMPERATURE DATA] [PRECIPITATION DATA] SYMBOLS USED IN COLUMN 16
AVERAGE MONTHLY: 51.3 TOTAL FOR MONTH: 9.57 1 = FOG OR MIST
DPTR FM NORMAL: 3.6 DPTR FM NORMAL: 2.90 2 = FOG REDUCING VISIBILITY
HIGHEST: 73 ON 29 GRTST 24HR 2.43 ON 21-21 TO 1/4 MILE OR LESS
LOWEST: 31 ON 11, 7 3 = THUNDER
SNOW, ICE PELLETS, HAIL 4 = ICE PELLETS
TOTAL MONTH: M 5 = HAIL
GRTST 24HR M ON M 6 = FREEZING RAIN OR DRIZZLE
GRTST DEPTH: M ON M 7 = DUSTSTORM OR SANDSTORM:
VSBY 1/2 MILE OR LESS
8 = SMOKE OR HAZE
[NO. OF DAYS WITH] [WEATHER - DAYS WITH] 9 = BLOWING SNOW
X = TORNADO
MAX 32 OR BELOW: 0 0.01 INCH OR MORE: 15
MAX 90 OR ABOVE: 0 0.10 INCH OR MORE: 13
MIN 32 OR BELOW: 3 0.50 INCH OR MORE: 5
MIN 0 OR BELOW: 0 1.00 INCH OR MORE: 3
[HDD (BASE 65) ]
TOTAL THIS MO. 390 CLEAR (SCALE 0-3) 6
DPTR FM NORMAL -146 PTCLDY (SCALE 4-7) 18
TOTAL FM JUL 1 1256 CLOUDY (SCALE 8-10) 7
DPTR FM NORMAL -407
[CDD (BASE 65) ]
TOTAL THIS MO. 0
DPTR FM NORMAL 0 [PRESSURE DATA]
TOTAL FM JAN 1 0 HIGHEST SLP M ON M
DPTR FM NORMAL 0 LOWEST SLP 29.55 ON 31
[REMARKS]
#FINAL-01-24#