813
CXUS56 KMTR 110851
CF6STS
PRELIMINARY LOCAL CLIMATOLOGICAL DATA (WS FORM: F-6)
STATION: SANTA ROSA AIRPORT
MONTH: FEBRUARY
YEAR: 2021
LATITUDE: 38 30 N
LONGITUDE: 122 49 W
TEMPERATURE IN F: :PCPN: SNOW: WIND :SUNSHINE: SKY :PK WND
================================================================================
1 2 3 4 5 6A 6B 7 8 9 10 11 12 13 14 15 16 17 18
12Z AVG MX 2MIN
DY MAX MIN AVG DEP HDD CDD WTR SNW DPTH SPD SPD DIR MIN PSBL S-S WX SPD DR
================================================================================
1 59 41 50 2 15 0 0.41 M M 7.3 22 170 M M 6 1 29 180
2 58 38 48 0 17 0 0.18 M M 4.7 14 240 M M 6 12 20 240
3 53 31 42 -6 23 0 T M M 3.5 13 340 M M 7 12 16 250
4 62 33 48 0 17 0 0.00 M M 2.8 12 360 M M 0 14 350
5 66 31 49 1 16 0 0.00 M M 2.3 9 190 M M 2 12 10 190
6 70 32 51 2 14 0 0.00 M M 3.0 10 180 M M 0 12 13 170
7 68 32 50 1 15 0 0.00 M M 2.5 9 150 M M 3 12 11 160
8 61 31 46 -3 19 0 0.00 M M 2.8 14 260 M M 7 12 18 260
9 61 44 53 4 12 0 T M M 2.6 9 140 M M 7 8 12 150
10 64 36 50 1 15 0 0.00 M M 2.9 10 180 M M 3 128 12 180
11 52 41 47 -2 18 0 0.63 M M 3.6 16 320 M M 9 12 21 310
12 61 39 50 1 15 0 T M M 5.3 14 270 M M 4 1 17 270
13 62 44 53 3 12 0 0.11 M M 10.6 28 330 M M 5 12 34 330
14 56 44 50 0 15 0 0.08 M M 4.6 20 310 M M 9 1 24 310
15 63 44 54 4 11 0 0.03 M M 6.9 18 330 M M 7 1 22 330
16 63 37 50 0 15 0 0.00 M M 5.2 14 350 M M 2 16 290
17 67 33 50 0 15 0 0.00 M M 4.0 17 40 M M 2 23 40
18 63 34 49 -1 16 0 0.08 M M 3.1 10 230 M M 6 1 14 240
19 61 46 54 4 11 0 0.09 M M 5.8 17 270 M M 7 1 23 260
20 62 40 51 0 14 0 0.16 M M 8.7 20 350 M M 4 1 25 320
21 69 35 52 1 13 0 0.00 M M 4.8 15 350 M M 1 19 350
22 73 38 56 5 9 0 0.00 M M 3.4 10 180 M M 2 13 170
23 80 40 60 9 5 0 0.00 M M 6.8 24 10 M M 1 33 10
24 73 38 56 5 9 0 0.00 M M 11.4 23 50 M M 0 33 60
25 68 34 51 0 14 0 0.00 M M 5.1 29 20 M M 1 34 30
26 65 36 51 0 14 0 0.00 M M 11.6 28 330 M M 0 33 340
27 64 43 54 2 11 0 0.00 M M 10.9 21 330 M M 0 27 340
28 69 38 54 2 11 0 0.00 M M 5.8 15 360 M M 1 19 360
================================================================================
SM 1793 1053 391 0 1.77 M 152.0 M 102
================================================================================
AV 64.0 37.6 5.4 FASTST M M 4 MAX(MPH)
MISC ----> 29 20 # 34 330
================================================================================
NOTES:
# LAST OF SEVERAL OCCURRENCES
COLUMN 17 PEAK WIND IN M.P.H.
PRELIMINARY LOCAL CLIMATOLOGICAL DATA (WS FORM: F-6) , PAGE 2
STATION: SANTA ROSA AIRPORT
MONTH: FEBRUARY
YEAR: 2021
LATITUDE: 38 30 N
LONGITUDE: 122 49 W
[TEMPERATURE DATA] [PRECIPITATION DATA] SYMBOLS USED IN COLUMN 16
AVERAGE MONTHLY: 50.8 TOTAL FOR MONTH: 1.77 1 = FOG OR MIST
DPTR FM NORMAL: 1.0 DPTR FM NORMAL: -4.63 2 = FOG REDUCING VISIBILITY
HIGHEST: 80 ON 23 GRTST 24HR 0.63 ON 11-11 TO 1/4 MILE OR LESS
LOWEST: 31 ON 8, 5 3 = THUNDER
SNOW, ICE PELLETS, HAIL 4 = ICE PELLETS
TOTAL MONTH: M 5 = HAIL
GRTST 24HR M ON M 6 = FREEZING RAIN OR DRIZZLE
GRTST DEPTH: M ON M 7 = DUSTSTORM OR SANDSTORM:
VSBY 1/2 MILE OR LESS
8 = SMOKE OR HAZE
[NO. OF DAYS WITH] [WEATHER - DAYS WITH] 9 = BLOWING SNOW
X = TORNADO
MAX 32 OR BELOW: 0 0.01 INCH OR MORE: 9
MAX 90 OR ABOVE: 0 0.10 INCH OR MORE: 5
MIN 32 OR BELOW: 5 0.50 INCH OR MORE: 1
MIN 0 OR BELOW: 0 1.00 INCH OR MORE: 0
[HDD (BASE 65) ]
TOTAL THIS MO. 391 CLEAR (SCALE 0-3) 14
DPTR FM NORMAL -35 PTCLDY (SCALE 4-7) 12
TOTAL FM JUL 1 1883 CLOUDY (SCALE 8-10) 2
DPTR FM NORMAL -298
[CDD (BASE 65) ]
TOTAL THIS MO. 0
DPTR FM NORMAL 0 [PRESSURE DATA]
TOTAL FM JAN 1 0 HIGHEST SLP 30.48 ON 21
DPTR FM NORMAL 0 LOWEST SLP 29.87 ON 11
[REMARKS]
#FINAL-02-21#