000
CXUS56 KMTR 010845
CF6STS
PRELIMINARY LOCAL CLIMATOLOGICAL DATA (WS FORM: F-6)
STATION: SANTA ROSA AIRPORT
MONTH: NOVEMBER
YEAR: 2020
LATITUDE: 38 30 N
LONGITUDE: 122 49 W
TEMPERATURE IN F: :PCPN: SNOW: WIND :SUNSHINE: SKY :PK WND
================================================================================
1 2 3 4 5 6A 6B 7 8 9 10 11 12 13 14 15 16 17 18
12Z AVG MX 2MIN
DY MAX MIN AVG DEP HDD CDD WTR SNW DPTH SPD SPD DIR MIN PSBL S-S WX SPD DR
================================================================================
1 85 39 62 5 3 0 0.00 M M 2.1 8 190 M M 1 11 180
2 86 38 62 6 3 0 0.00 M M 2.3 9 140 M M 0 13 260
3 74 38 56 0 9 0 0.00 M M 3.0 14 150 M M 3 12 16 140
4 80 46 63 7 2 0 0.00 M M 2.6 9 190 M M 4 12 12 190
5 85 43 64 8 1 0 0.00 M M 3.3 17 320 M M 2 12 24 330
6 63 39 51 -4 14 0 T M M 8.1 29 320 M M 3 39 320
7 64 37 51 -4 14 0 0.01 M M 4.9 21 320 M M 2 25 330
8 60 37 49 -6 16 0 T M M 10.0 24 40 M M 3 31 10
9 60 27 44 -10 21 0 0.00 M M 4.2 8 260 M M 2 12 220
10 68 28 48 -6 17 0 0.00 M M 4.0 14 260 M M 3 18 260
11 62 38 50 -4 15 0 0.00 M M 2.9 9 250 M M 7 1 12 240
12 65 29 47 -6 18 0 0.00 M M 3.5 9 190 M M 1 12 13 190
13 57 40 49 -4 16 0 0.32 M M 3.5 16 170 M M 7 128 20 170
14 64 34 49 -4 16 0 0.00 M M 3.3 9 270 M M 3 12 12 280
15 68 34 51 -1 14 0 0.00 M M 1.5 12 330 M M 2 1 12 330
16 71 42 57 5 8 0 0.00 M M 2.5 8 270 M M 5 12 10 180
17 57 42 50 -2 15 0 0.70 M M 6.7 16 180 M M 7 1 23 180
18 62 44 53 1 12 0 0.41 M M 5.9 17 250 M M 6 12 21 240
19 65 38 52 1 13 0 0.00 M M 2.2 12 230 M M 6 12 15 230
20 67 35 51 0 14 0 0.00 M M 3.6 8 360 M M 1 1 10 360
21 64 31 48 -3 17 0 0.00 M M 2.0 9 340 M M 1 9 340
22 61 31 46 -4 19 0 0.00 M M 1.8 8 180 M M 5 12 14 160
23 66 35 51 1 14 0 0.00 M M 2.3 10 340 M M 2 12 14 350
24 66 35 51 1 14 0 0.00 M M 3.6 12 190 M M 0 1 13 180
25 63 35 49 -1 16 0 0.00 M M 8.3 23 330 M M 3 12 29 350
26 67 41 54 5 11 0 0.00 M M 10.2 18 30 M M 0 24 30
27 67 30 49 0 16 0 0.00 M M 2.1 10 250 M M 0 12 260
28 66 28 47 -2 18 0 0.00 M M 1.3 6 290 M M 0 7 270
29 67 28 48 0 17 0 0.00 M M 2.5 7 320 M M 1 9 270
30 66 28 47 -1 18 0 0.00 M M 1.8 7 290 M M 0 8 200
================================================================================
SM 2016 1070 401 0 1.44 M 116.0 M 80
================================================================================
AV 67.2 35.7 3.9 FASTST M M 3 MAX(MPH)
MISC ----> 29 320 39 320
================================================================================
NOTES:
# LAST OF SEVERAL OCCURRENCES
COLUMN 17 PEAK WIND IN M.P.H.
PRELIMINARY LOCAL CLIMATOLOGICAL DATA (WS FORM: F-6) , PAGE 2
STATION: SANTA ROSA AIRPORT
MONTH: NOVEMBER
YEAR: 2020
LATITUDE: 38 30 N
LONGITUDE: 122 49 W
[TEMPERATURE DATA] [PRECIPITATION DATA] SYMBOLS USED IN COLUMN 16
AVERAGE MONTHLY: 51.4 TOTAL FOR MONTH: 1.44 1 = FOG OR MIST
DPTR FM NORMAL: -1.0 DPTR FM NORMAL: -3.25 2 = FOG REDUCING VISIBILITY
HIGHEST: 86 ON 2 GRTST 24HR 1.10 ON 17-18 TO 1/4 MILE OR LESS
LOWEST: 27 ON 9 3 = THUNDER
SNOW, ICE PELLETS, HAIL 4 = ICE PELLETS
TOTAL MONTH: M 5 = HAIL
GRTST 24HR M ON M 6 = FREEZING RAIN OR DRIZZLE
GRTST DEPTH: M ON M 7 = DUSTSTORM OR SANDSTORM:
VSBY 1/2 MILE OR LESS
8 = SMOKE OR HAZE
[NO. OF DAYS WITH] [WEATHER - DAYS WITH] 9 = BLOWING SNOW
X = TORNADO
MAX 32 OR BELOW: 0 0.01 INCH OR MORE: 4
MAX 90 OR ABOVE: 0 0.10 INCH OR MORE: 3
MIN 32 OR BELOW: 9 0.50 INCH OR MORE: 1
MIN 0 OR BELOW: 0 1.00 INCH OR MORE: 0
[HDD (BASE 65) ]
TOTAL THIS MO. 401 CLEAR (SCALE 0-3) 20
DPTR FM NORMAL 21 PTCLDY (SCALE 4-7) 10
TOTAL FM JUL 1 483 CLOUDY (SCALE 8-10) 0
DPTR FM NORMAL -125
[CDD (BASE 65) ]
TOTAL THIS MO. 0
DPTR FM NORMAL 0 [PRESSURE DATA]
TOTAL FM JAN 1 729 HIGHEST SLP M ON M
DPTR FM NORMAL 357 LOWEST SLP 29.65 ON 6
[REMARKS]
#FINAL-11-20#