000
CXUS56 KMTR 142208
CF6STS
PRELIMINARY LOCAL CLIMATOLOGICAL DATA (WS FORM: F-6)
STATION: SANTA ROSA AIRPORT
MONTH: JULY
YEAR: 2020
LATITUDE: 38 30 N
LONGITUDE: 122 49 W
TEMPERATURE IN F: :PCPN: SNOW: WIND :SUNSHINE: SKY :PK WND
================================================================================
1 2 3 4 5 6A 6B 7 8 9 10 11 12 13 14 15 16 17 18
12Z AVG MX 2MIN
DY MAX MIN AVG DEP HDD CDD WTR SNW DPTH SPD SPD DIR MIN PSBL S-S WX SPD DR
================================================================================
1 81 51 66 -2 0 1 0.00 M M 6.2 17 180 M M 0 18 22 180
2 73 47 60 -8 5 0 0.00 M M 6.6 14 190 M M 2 1 20 190
3 77 53 65 -3 0 0 0.00 M M 4.7 14 180 M M 4 18 190
4 96 48 72 4 0 7 0.00 M M 3.3 13 160 M M 0 18 17 180
5 99 48 74 6 0 9 0.00 M M 6.6 21 340 M M 0 18 27 330
6 94 48 71 3 0 6 0.00 M M 6.8 21 340 M M 0 24 330
7 89 47 68 0 0 3 0.00 M M 4.6 14 160 M M 0 1 21 150
8 88 51 70 2 0 5 0.00 M M 5.5 17 190 M M 0 1 21 190
9 95 50 73 5 0 8 0.00 M M 5.5 21 330 M M 0 18 25 330
10 95 51 73 5 0 8 0.00 M M 5.6 14 140 M M 1 17 170
11 96 49 73 5 0 8 0.00 M M 5.1 15 160 M M 0 18 19 180
12 97 48 73 5 0 8 0.00 M M 4.5 15 150 M M 0 18 18 140
13 82 53 68 0 0 3 0.00 M M 5.7 16 190 M M 0 18 20 190
14 81 51 66 -2 0 1 0.00 M M 6.0 16 170 M M 1 18 20 170
15 80 54 67 -1 0 2 0.00 M M 5.8 17 180 M M 5 8 21 170
16 75 53 64 -4 1 0 0.00 M M 6.2 16 170 M M 5 20 200
17 76 51 64 -4 1 0 0.00 M M 6.1 16 180 M M 5 20 180
18 85 55 70 2 0 5 0.00 M M 6.3 16 170 M M 4 19 160
19 76 55 66 -2 0 1 0.00 M M 7.2 16 180 M M 5 1 25 190
20 75 54 65 -2 0 0 0.00 M M 6.1 15 150 M M 5 1 18 130
21 77 55 66 -1 0 1 T M M 5.4 15 160 M M 7 1 20 150
22 73 54 64 -3 1 0 T M M 5.7 14 180 M M 6 1 19 160
23 77 53 65 -2 0 0 0.00 M M 5.0 16 180 M M 4 1 19 190
24 79 52 66 -1 0 1 0.00 M M 6.2 16 140 M M 3 18 20 180
25 82 54 68 1 0 3 T M M 5.6 15 180 M M 4 19 180
26 78 53 66 -1 0 1 T M M 6.3 15 150 M M 5 18 160
27 79 52 66 -1 0 1 T M M 6.6 15 150 M M 4 19 160
28 80 54 67 0 0 2 0.00 M M 6.5 16 140 M M 5 1 19 150
29 82 52 67 0 0 2 0.00 M M 6.4 15 170 M M 5 1 19 160
30 80 54 67 0 0 2 T M M 5.8 14 140 M M 5 1 17 140
31 86 54 70 3 0 5 0.00 M M 4.5 15 150 M M 4 1 18 140
================================================================================
SM 2583 1604 8 93 T M 178.4 M 89
================================================================================
AV 83.3 51.7 5.8 FASTST M M 3 MAX(MPH)
MISC ----> # 21 340 27 330
================================================================================
NOTES:
# LAST OF SEVERAL OCCURRENCES
COLUMN 17 PEAK WIND IN M.P.H.
PRELIMINARY LOCAL CLIMATOLOGICAL DATA (WS FORM: F-6) , PAGE 2
STATION: SANTA ROSA AIRPORT
MONTH: JULY
YEAR: 2020
LATITUDE: 38 30 N
LONGITUDE: 122 49 W
[TEMPERATURE DATA] [PRECIPITATION DATA] SYMBOLS USED IN COLUMN 16
AVERAGE MONTHLY: 67.5 TOTAL FOR MONTH: T 1 = FOG OR MIST
DPTR FM NORMAL: 0.0 DPTR FM NORMAL: -0.01 2 = FOG REDUCING VISIBILITY
HIGHEST: 99 ON 5 GRTST 24HR 0.03 ON 22-22 TO 1/4 MILE OR LESS
LOWEST: 47 ON 7, 2 3 = THUNDER
SNOW, ICE PELLETS, HAIL 4 = ICE PELLETS
TOTAL MONTH: M 5 = HAIL
GRTST 24HR M ON M 6 = FREEZING RAIN OR DRIZZLE
GRTST DEPTH: M ON M 7 = DUSTSTORM OR SANDSTORM:
VSBY 1/2 MILE OR LESS
8 = SMOKE OR HAZE
[NO. OF DAYS WITH] [WEATHER - DAYS WITH] 9 = BLOWING SNOW
X = TORNADO
MAX 32 OR BELOW: 0 0.01 INCH OR MORE: 0
MAX 90 OR ABOVE: 7 0.10 INCH OR MORE: 0
MIN 32 OR BELOW: 0 0.50 INCH OR MORE: 0
MIN 0 OR BELOW: 0 1.00 INCH OR MORE: 0
[HDD (BASE 65) ]
TOTAL THIS MO. 8 CLEAR (SCALE 0-3) 14
DPTR FM NORMAL -11 PTCLDY (SCALE 4-7) 17
TOTAL FM JUL 1 8 CLOUDY (SCALE 8-10) 0
DPTR FM NORMAL -21
[CDD (BASE 65) ]
TOTAL THIS MO. 93
DPTR FM NORMAL -3 [PRESSURE DATA]
TOTAL FM JAN 1 259 HIGHEST SLP 30.04 ON 31
DPTR FM NORMAL 69 LOWEST SLP 29.75 ON 1
[REMARKS]
#FINAL-07-20#