000
CXUS56 KMTR 020218
CF6STS
PRELIMINARY LOCAL CLIMATOLOGICAL DATA (WS FORM: F-6)
STATION: SANTA ROSA AIRPORT
MONTH: MAY
YEAR: 2020
LATITUDE: 38 30 N
LONGITUDE: 122 49 W
TEMPERATURE IN F: :PCPN: SNOW: WIND :SUNSHINE: SKY :PK WND
================================================================================
1 2 3 4 5 6A 6B 7 8 9 10 11 12 13 14 15 16 17 18
12Z AVG MX 2MIN
DY MAX MIN AVG DEP HDD CDD WTR SNW DPTH SPD SPD DIR MIN PSBL S-S WX SPD DR
================================================================================
1 78 40 59 1 6 0 0.00 M M 5.6 15 220 M M 0 20 220
2 66 45 56 -2 9 0 T M M 5.3 15 260 M M 7 18 20 250
3 74 38 56 -2 9 0 0.00 M M 4.1 16 330 M M 0 1 21 320
4 80 37 59 1 6 0 0.00 M M 5.0 14 220 M M 1 18 240
5 79 38 59 0 6 0 0.00 M M 6.2 15 300 M M 0 22 220
6 88 53 71 12 0 6 0.00 0.0 M 7.9 17 320 M M 0 22 330
7 91 44 68 9 0 3 0.00 M M 5.0 13 180 M M 1 16 170
8 92 45 69 10 0 4 0.00 M M 4.5 14 190 M M 1 1 16 180
9 76 47 62 3 3 0 0.00 M M 6.1 16 140 M M 6 12 20 140
10 69 50 60 0 5 0 0.00 M M 4.5 18 190 M M 7 1 22 180
11 61 49 55 -5 10 0 0.47 M M 5.2 13 200 M M 9 1 19 190
12 64 50 57 -3 8 0 0.03 M M 8.2 17 220 M M 8 1 23 250
13 59 45 52 -8 13 0 0.09 M M 2.5 14 230 M M 7 12 18 230
14 68 49 59 -1 6 0 0.03 M M 2.4 13 190 M M 9 12 15 190
15 78 48 63 3 2 0 0.00 M M 3.6 15 240 M M 4 12 18 240
16 72 50 61 1 4 0 0.25 M M 6.0 16 250 M M 6 1 20 220
17 69 55 62 1 3 0 0.15 0.0 M 7.9 17 190 M M 9 1 24 220
18 66 48 57 -4 8 0 0.12 0.0 M 7.3 18 250 M M 6 1 25 250
19 72 43 58 -3 7 0 T M M 4.1 16 300 M M 3 12 22 260
20 76 45 61 0 4 0 0.00 M M 4.5 14 230 M M 1 1 20 230
21 80 46 63 2 2 0 0.00 M M 5.0 18 320 M M 0 1 24 320
22 77 43 60 -1 5 0 0.00 M M 5.3 15 340 M M 1 20 360
23 82 44 63 1 2 0 T M M 5.4 13 150 M M 0 18 250
24 89 48 69 7 0 4 0.00 0.0 M 3.7 14 180 M M 0 1 18 190
25 94 52 73 11 0 8 0.00 0.0 M 4.0 14 190 M M 0 19 180
26 97 55 76 14 0 11 0.00 M M 3.2 13 180 M M 0 8 17 180
27 95 53 74 12 0 9 0.00 M M 5.4 14 140 M M 0 18 160
28 84 50 67 5 0 2 0.00 M M 6.7 15 140 M M 3 12 19 170
29 69 52 61 -2 4 0 0.03 M M 5.3 16 240 M M 9 1 22 250
30 72 55 64 1 1 0 0.03 M M 4.7 16 250 M M 7 13 23 240
31 71 53 62 -1 3 0 0.00 M M 4.1 13 170 M M 6 17 160
================================================================================
SM 2388 1470 126 47 1.20 0.0 158.7 M 111
================================================================================
AV 77.0 47.4 5.1 FASTST M M 4 MAX(MPH)
MISC ----> # 18 190 25 250
================================================================================
NOTES:
# LAST OF SEVERAL OCCURRENCES
COLUMN 17 PEAK WIND IN M.P.H.
PRELIMINARY LOCAL CLIMATOLOGICAL DATA (WS FORM: F-6) , PAGE 2
STATION: SANTA ROSA AIRPORT
MONTH: MAY
YEAR: 2020
LATITUDE: 38 30 N
LONGITUDE: 122 49 W
[TEMPERATURE DATA] [PRECIPITATION DATA] SYMBOLS USED IN COLUMN 16
AVERAGE MONTHLY: 62.2 TOTAL FOR MONTH: 1.20 1 = FOG OR MIST
DPTR FM NORMAL: 1.8 DPTR FM NORMAL: -0.13 2 = FOG REDUCING VISIBILITY
HIGHEST: 97 ON 26 GRTST 24HR 0.50 ON 11-12 TO 1/4 MILE OR LESS
LOWEST: 37 ON 4 3 = THUNDER
SNOW, ICE PELLETS, HAIL 4 = ICE PELLETS
TOTAL MONTH: 0.0 INCH 5 = HAIL
GRTST 24HR 0.0 6 = FREEZING RAIN OR DRIZZLE
GRTST DEPTH: M ON M 7 = DUSTSTORM OR SANDSTORM:
VSBY 1/2 MILE OR LESS
8 = SMOKE OR HAZE
[NO. OF DAYS WITH] [WEATHER - DAYS WITH] 9 = BLOWING SNOW
X = TORNADO
MAX 32 OR BELOW: 0 0.01 INCH OR MORE: 9
MAX 90 OR ABOVE: 5 0.10 INCH OR MORE: 4
MIN 32 OR BELOW: 0 0.50 INCH OR MORE: 0
MIN 0 OR BELOW: 0 1.00 INCH OR MORE: 0
[HDD (BASE 65) ]
TOTAL THIS MO. 126 CLEAR (SCALE 0-3) 17
DPTR FM NORMAL -35 PTCLDY (SCALE 4-7) 10
TOTAL FM JUL 1 2589 CLOUDY (SCALE 8-10) 4
DPTR FM NORMAL -417
[CDD (BASE 65) ]
TOTAL THIS MO. 47
DPTR FM NORMAL 27 [PRESSURE DATA]
TOTAL FM JAN 1 66 HIGHEST SLP 30.20 ON 6
DPTR FM NORMAL 41 LOWEST SLP 29.76 ON 18
[REMARKS]
#FINAL-05-20#