000
CXUS53 KGRB 010910
CF6SUE
PRELIMINARY LOCAL CLIMATOLOGICAL DATA (WS FORM: F-6)
STATION: STURGEON BAY WI
MONTH: NOVEMBER
YEAR: 2022
LATITUDE: 44 55 N
LONGITUDE: 87 25 W
TEMPERATURE IN F: :PCPN: SNOW: WIND :SUNSHINE: SKY :PK WND
================================================================================
1 2 3 4 5 6A 6B 7 8 9 10 11 12 13 14 15 16 17 18
12Z AVG MX 2MIN
DY MAX MIN AVG DEP HDD CDD WTR SNW DPTH SPD SPD DIR MIN PSBL S-S WX SPD DR
================================================================================
1 70 43 57 M 8 0 M M M 6.7 10 220 M M 0 M M
2 65 49 57 M 8 0 M M M 11.6 18 190 M M 0 1 24 190
3 63 50 57 M 8 0 M M M 12.3 17 190 M M 2 1 23 180
4 68 44 56 M 9 0 0.61 M M 12.3 18 10 M M 7 1 27 10
5 57 42 50 M 15 0 0.49 M M 15.8 39 220 M M 10 1 46 240
6 55 40 48 M 17 0 0.02 M M 14.8 23 270 M M 1 39 260
7 45 36 41 M 24 0 M M M 11.4 24 260 M M 0 38 290
8 46 38 42 M 23 0 M M M 8.0 17 160 M M 1 23 160
9 56 46 51 M 14 0 0.02 M M 14.3 21 190 M M 6 30 190
10 72 54 63 M 2 0 0.17 M M 10.2 18 260 M M 6 23 240
11 57 32 45 M 20 0 0.07 M M 14.5 18 320 M M 9 26 280
12 35 30 33 M 32 0 T M M 16.0 21 10 M M 10 26 350
13 34 27 31 M 34 0 T M M 9.8 17 340 M M 9 22 340
14 37 25 31 M 34 0 0.01 M M 3.4 7 130 M M 6 M M
15 37 32 35 M 30 0 0.02 M M 7.2 14 120 M M 10 1 18 110
16 33 29 31 M 34 0 T M M 10.5 16 40 M M 10 1 20 340
17 30 25 28 M 37 0 T M M 10.4 16 280 M M 10 1 22 270
18 29 18 24 M 41 0 T M M 14.4 22 270 M M 10 28 270
19 24 16 20 M 45 0 T M M 17.0 24 300 M M 9 1 33 310
20 28 13 21 M 44 0 T M M 12.7 21 300 M M 2 28 300
21 35 24 30 M 35 0 M M M 11.3 17 350 M M 3 24 270
22 35 22 29 M 36 0 M M M 5.9 13 270 M M 6 M M
23 46 21 34 M 31 0 M M M 3.2 7 210 M M 0 1 M M
24 51 35 43 M 22 0 T M M 8.0 15 300 M M 5 1 22 320
25 44 32 38 M 27 0 M M M 9.4 14 230 M M 0 M M
26 54 39 47 M 18 0 1.00 M M 15.1 21 230 M M 0 30 220
27 43 35 39 M 26 0 M M M 13.4 20 20 M M 7 30 10
28 41 24 33 M 32 0 M M M 7.4 16 180 M M 4 22 180
29 48 36 42 M 23 0 0.13 M M 14.9 24 190 M M 9 1 38 180
30 36 19 28 M 37 0 T M M 22.0 30 270 M M 10 38 280
================================================================================
SM 1374 976 766 0 2.54 M 343.9 M 162
================================================================================
AV 45.8 32.5 11.5 FASTST M M 5 MAX(MPH)
MISC ----> 39 220 46 240
================================================================================
NOTES:
# LAST OF SEVERAL OCCURRENCES
COLUMN 17 PEAK WIND IN M.P.H.
PRELIMINARY LOCAL CLIMATOLOGICAL DATA (WS FORM: F-6) , PAGE 2
STATION: STURGEON BAY WI
MONTH: NOVEMBER
YEAR: 2022
LATITUDE: 44 55 N
LONGITUDE: 87 25 W
[TEMPERATURE DATA] [PRECIPITATION DATA] SYMBOLS USED IN COLUMN 16
AVERAGE MONTHLY: 39.2 TOTAL FOR MONTH: 2.54 1 = FOG OR MIST
DPTR FM NORMAL: 0.0 DPTR FM NORMAL: M 2 = FOG REDUCING VISIBILITY
HIGHEST: 72 ON 10 GRTST 24HR 1.00 ON 26-26 TO 1/4 MILE OR LESS
LOWEST: 13 ON 20 3 = THUNDER
SNOW, ICE PELLETS, HAIL 4 = ICE PELLETS
TOTAL MONTH: M 5 = HAIL
GRTST 24HR M ON M 6 = FREEZING RAIN OR DRIZZLE
GRTST DEPTH: M ON M 7 = DUSTSTORM OR SANDSTORM:
VSBY 1/2 MILE OR LESS
8 = SMOKE OR HAZE
[NO. OF DAYS WITH] [WEATHER - DAYS WITH] 9 = BLOWING SNOW
X = TORNADO
MAX 32 OR BELOW: 4 0.01 INCH OR MORE: 10
MAX 90 OR ABOVE: 0 0.10 INCH OR MORE: 5
MIN 32 OR BELOW: 16 0.50 INCH OR MORE: 2
MIN 0 OR BELOW: 0 1.00 INCH OR MORE: 1
[HDD (BASE 65) ]
TOTAL THIS MO. 766 CLEAR (SCALE 0-3) 10
DPTR FM NORMAL M PTCLDY (SCALE 4-7) 9
TOTAL FM JUL 1 1404 CLOUDY (SCALE 8-10) 11
DPTR FM NORMAL M
[CDD (BASE 65) ]
TOTAL THIS MO. 0
DPTR FM NORMAL M [PRESSURE DATA]
TOTAL FM JAN 1 455 HIGHEST SLP M ON M
DPTR FM NORMAL 455 LOWEST SLP M ON M
[REMARKS]
#FINAL-11-22#