000
CXUS53 KLSX 011400
CF6SUS
PRELIMINARY LOCAL CLIMATOLOGICAL DATA (WS FORM: F-6)
STATION: SPIRIT OF ST LOUIS MO
MONTH: AUGUST
YEAR: 2022
LATITUDE: 38 39 N
LONGITUDE: 90 38 W
TEMPERATURE IN F: :PCPN: SNOW: WIND :SUNSHINE: SKY :PK WND
================================================================================
1 2 3 4 5 6A 6B 7 8 9 10 11 12 13 14 15 16 17 18
12Z AVG MX 2MIN
DY MAX MIN AVG DEP HDD CDD WTR SNW DPTH SPD SPD DIR MIN PSBL S-S WX SPD DR
================================================================================
1 95 75 85 6 0 20 0.00 0.0 0 6.0 14 290 M M 2 18 250
2 87 76 82 3 0 17 0.00 0.0 0 7.1 21 110 M M 1 29 160
3 97 71 84 5 0 19 2.39 0.0 0 7.8 30 250 M M 2 138 42 270
4 89 73 81 2 0 16 1.32 0.0 0 4.6 30 340 M M 6 138 41 330
5 88 72 80 2 0 15 0.00 0.0 0 3.8 12 90 M M 3 18 16 100
6 93 74 84 6 0 19 0.00 0.0 0 5.3 13 200 M M 1 1 20 210
7 94 76 85 7 0 20 0.00 0.0 0 5.1 13 250 M M 1 18 230
8 94 75 85 7 0 20 T 0.0 0 5.3 14 240 M M 3 20 250
9 80 67 74 -4 0 9 0.05 0.0 0 4.8 21 280 M M 7 13 28 270
10 83 63 73 -5 0 8 0.00 0.0 0 3.4 10 40 M M 4 12 17 30
11 86 59 73 -5 0 8 0.00 0.0 0 2.6 9 20 M M 1 1 13 360
12 83 63 73 -5 0 8 0.00 0.0 0 5.9 15 70 M M 1 18 70
13 87 60 74 -4 0 9 0.00 0.0 0 4.0 12 180 M M 0 16 180
14 84 67 76 -2 0 11 0.00 0.0 0 6.9 14 330 M M 3 8 21 350
15 80 66 73 -4 0 8 T 0.0 0 5.0 13 40 M M 6 17 50
16 76 64 70 -7 0 5 0.66 0.0 0 2.3 9 350 M M 7 12 12 10
17 83 60 72 -5 0 7 0.00 0.0 0 3.5 15 60 M M 3 12 20 60
18 84 59 72 -5 0 7 0.00 0.0 0 1.2 7 310 M M 2 1 11 290
19 86 59 73 -4 0 8 0.00 0.0 0 4.2 10 190 M M 1 1 17 200
20 88 69 79 3 0 14 0.00 0.0 0 6.1 15 200 M M 3 22 190
21 81 62 72 -4 0 7 0.00 0.0 0 5.8 16 20 M M 2 1 24 320
22 84 61 73 -3 0 8 0.00 0.0 0 1.8 9 300 M M 1 1 12 10
23 85 61 73 -3 0 8 0.00 0.0 0 2.0 12 60 M M 3 12 15 40
24 87 59 73 -3 0 8 0.00 0.0 0 0.9 7 60 M M 2 12 11 20
25 89 61 75 -1 0 10 T 0.0 0 3.5 14 350 M M 1 13 19 330
26 89 65 77 2 0 12 0.00 0.0 0 2.7 12 300 M M 1 18 18 10
27 89 63 76 1 0 11 0.00 0.0 0 3.0 9 110 M M 3 12 16 190
28 91 67 79 4 0 14 0.09 0.0 0 3.8 17 280 M M 2 138 22 200
29 93 69 81 7 0 16 0.00 0.0 0 7.0 15 230 M M 2 23 200
30 88 60 74 0 0 9 0.00 0.0 0 4.2 17 310 M M 1 1 22 310
31 85 55 70 -4 0 5 0.00 0.0 0 1.8 8 310 M M 0 1 13 310
================================================================================
SM 2698 2031 0 356 4.51 0.0 131.4 M 75
================================================================================
AV 87.0 65.5 4.2 FASTST M M 2 MAX(MPH)
MISC ----> # 30 250 42 270
================================================================================
NOTES:
# LAST OF SEVERAL OCCURRENCES
COLUMN 17 PEAK WIND IN M.P.H.
PRELIMINARY LOCAL CLIMATOLOGICAL DATA (WS FORM: F-6) , PAGE 2
STATION: SPIRIT OF ST LOUIS MO
MONTH: AUGUST
YEAR: 2022
LATITUDE: 38 39 N
LONGITUDE: 90 38 W
[TEMPERATURE DATA] [PRECIPITATION DATA] SYMBOLS USED IN COLUMN 16
AVERAGE MONTHLY: 76.3 TOTAL FOR MONTH: 4.51 1 = FOG OR MIST
DPTR FM NORMAL: -0.6 DPTR FM NORMAL: 1.07 2 = FOG REDUCING VISIBILITY
HIGHEST: 97 ON 3 GRTST 24HR 3.62 ON 3- 4 TO 1/4 MILE OR LESS
LOWEST: 55 ON 31 3 = THUNDER
SNOW, ICE PELLETS, HAIL 4 = ICE PELLETS
TOTAL MONTH: 0.0 INCH 5 = HAIL
GRTST 24HR 0.0 6 = FREEZING RAIN OR DRIZZLE
GRTST DEPTH: 0 7 = DUSTSTORM OR SANDSTORM:
VSBY 1/2 MILE OR LESS
8 = SMOKE OR HAZE
[NO. OF DAYS WITH] [WEATHER - DAYS WITH] 9 = BLOWING SNOW
X = TORNADO
MAX 32 OR BELOW: 0 0.01 INCH OR MORE: 5
MAX 90 OR ABOVE: 7 0.10 INCH OR MORE: 3
MIN 32 OR BELOW: 0 0.50 INCH OR MORE: 3
MIN 0 OR BELOW: 0 1.00 INCH OR MORE: 2
[HDD (BASE 65) ]
TOTAL THIS MO. 0 CLEAR (SCALE 0-3) 23
DPTR FM NORMAL -2 PTCLDY (SCALE 4-7) 8
TOTAL FM JUL 1 0 CLOUDY (SCALE 8-10) 0
DPTR FM NORMAL 0
[CDD (BASE 65) ]
TOTAL THIS MO. 356
DPTR FM NORMAL -14 [PRESSURE DATA]
TOTAL FM JAN 1 1343 HIGHEST SLP 30.18 ON 12
DPTR FM NORMAL 93 LOWEST SLP 29.77 ON 28
[REMARKS]
#FINAL-08-22#