000
CXUS54 KEPZ 011030
CF6SVC
PRELIMINARY LOCAL CLIMATOLOGICAL DATA (WS FORM: F-6)
STATION: SILVER CITY
MONTH: JUNE
YEAR: 2023
LATITUDE: 32 37 N
LONGITUDE: 108 10 W
TEMPERATURE IN F: :PCPN: SNOW: WIND :SUNSHINE: SKY :PK WND
================================================================================
1 2 3 4 5 6A 6B 7 8 9 10 11 12 13 14 15 16 17 18
12Z AVG MX 2MIN
DY MAX MIN AVG DEP HDD CDD WTR SNW DPTH SPD SPD DIR MIN PSBL S-S WX SPD DR
================================================================================
1 79 48 64 M 1 0 0.00 M M 9.3 16 260 M M 3 23 260
2 83 51 67 M 0 2 0.00 M M 8.7 14 270 M M 3 23 270
3 87 55 71 M 0 6 0.00 M M M M M M M M M M
4 87 52 70 M 0 5 0.00 M M 7.6 32 260 M M 4 43 260
5 89 55 72 M 0 7 0.00 M M 11.3 21 70 M M 1 8 28 140
6 89 59 74 M 0 9 0.00 M M 12.5 23 120 M M 1 30 130
7 85 50 68 M 0 3 0.00 M M 8.7 16 290 M M 0 23 270
8 87 53 70 M 0 5 0.00 M M 9.5 15 260 M M 0 23 260
9 78 56 67 M 0 2 0.00 M M 9.3 14 300 M M 0 22 290
10 88 50 69 M 0 4 0.00 M M 9.3 16 240 M M 0 26 230
11 88 55 72 M 0 7 0.00 M M 12.4 23 210 M M 0 33 210
12 83 48 66 M 0 1 0.00 M M 11.6 17 260 M M 0 29 250
13 85 49 67 M 0 2 0.00 M M 12.1 23 290 M M 0 32 280
14 90 53 72 M 0 7 0.00 M M 11.2 21 280 M M 0 27 280
15 90 54 72 M 0 7 0.00 M M 10.8 25 270 M M 0 36 270
16 90 53 72 M 0 7 0.00 M M 12.0 23 250 M M 0 41 250
17 93 53 73 M 0 8 0.00 M M 14.3 28 280 M M 0 36 280
18 94 54 74 M 0 9 0.00 M M 12.2 23 270 M M 0 31 270
19 93 63 78 M 0 13 0.00 M M 12.5 21 270 M M 0 31 250
20 94 66 80 M 0 15 0.00 M M 12.1 21 240 M M 0 30 240
21 94 60 77 M 0 12 0.00 M M 9.9 17 260 M M 0 33 270
22 97 64 81 M 0 16 0.00 M M 10.5 22 250 M M 0 31 250
23 96 64 80 M 0 15 0.00 M M 12.4 25 270 M M 0 33 250
24 98 55 77 M 0 12 0.00 M M 12.5 24 280 M M 0 36 260
25 100 60 80 M 0 15 0.00 M M 10.8 16 310 M M 0 29 270
26 102 64 83 M 0 18 0.00 M M 8.5 39 200 M M 0 58 200
27 100 69 85 M 0 20 0.00 M M 9.4 21 170 M M 1 30 170
28 97 64 81 M 0 16 0.00 M M 8.9 21 240 M M 2 3 30 240
29 97 66 82 M 0 17 0.00 M M 8.7 20 270 M M 2 27 270
30 94 61 78 M 0 13 0.00 M M 10.6 24 270 M M 0 28 270
================================================================================
SM 2727 1704 1 273 0.00 M 309.6 M 17
================================================================================
AV 90.9 56.8 10.7 FASTST M M 1 MAX(MPH)
MISC ----> 39 200 58 200
================================================================================
NOTES:
# LAST OF SEVERAL OCCURRENCES
COLUMN 17 PEAK WIND IN M.P.H.
PRELIMINARY LOCAL CLIMATOLOGICAL DATA (WS FORM: F-6) , PAGE 2
STATION: SILVER CITY
MONTH: JUNE
YEAR: 2023
LATITUDE: 32 37 N
LONGITUDE: 108 10 W
[TEMPERATURE DATA] [PRECIPITATION DATA] SYMBOLS USED IN COLUMN 16
AVERAGE MONTHLY: 73.9 TOTAL FOR MONTH: 0.00 1 = FOG OR MIST
DPTR FM NORMAL: 0.0 DPTR FM NORMAL: M 2 = FOG REDUCING VISIBILITY
HIGHEST: 102 ON 26 GRTST 24HR 0.00 ON 1- 1 TO 1/4 MILE OR LESS
LOWEST: 48 ON 12, 1 3 = THUNDER
SNOW, ICE PELLETS, HAIL 4 = ICE PELLETS
TOTAL MONTH: M 5 = HAIL
GRTST 24HR M ON M 6 = FREEZING RAIN OR DRIZZLE
GRTST DEPTH: M ON M 7 = DUSTSTORM OR SANDSTORM:
VSBY 1/2 MILE OR LESS
8 = SMOKE OR HAZE
[NO. OF DAYS WITH] [WEATHER - DAYS WITH] 9 = BLOWING SNOW
X = TORNADO
MAX 32 OR BELOW: 0 0.01 INCH OR MORE: 0
MAX 90 OR ABOVE: 17 0.10 INCH OR MORE: 0
MIN 32 OR BELOW: 0 0.50 INCH OR MORE: 0
MIN 0 OR BELOW: 0 1.00 INCH OR MORE: 0
[HDD (BASE 65) ]
TOTAL THIS MO. 1 CLEAR (SCALE 0-3) 27
DPTR FM NORMAL M PTCLDY (SCALE 4-7) 2
TOTAL FM JUL 1 3614 CLOUDY (SCALE 8-10) 1
DPTR FM NORMAL M
[CDD (BASE 65) ]
TOTAL THIS MO. 273
DPTR FM NORMAL M [PRESSURE DATA]
TOTAL FM JAN 1 344 HIGHEST SLP M ON M
DPTR FM NORMAL M LOWEST SLP M ON M
[REMARKS]
#FINAL-06-23#