000
CXUS54 KOUN 010810
CF6SWO
PRELIMINARY LOCAL CLIMATOLOGICAL DATA (WS FORM: F-6)
STATION: STILLWATER
MONTH: MAY
YEAR: 2022
LATITUDE: 36 10 N
LONGITUDE: 97 5 W
TEMPERATURE IN F: :PCPN: SNOW: WIND :SUNSHINE: SKY :PK WND
================================================================================
1 2 3 4 5 6A 6B 7 8 9 10 11 12 13 14 15 16 17 18
12Z AVG MX 2MIN
DY MAX MIN AVG DEP HDD CDD WTR SNW DPTH SPD SPD DIR MIN PSBL S-S WX SPD DR
================================================================================
1 79 47 63 -2 2 0 0.00 M M 7.7 17 130 M M 0 20 120
2 74 49 62 -3 3 0 1.42 M M 12.4 26 320 M M 8 13 41 330
3 65 47 56 -10 9 0 0.00 M M 9.5 21 340 M M 6 28 320
4 65 52 59 -7 6 0 1.66 0.0 0 9.2 25 330 M M 10 13 35 320
5 67 51 59 -7 6 0 0.87 M M 8.5 23 110 M M 8 13 28 120
6 76 51 64 -2 1 0 0.00 M M 6.4 13 320 M M 4 18 300
7 84 54 69 2 0 4 0.00 M M 13.6 25 150 M M 1 32 150
8 94 74 84 17 0 19 0.00 M M 19.8 29 200 M M 4 41 150
9 93 77 85 18 0 20 0.00 M M 20.2 30 170 M M 0 8 39 160
10 93 77 85 17 0 20 0.00 M M 16.4 26 200 M M 2 33 190
11 92 70 81 13 0 16 0.01 M M 13.5 22 150 M M 1 29 170
12 93 71 82 14 0 17 0.00 0.0 M 15.9 28 170 M M 0 34 170
13 87 71 79 10 0 14 0.02 0.0 M 10.9 21 140 M M 2 3 27 150
14 91 65 78 9 0 13 0.26 0.0 M 7.0 29 260 M M 1 13 40 260
15 93 63 78 9 0 13 T 0.0 M 9.7 26 40 M M 2 3 33 50
16 85 59 72 2 0 7 0.00 0.0 M 6.8 14 110 M M 0 17 110
17 88 65 77 7 0 12 0.16 0.0 M 14.5 25 170 M M 2 13 35 150
18 93 70 82 12 0 17 T 0.0 0 9.1 30 180 M M 1 38 35 180
19 92 66 79 8 0 14 0.08 M M 12.9 35 260 M M 1 3 52 250
20 82 69 76 5 0 11 0.00 M M 13.8 29 190 M M 5 35 180
21 70 50 60 -11 5 0 1.15 M M 14.5 28 40 M M 8 13 35 30
22 71 46 59 -13 6 0 0.00 M M 10.3 21 80 M M 0 27 90
23 60 51 56 -16 9 0 1.89 M M 7.8 21 60 M M 9 13 24 60
24 68 59 64 -8 1 0 1.71 M M 11.1 35 130 M M 8 13 39 130
25 60 54 57 -16 8 0 0.67 M M 8.4 15 260 M M 9 1 20 280
26 73 52 63 -10 2 0 0.04 M M 9.5 21 310 M M 6 1 30 320
27 86 49 68 -5 0 3 0.00 M M 6.6 15 160 M M 0 1 19 150
28 89 65 77 3 0 12 0.00 M M 17.3 32 160 M M 0 39 150
29 90 74 82 8 0 17 T M M 20.5 33 180 M M 0 43 160
30 89 73 81 7 0 16 0.00 M M 20.0 31 170 M M 3 40 160
31 88 77 83 9 0 18 T M M 14.7 30 180 M M 5 38 180
================================================================================
SM 2530 1898 58 263 9.94 0.0 378.5 M 106
================================================================================
AV 81.6 61.2 12.2 FASTST M M 3 MAX(MPH)
MISC ----> # 35 260 52 250
================================================================================
NOTES:
# LAST OF SEVERAL OCCURRENCES
COLUMN 17 PEAK WIND IN M.P.H.
PRELIMINARY LOCAL CLIMATOLOGICAL DATA (WS FORM: F-6) , PAGE 2
STATION: STILLWATER
MONTH: MAY
YEAR: 2022
LATITUDE: 36 10 N
LONGITUDE: 97 5 W
[TEMPERATURE DATA] [PRECIPITATION DATA] SYMBOLS USED IN COLUMN 16
AVERAGE MONTHLY: 71.4 TOTAL FOR MONTH: 9.94 1 = FOG OR MIST
DPTR FM NORMAL: 1.7 DPTR FM NORMAL: 5.36 2 = FOG REDUCING VISIBILITY
HIGHEST: 94 ON 8 GRTST 24HR 3.60 ON 23-24 TO 1/4 MILE OR LESS
LOWEST: 46 ON 22 3 = THUNDER
SNOW, ICE PELLETS, HAIL 4 = ICE PELLETS
TOTAL MONTH: 0.0 INCH 5 = HAIL
GRTST 24HR 0.0 6 = FREEZING RAIN OR DRIZZLE
GRTST DEPTH: 0 7 = DUSTSTORM OR SANDSTORM:
VSBY 1/2 MILE OR LESS
8 = SMOKE OR HAZE
[NO. OF DAYS WITH] [WEATHER - DAYS WITH] 9 = BLOWING SNOW
X = TORNADO
MAX 32 OR BELOW: 0 0.01 INCH OR MORE: 13
MAX 90 OR ABOVE: 10 0.10 INCH OR MORE: 9
MIN 32 OR BELOW: 0 0.50 INCH OR MORE: 7
MIN 0 OR BELOW: 0 1.00 INCH OR MORE: 5
[HDD (BASE 65) ]
TOTAL THIS MO. 58 CLEAR (SCALE 0-3) 18
DPTR FM NORMAL 17 PTCLDY (SCALE 4-7) 8
TOTAL FM JUL 1 3090 CLOUDY (SCALE 8-10) 5
DPTR FM NORMAL -356
[CDD (BASE 65) ]
TOTAL THIS MO. 263
DPTR FM NORMAL 77 [PRESSURE DATA]
TOTAL FM JAN 1 364 HIGHEST SLP M ON M
DPTR FM NORMAL 95 LOWEST SLP 29.29 ON 20
[REMARKS]
#FINAL-05-22#