000
CXUS51 KBGM 011553 CCA
CLMSYR
CLIMATE REPORT...CORRECTED
NATIONAL WEATHER SERVICE BINGHAMTON,NY
1153 AM EDT MON APR 01 2024
...................................
...THE SYRACUSE NY CLIMATE SUMMARY FOR THE MONTH OF MARCH 2024...
CLIMATE NORMAL PERIOD 1991 TO 2020
CLIMATE RECORD PERIOD 1902 TO 2024
WEATHER OBSERVED NORMAL DEPART LAST YEAR`S
VALUE DATE(S) VALUE FROM VALUE DATE(S)
NORMAL
................................................................
TEMPERATURE (F)
RECORD
HIGH 87 03/30/1986
LOW -16 03/04/1950
HIGHEST 72 03/13 43 29 60 03/22
LOWEST 10 03/24 25 -15 16 03/12
AVG. MAXIMUM 49.9 42.4 7.5 42.7
AVG. MINIMUM 32.1 25.2 6.9 27.3
MEAN 41.0 33.8 7.2 35.0
DAYS MAX >= 90 0 0.0 0.0 0
DAYS MAX <= 32 3 6.3 -3.3 2
DAYS MIN <= 32 14 23.6 -9.6 28
DAYS MIN <= 0 0 0.6 -0.6 0
PRECIPITATION (INCHES)
RECORD
MAXIMUM 6.84 1955
MINIMUM 1.01 1981
TOTALS 3.47 3.04 0.43 3.31
DAILY AVG. 0.11 0.10 0.01 0.11
DAYS >= .01 15 15.5 -0.5 15
DAYS >= .10 8 7.6 0.4 10
DAYS >= .50 3 1.8 1.2 3
DAYS >= 1.00 0 0.3 -0.3 0
GREATEST
24 HR. TOTAL 0.88 03/09 TO 03/10
SNOWFALL (INCHES)
RECORDS
TOTAL 54.4 1993
24 HR TOTAL 22.1 03/13/1993 TO 03/13/1993
SNOW DEPTH 35 03/15/1993
TOTALS 14.6 19.8 -5.2 13.7
SINCE 7/1 60.2 124.7 -64.5 65.6
SNOWDEPTH AVG. 1 2
DAYS >= TRACE 12 10.1 1.9 19
DAYS >= 1.0 5 5.0 0.0 3
GREATEST
SNOW DEPTH 11 03/01 9 03/15
03/16
24 HR TOTAL 7.5 03/22 TO 03/23
DEGREE DAYS
HEATING TOTAL 737 967 -230 925
SINCE 7/1 4613 5723 -1110 4954
COOLING TOTAL 0 0 0 0
SINCE 1/1 0 0 0 0
................................................................
WIND (MPH)
AVERAGE WIND SPEED 9.7
RESULTANT WIND SPEED/DIRECTION 3/280
HIGHEST WIND SPEED/DIRECTION 36/260 DATE 03/20
HIGHEST GUST SPEED/DIRECTION 48/300 DATE 03/11
SKY COVER
POSSIBLE SUNSHINE (PERCENT) MM
AVERAGE SKY COVER 0.76
NUMBER OF DAYS FAIR 3
NUMBER OF DAYS PC 9
NUMBER OF DAYS CLOUDY 19
AVERAGE RH (PERCENT) 61
WEATHER CONDITIONS. NUMBER OF DAYS WITH
THUNDERSTORM 1 MIXED PRECIP 0
HEAVY RAIN 0 RAIN 5
LIGHT RAIN 13 FREEZING RAIN 0
LT FREEZING RAIN 0 HAIL 0
HEAVY SNOW 1 SNOW 4
LIGHT SNOW 12 SLEET 1
FOG 9 FOG W/VIS <= 1/4 MILE 1
HAZE 4
- INDICATES NEGATIVE NUMBERS.
R INDICATES RECORD WAS SET OR TIED.
MM INDICATES DATA IS MISSING.
T INDICATES TRACE AMOUNT.
&&
CORRECTED MISSING 2023 DATA WITH ACTUAL
CORRECTED GREATEST 24 HOUR SNOWFALL AND GREATEST SNOW DEPTH
MARCH AVERAGE TEMPERATURE TIED FOR 8TH WARMEST
$$
TAC