000
CXUS51 KBGM 010849
CLMSYR
CLIMATE REPORT
NATIONAL WEATHER SERVICE BINGHAMTON, NY
449 AM EDT MON MAY 01 2023
...................................
...THE SYRACUSE NY CLIMATE SUMMARY FOR THE MONTH OF APRIL 2023...
CLIMATE NORMAL PERIOD 1991 TO 2020
CLIMATE RECORD PERIOD 1902 TO 2023
WEATHER OBSERVED NORMAL DEPART LAST YEAR`S
VALUE DATE(S) VALUE FROM VALUE DATE(S)
NORMAL
................................................................
TEMPERATURE (F)
RECORD
HIGH 92 04/28/1990
LOW 9 04/05/2016
04/07/1972
02/16/2000
HIGHEST 88 04/15 56 32 80 04/25
04/21
LOWEST 26 04/02 36 -10 27 04/18
04/08
AVG. MAXIMUM 63.9 56.4 7.5 55.8
AVG. MINIMUM 40.3 36.2 4.1 35.7
MEAN 52.1 46.3 5.8 45.8
DAYS MAX >= 90 0 0.1 -0.1 0
DAYS MAX <= 32 0 0.2 -0.2 0
DAYS MIN <= 32 6 10.5 -4.5 11
DAYS MIN <= 0 0 0.0 0.0 0
PRECIPITATION (INCHES)
RECORD
MAXIMUM 8.53 2011
MINIMUM 0.84 2010
TOTALS 4.68 3.48 1.20 3.64
DAILY AVG. 0.16 0.12 0.04 0.12
DAYS >= .01 13 14.5 -1.5 18
DAYS >= .10 7 8.4 -1.4 7
DAYS >= .50 5 2.3 2.7 2
DAYS >= 1.00 1 0.4 0.6 1
GREATEST
24 HR. TOTAL 1.10 04/30 TO 04/30
SNOWFALL (INCHES)
RECORDS
TOTAL 16.4 1983
24 HR TOTAL 10.5 04/02/2013 TO 04/02/2013
SNOW DEPTH 8 04/03/2013
TOTALS T 3.0 -3.0 2.0
SINCE 7/1 65.6 127.7 -62.1 MM
SNOWDEPTH AVG. 0 0
DAYS >= TRACE 6 2.5 3.5 10
DAYS >= 1.0 0 0.9 -0.9 1
GREATEST
SNOW DEPTH 0 1 04/19
24 HR TOTAL MM
DEGREE DAYS
HEATING TOTAL 408 565 -157 570
SINCE 7/1 5362 6288 -926 MM
COOLING TOTAL 28 4 24 1
SINCE 1/1 28 4 24 MM
................................................................
WIND (MPH)
AVERAGE WIND SPEED 8.5
RESULTANT WIND SPEED/DIRECTION 2/250
HIGHEST WIND SPEED/DIRECTION 38/270 DATE 04/11
HIGHEST GUST SPEED/DIRECTION 52/270 DATE 04/11
SKY COVER
POSSIBLE SUNSHINE (PERCENT) MM
AVERAGE SKY COVER 0.67
NUMBER OF DAYS FAIR 4
NUMBER OF DAYS PC 13
NUMBER OF DAYS CLOUDY 13
AVERAGE RH (PERCENT) 59
WEATHER CONDITIONS. NUMBER OF DAYS WITH
THUNDERSTORM 3 MIXED PRECIP 0
HEAVY RAIN 4 RAIN 6
LIGHT RAIN 20 FREEZING RAIN 0
LT FREEZING RAIN 0 HAIL 0
HEAVY SNOW 0 SNOW 0
LIGHT SNOW 4 SLEET 3
FOG 12 FOG W/VIS <= 1/4 MILE 0
HAZE 2
- INDICATES NEGATIVE NUMBERS.
R INDICATES RECORD WAS SET OR TIED.
MM INDICATES DATA IS MISSING.
T INDICATES TRACE AMOUNT.
$$