000
CXUS55 KPUB 011210
CF6TAD
PRELIMINARY LOCAL CLIMATOLOGICAL DATA (WS FORM: F-6)
STATION: TRINIDAD CO
MONTH: APRIL
YEAR: 2023
LATITUDE: 37 16 N
LONGITUDE: 104 20 W
TEMPERATURE IN F: :PCPN: SNOW: WIND :SUNSHINE: SKY :PK WND
================================================================================
1 2 3 4 5 6A 6B 7 8 9 10 11 12 13 14 15 16 17 18
12Z AVG MX 2MIN
DY MAX MIN AVG DEP HDD CDD WTR SNW DPTH SPD SPD DIR MIN PSBL S-S WX SPD DR
================================================================================
1 72 18 45 -3 20 0 0.00 M M 12.5 32 240 M M 0 47 270
2 75 33 54 6 11 0 0.00 M M 14.4 29 260 M M 0 38 260
3 75 25 50 2 15 0 0.00 M M 15.6 35 260 M M 0 54 220
4 57 23 40 -8 25 0 T M M 23.3 45 250 M M 2 1 62 260
5 47 19 33 -15 32 0 T M M 8.4 20 80 M M 6 1 27 110
6 58 15 37 -11 28 0 0.00 M M 7.3 20 70 M M 0 27 50
7 69 31 50 2 15 0 0.00 M M 14.9 28 200 M M 0 39 210
8 72 41 57 8 8 0 0.00 M M 13.1 29 220 M M 2 45 210
9 70 33 52 3 13 0 0.00 M M 7.4 16 70 M M 0 22 350
10 76 36 56 7 9 0 0.00 M M 9.0 22 260 M M 0 28 250
11 85 38 62 13 3 0 0.00 M M 10.7 26 180 M M 0 34 180
12 85 48 67 18 0 2 0.00 M M 14.3 35 170 M M 0 47 170
13 78 48 63 13 2 0 T M M 13.5 39 180 M M 1 55 190
14 68 37 53 3 12 0 0.00 M M 11.6 31 10 M M 3 43 360
15 55 26 41 -9 24 0 0.00 M M 6.8 28 40 M M 4 35 40
16 66 21 44 -6 21 0 0.00 M M 9.3 17 240 M M 0 23 110
17 76 31 54 4 11 0 0.00 M M 9.1 22 290 M M 0 8 29 310
18 77 36 57 6 8 0 0.00 M M 14.6 36 260 M M 0 53 230
19 74 35 55 4 10 0 0.00 M M 18.4 37 250 M M 0 55 240
20 58 25 42 -9 23 0 0.00 M M 9.4 22 40 M M 3 32 350
21 63 25 44 -7 21 0 0.00 M M 10.1 25 330 M M 3 38 330
22 43 28 36 -16 29 0 0.09 M M 9.7 20 70 M M 10 1 28 80
23 61 28 45 -7 20 0 0.01 M M 5.0 17 60 M M 4 1 26 100
24 65 34 50 -2 15 0 0.00 M M 10.4 22 260 M M 3 3 26 260
25 64 36 50 -2 15 0 0.17 M M 10.0 26 100 M M 5 3 38 90
26 42 32 37 -16 28 0 0.33 M M 9.9 18 360 M M 9 1 25 350
27 71 32 52 -1 13 0 0.04 M M 12.7 40 30 M M 2 1 58 30
28 52 32 42 -11 23 0 0.24 M M 12.1 26 20 M M 6 1 35 20
29 72 33 53 -1 12 0 0.00 M M 10.1 18 350 M M 0 24 350
30 69 38 54 0 11 0 0.00 M M 7.6 15 260 M M 0 23 120
================================================================================
SM 1995 937 477 2 0.88 M 341.2 M 63
================================================================================
AV 66.5 31.2 11.4 FASTST M M 2 MAX(MPH)
MISC ----> 45 250 62 260
================================================================================
NOTES:
# LAST OF SEVERAL OCCURRENCES
COLUMN 17 PEAK WIND IN M.P.H.
PRELIMINARY LOCAL CLIMATOLOGICAL DATA (WS FORM: F-6) , PAGE 2
STATION: TRINIDAD CO
MONTH: APRIL
YEAR: 2023
LATITUDE: 37 16 N
LONGITUDE: 104 20 W
[TEMPERATURE DATA] [PRECIPITATION DATA] SYMBOLS USED IN COLUMN 16
AVERAGE MONTHLY: 48.9 TOTAL FOR MONTH: 0.88 1 = FOG OR MIST
DPTR FM NORMAL: -1.4 DPTR FM NORMAL: -0.40 2 = FOG REDUCING VISIBILITY
HIGHEST: 85 ON 12,11 GRTST 24HR 0.49 ON 25-26 TO 1/4 MILE OR LESS
LOWEST: 15 ON 6 3 = THUNDER
SNOW, ICE PELLETS, HAIL 4 = ICE PELLETS
TOTAL MONTH: M 5 = HAIL
GRTST 24HR M ON M 6 = FREEZING RAIN OR DRIZZLE
GRTST DEPTH: M ON M 7 = DUSTSTORM OR SANDSTORM:
VSBY 1/2 MILE OR LESS
8 = SMOKE OR HAZE
[NO. OF DAYS WITH] [WEATHER - DAYS WITH] 9 = BLOWING SNOW
X = TORNADO
MAX 32 OR BELOW: 0 0.01 INCH OR MORE: 6
MAX 90 OR ABOVE: 0 0.10 INCH OR MORE: 3
MIN 32 OR BELOW: 16 0.50 INCH OR MORE: 0
MIN 0 OR BELOW: 0 1.00 INCH OR MORE: 0
[HDD (BASE 65) ]
TOTAL THIS MO. 477 CLEAR (SCALE 0-3) 21
DPTR FM NORMAL 34 PTCLDY (SCALE 4-7) 7
TOTAL FM JUL 1 5398 CLOUDY (SCALE 8-10) 2
DPTR FM NORMAL 351
[CDD (BASE 65) ]
TOTAL THIS MO. 2
DPTR FM NORMAL 0 [PRESSURE DATA]
TOTAL FM JAN 1 2 HIGHEST SLP 30.32 ON 6
DPTR FM NORMAL 0 LOWEST SLP 29.09 ON 4
[REMARKS]
#FINAL-04-23#