000
CXUS55 KPUB 011310
CF6TAD
PRELIMINARY LOCAL CLIMATOLOGICAL DATA (WS FORM: F-6)
STATION: TRINIDAD CO
MONTH: NOVEMBER
YEAR: 2022
LATITUDE: 37 16 N
LONGITUDE: 104 20 W
TEMPERATURE IN F: :PCPN: SNOW: WIND :SUNSHINE: SKY :PK WND
================================================================================
1 2 3 4 5 6A 6B 7 8 9 10 11 12 13 14 15 16 17 18
12Z AVG MX 2MIN
DY MAX MIN AVG DEP HDD CDD WTR SNW DPTH SPD SPD DIR MIN PSBL S-S WX SPD DR
================================================================================
1 73 32 53 6 12 0 0.00 M M 10.0 24 240 M M 0 32 200
2 73 47 60 13 5 0 0.00 M M 15.7 35 240 M M 0 48 240
3 66 33 50 4 15 0 T M M 18.7 37 220 M M 4 53 220
4 40 24 32 -14 33 0 0.11 M M 4.7 12 240 M M 6 1 16 50
5 65 24 45 -1 20 0 0.00 M M 7.0 18 290 M M 0 23 280
6 59 33 46 1 19 0 0.00 M M 10.7 21 70 M M 0 30 70
7 68 34 51 6 14 0 0.00 M M 12.5 32 190 M M 0 43 190
8 75 42 59 15 6 0 0.00 M M 18.4 29 170 M M 0 49 160
9 76 48 62 18 3 0 0.00 M M 20.1 36 200 M M 0 50 200
10 56 33 45 1 20 0 0.00 M M 11.2 26 260 M M 2 37 280
11 39 12 26 -17 39 0 T M M 6.5 22 70 M M 5 18 29 70
12 53 14 34 -9 31 0 0.00 M M 9.5 16 250 M M 0 20 250
13 64 22 43 1 22 0 0.00 M M 9.2 21 50 M M 2 27 50
14 33 17 25 -17 40 0 T M M 5.1 18 40 M M 10 1 27 40
15 33 16 25 -17 40 0 T M M 4.7 10 180 M M 9 1 15 80
16 42 13 28 -13 37 0 0.00 M M 7.9 17 250 M M 1 22 260
17 46 12 29 -12 36 0 0.00 M M 9.2 20 30 M M 3 1 28 50
18 20 4 12 -28 53 0 0.01 M M 7.3 15 40 M M 10 1 20 40
19 40 2 21 -19 44 0 0.00 M M 8.9 17 250 M M 0 24 250
20 55 15 35 -5 30 0 0.00 M M 9.7 18 240 M M 0 24 240
21 57 20 39 0 26 0 0.00 M M 9.2 18 250 M M 0 21 250
22 54 22 38 -1 27 0 0.00 M M 9.1 16 260 M M 0 21 240
23 58 23 41 3 24 0 0.00 M M 9.2 20 40 M M 1 29 40
24 35 20 28 -10 37 0 0.13 M M 8.2 17 10 M M 8 1 23 360
25 50 18 34 -4 31 0 0.00 M M 10.6 17 240 M M 0 22 230
26 62 26 44 7 21 0 0.00 M M 11.1 20 250 M M 0 29 250
27 46 29 38 1 27 0 T M M 5.8 16 270 M M 4 1 20 260
28 64 20 42 5 23 0 0.00 M M 12.8 26 240 M M 0 39 250
29 44 4 24 -12 41 0 0.04 M M 8.9 35 260 M M 4 128 49 250
30 45 5 25 -11 40 0 0.00 M M 6.2 22 250 M M 0 29 240
================================================================================
SM 1591 664 816 0 0.29 M 298.1 M 69
================================================================================
AV 53.0 22.1 9.9 FASTST M M 2 MAX(MPH)
MISC ----> 37 220 53 220
================================================================================
NOTES:
# LAST OF SEVERAL OCCURRENCES
COLUMN 17 PEAK WIND IN M.P.H.
PRELIMINARY LOCAL CLIMATOLOGICAL DATA (WS FORM: F-6) , PAGE 2
STATION: TRINIDAD CO
MONTH: NOVEMBER
YEAR: 2022
LATITUDE: 37 16 N
LONGITUDE: 104 20 W
[TEMPERATURE DATA] [PRECIPITATION DATA] SYMBOLS USED IN COLUMN 16
AVERAGE MONTHLY: 37.6 TOTAL FOR MONTH: 0.29 1 = FOG OR MIST
DPTR FM NORMAL: -3.9 DPTR FM NORMAL: -0.30 2 = FOG REDUCING VISIBILITY
HIGHEST: 76 ON 9 GRTST 24HR 0.13 ON 24-24 TO 1/4 MILE OR LESS
LOWEST: 2 ON 19 3 = THUNDER
SNOW, ICE PELLETS, HAIL 4 = ICE PELLETS
TOTAL MONTH: M 5 = HAIL
GRTST 24HR M ON M 6 = FREEZING RAIN OR DRIZZLE
GRTST DEPTH: M ON M 7 = DUSTSTORM OR SANDSTORM:
VSBY 1/2 MILE OR LESS
8 = SMOKE OR HAZE
[NO. OF DAYS WITH] [WEATHER - DAYS WITH] 9 = BLOWING SNOW
X = TORNADO
MAX 32 OR BELOW: 1 0.01 INCH OR MORE: 4
MAX 90 OR ABOVE: 0 0.10 INCH OR MORE: 2
MIN 32 OR BELOW: 23 0.50 INCH OR MORE: 0
MIN 0 OR BELOW: 0 1.00 INCH OR MORE: 0
[HDD (BASE 65) ]
TOTAL THIS MO. 816 CLEAR (SCALE 0-3) 21
DPTR FM NORMAL 109 PTCLDY (SCALE 4-7) 6
TOTAL FM JUL 1 1221 CLOUDY (SCALE 8-10) 3
DPTR FM NORMAL 57
[CDD (BASE 65) ]
TOTAL THIS MO. 0
DPTR FM NORMAL 0 [PRESSURE DATA]
TOTAL FM JAN 1 958 HIGHEST SLP 30.56 ON 25
DPTR FM NORMAL 81 LOWEST SLP 29.28 ON 29
[REMARKS]
#FINAL-11-22#