000
CXUS55 KPUB 021651
CF6TAD
PRELIMINARY LOCAL CLIMATOLOGICAL DATA (WS FORM: F-6)
STATION: TRINIDAD CO
MONTH: MAY
YEAR: 2022
LATITUDE: 37 16 N
LONGITUDE: 104 20 W
TEMPERATURE IN F: :PCPN: SNOW: WIND :SUNSHINE: SKY :PK WND
================================================================================
1 2 3 4 5 6A 6B 7 8 9 10 11 12 13 14 15 16 17 18
12Z AVG MX 2MIN
DY MAX MIN AVG DEP HDD CDD WTR SNW DPTH SPD SPD DIR MIN PSBL S-S WX SPD DR
================================================================================
1 79 37 58 4 7 0 0.00 M M 14.5 37 180 M M 1 48 190
2 63 32 48 -6 17 0 0.00 M M 10.2 21 50 M M 2 31 40
3 78 29 54 -1 11 0 0.00 M M 15.3 41 190 M M 0 57 190
4 61 35 48 -7 17 0 0.06 M M 10.7 26 330 M M 4 3 40 310
5 70 36 53 -3 12 0 0.01 M M 10.4 20 360 M M 2 29 320
6 86 48 67 11 0 2 0.00 M M 9.8 20 250 M M 0 25 240
7 91 49 70 14 0 5 0.00 M M 13.5 30 260 M M 0 40 250
8 88 42 65 8 0 0 0.00 M M 12.1 33 230 M M 0 47 240
9 87 49 68 11 0 3 0.00 M M 17.3 39 270 M M 0 52 250
10 87 49 68 10 0 3 0.00 M M 9.8 29 180 M M 2 8 39 170
11 88 50 69 11 0 4 0.00 M M 18.3 33 210 M M 4 8 48 200
12 82 45 64 6 1 0 0.00 M M 20.0 37 250 M M 1 8 48 280
13 81 34 58 -1 7 0 0.00 M M 8.5 15 260 M M 0 23 100
14 83 48 66 7 0 1 0.00 M M 9.1 18 320 M M 0 25 310
15 83 50 67 8 0 2 0.00 M M 10.0 23 70 M M 1 30 70
16 85 49 67 7 0 2 0.06 M M 12.7 28 240 M M 1 3 36 320
17 90 50 70 10 0 5 0.00 M M 9.9 29 20 M M 0 40 20
18 84 49 67 6 0 2 T M M 7.7 24 340 M M 1 3 40 10
19 90 55 73 12 0 8 0.00 M M 14.8 30 250 M M 0 40 250
20 66 35 51 -10 14 0 0.00 M M 12.9 29 30 M M 5 39 30
21 41 32 37 -25 28 0 0.05 M M 6.5 15 60 M M 10 1 19 60
22 65 36 51 -11 14 0 0.00 M M 8.5 25 180 M M 6 32 170
23 70 34 52 -10 13 0 0.30 M M 8.3 26 30 M M 5 1 40 30
24 51 38 45 -18 20 0 0.55 M M 9.3 20 360 M M 9 1 26 350
25 67 37 52 -11 13 0 0.00 M M 11.5 23 350 M M 2 33 10
26 81 43 62 -2 3 0 0.00 M M 9.5 21 250 M M 0 27 250
27 92 50 71 7 0 6 0.00 M M 10.7 22 240 M M 0 28 250
28 88 57 73 9 0 8 0.00 M M 15.5 28 240 M M 0 36 260
29 87 55 71 6 0 6 0.00 M M 14.4 31 250 M M 0 42 240
30 76 44 60 -5 5 0 0.00 M M 17.3 38 250 M M 0 54 290
31 74 38 56 -9 9 0 0.00 M M 12.7 26 100 M M 2 37 90
================================================================================
SM 2414 1335 191 57 1.03 M 371.7 M 58
================================================================================
AV 77.9 43.1 12.0 FASTST M M 2 MAX(MPH)
MISC ----> 41 190 57 190
================================================================================
NOTES:
# LAST OF SEVERAL OCCURRENCES
COLUMN 17 PEAK WIND IN M.P.H.
PRELIMINARY LOCAL CLIMATOLOGICAL DATA (WS FORM: F-6) , PAGE 2
STATION: TRINIDAD CO
MONTH: MAY
YEAR: 2022
LATITUDE: 37 16 N
LONGITUDE: 104 20 W
[TEMPERATURE DATA] [PRECIPITATION DATA] SYMBOLS USED IN COLUMN 16
AVERAGE MONTHLY: 60.5 TOTAL FOR MONTH: 1.03 1 = FOG OR MIST
DPTR FM NORMAL: 0.7 DPTR FM NORMAL: -0.45 2 = FOG REDUCING VISIBILITY
HIGHEST: 92 ON 27 GRTST 24HR 0.85 ON 23-24 TO 1/4 MILE OR LESS
LOWEST: 29 ON 3 3 = THUNDER
SNOW, ICE PELLETS, HAIL 4 = ICE PELLETS
TOTAL MONTH: M 5 = HAIL
GRTST 24HR M ON M 6 = FREEZING RAIN OR DRIZZLE
GRTST DEPTH: M ON M 7 = DUSTSTORM OR SANDSTORM:
VSBY 1/2 MILE OR LESS
8 = SMOKE OR HAZE
[NO. OF DAYS WITH] [WEATHER - DAYS WITH] 9 = BLOWING SNOW
X = TORNADO
MAX 32 OR BELOW: 0 0.01 INCH OR MORE: 6
MAX 90 OR ABOVE: 4 0.10 INCH OR MORE: 2
MIN 32 OR BELOW: 3 0.50 INCH OR MORE: 1
MIN 0 OR BELOW: 0 1.00 INCH OR MORE: 0
[HDD (BASE 65) ]
TOTAL THIS MO. 191 CLEAR (SCALE 0-3) 24
DPTR FM NORMAL -6 PTCLDY (SCALE 4-7) 5
TOTAL FM JUL 1 4843 CLOUDY (SCALE 8-10) 2
DPTR FM NORMAL -402
[CDD (BASE 65) ]
TOTAL THIS MO. 57
DPTR FM NORMAL 22 [PRESSURE DATA]
TOTAL FM JAN 1 61 HIGHEST SLP 30.39 ON 21
DPTR FM NORMAL 24 LOWEST SLP 29.18 ON 29
[REMARKS]
#FINAL-05-22#