000
CXUS55 KPUB 011310
CF6TAD
PRELIMINARY LOCAL CLIMATOLOGICAL DATA (WS FORM: F-6)
STATION: TRINIDAD CO
MONTH: JANUARY
YEAR: 2022
LATITUDE: 37 16 N
LONGITUDE: 104 20 W
TEMPERATURE IN F: :PCPN: SNOW: WIND :SUNSHINE: SKY :PK WND
================================================================================
1 2 3 4 5 6A 6B 7 8 9 10 11 12 13 14 15 16 17 18
12Z AVG MX 2MIN
DY MAX MIN AVG DEP HDD CDD WTR SNW DPTH SPD SPD DIR MIN PSBL S-S WX SPD DR
================================================================================
1 15 -2 7 -25 58 0 0.17 M M 5.7 15 260 M M 8 18 20 270
2 39 0 20 -12 45 0 0.00 M M 10.4 21 250 M M 0 24 250
3 51 15 33 1 32 0 0.00 M M 8.5 21 250 M M 0 28 250
4 58 23 41 8 24 0 0.00 M M 8.3 23 290 M M 0 30 280
5 54 9 32 -1 33 0 T M M 8.8 32 30 M M 1 8 44 20
6 39 6 23 -10 42 0 T M M 4.8 22 250 M M 6 18 26 250
7 70 36 53 20 12 0 0.00 M M 15.5 24 260 M M 0 33 250
8 58 33 46 13 19 0 0.01 M M 9.7 31 270 M M 3 1 42 270
9 44 23 34 1 31 0 0.03 M M 5.3 12 70 M M 5 1 15 70
10 54 22 38 5 27 0 0.00 M M 10.6 18 240 M M 0 26 250
11 62 21 42 9 23 0 0.00 M M 11.3 21 240 M M 0 31 250
12 61 19 40 7 25 0 0.00 M M 8.2 17 270 M M 0 20 270
13 62 31 47 14 18 0 0.00 M M 8.3 18 240 M M 0 24 240
14 52 25 39 6 26 0 0.01 M M 14.9 31 20 M M 5 1 42 20
15 41 10 26 -8 39 0 0.00 M M 7.4 21 250 M M 2 27 250
16 59 22 41 7 24 0 0.00 M M 9.1 21 260 M M 0 26 260
17 63 19 41 7 24 0 0.00 0.0 0 8.3 17 260 M M 0 22 250
18 62 26 44 10 21 0 0.00 M M 9.6 17 360 M M 0 25 320
19 36 17 27 -7 38 0 0.01 M M 7.2 15 60 M M 8 18 19 70
20 40 15 28 -6 37 0 0.00 M M 5.6 16 250 M M 4 1 22 250
21 55 19 37 3 28 0 0.11 M M 9.6 23 10 M M 4 1 31 20
22 44 23 34 0 31 0 0.04 M M 5.7 12 270 M M 5 126 13 120
23 51 24 38 4 27 0 0.00 M M 8.9 20 250 M M 0 26 250
24 48 23 36 2 29 0 0.00 M M 8.0 17 50 M M 2 23 20
25 37 19 28 -6 37 0 T M M 7.3 22 350 M M 5 18 30 350
26 49 13 31 -3 34 0 0.01 M M 5.3 18 350 M M 3 128 24 350
27 34 11 23 -11 42 0 0.03 M M 8.7 18 20 M M 5 18 24 10
28 49 10 30 -4 35 0 0.00 M M 11.3 20 250 M M 0 27 240
29 58 22 40 6 25 0 0.00 M M 10.4 21 250 M M 0 28 250
30 58 19 39 5 26 0 0.00 M M 9.0 17 250 M M 0 22 250
31 65 20 43 9 22 0 0.00 M M 10.2 21 360 M M 0 30 10
================================================================================
SM 1568 573 934 0 0.42 0.0 271.9 M 66
================================================================================
AV 50.6 18.5 8.8 FASTST M M 2 MAX(MPH)
MISC ----> 32 30 44 20
================================================================================
NOTES:
# LAST OF SEVERAL OCCURRENCES
COLUMN 17 PEAK WIND IN M.P.H.
PRELIMINARY LOCAL CLIMATOLOGICAL DATA (WS FORM: F-6) , PAGE 2
STATION: TRINIDAD CO
MONTH: JANUARY
YEAR: 2022
LATITUDE: 37 16 N
LONGITUDE: 104 20 W
[TEMPERATURE DATA] [PRECIPITATION DATA] SYMBOLS USED IN COLUMN 16
AVERAGE MONTHLY: 34.5 TOTAL FOR MONTH: 0.42 1 = FOG OR MIST
DPTR FM NORMAL: 1.1 DPTR FM NORMAL: 0.04 2 = FOG REDUCING VISIBILITY
HIGHEST: 70 ON 7 GRTST 24HR 0.20 ON 31- 1 TO 1/4 MILE OR LESS
LOWEST: -2 ON 1 3 = THUNDER
SNOW, ICE PELLETS, HAIL 4 = ICE PELLETS
TOTAL MONTH: 0.0 INCH 5 = HAIL
GRTST 24HR 0.0 6 = FREEZING RAIN OR DRIZZLE
GRTST DEPTH: 0 7 = DUSTSTORM OR SANDSTORM:
VSBY 1/2 MILE OR LESS
8 = SMOKE OR HAZE
[NO. OF DAYS WITH] [WEATHER - DAYS WITH] 9 = BLOWING SNOW
X = TORNADO
MAX 32 OR BELOW: 1 0.01 INCH OR MORE: 9
MAX 90 OR ABOVE: 0 0.10 INCH OR MORE: 2
MIN 32 OR BELOW: 29 0.50 INCH OR MORE: 0
MIN 0 OR BELOW: 2 1.00 INCH OR MORE: 0
[HDD (BASE 65) ]
TOTAL THIS MO. 934 CLEAR (SCALE 0-3) 21
DPTR FM NORMAL -44 PTCLDY (SCALE 4-7) 10
TOTAL FM JUL 1 2557 CLOUDY (SCALE 8-10) 0
DPTR FM NORMAL -585
[CDD (BASE 65) ]
TOTAL THIS MO. 0
DPTR FM NORMAL 0 [PRESSURE DATA]
TOTAL FM JAN 1 0 HIGHEST SLP 30.70 ON 10
DPTR FM NORMAL 0 LOWEST SLP 29.45 ON 8
[REMARKS]
#FINAL-01-22#