000
CXUS55 KPUB 011210
CF6TAD
PRELIMINARY LOCAL CLIMATOLOGICAL DATA (WS FORM: F-6)
STATION: TRINIDAD CO
MONTH: SEPTEMBER
YEAR: 2021
LATITUDE: 37 16 N
LONGITUDE: 104 20 W
TEMPERATURE IN F: :PCPN: SNOW: WIND :SUNSHINE: SKY :PK WND
================================================================================
1 2 3 4 5 6A 6B 7 8 9 10 11 12 13 14 15 16 17 18
12Z AVG MX 2MIN
DY MAX MIN AVG DEP HDD CDD WTR SNW DPTH SPD SPD DIR MIN PSBL S-S WX SPD DR
================================================================================
1 93 58 76 6 0 11 0.25 M M 11.9 31 190 M M 3 44 190
2 88 59 74 4 0 9 0.00 M M 5.6 17 310 M M 2 25 300
3 85 59 72 2 0 7 0.00 M M 7.4 25 30 M M 4 37 20
4 84 56 70 0 0 5 0.00 M M 7.7 22 140 M M 4 1 29 110
5 87 56 72 2 0 7 0.00 M M 6.7 16 10 M M 1 22 10
6 95 55 75 6 0 10 0.00 M M 8.1 13 260 M M 0 3 19 120
7 92 55 74 5 0 9 0.00 M M 9.5 18 70 M M 0 31 40
8 93 49 71 2 0 6 0.00 M M 6.8 13 250 M M 0 18 270
9 96 59 78 10 0 13 0.00 M M 8.4 18 250 M M 0 24 230
10 99 56 78 10 0 13 0.00 M M 9.3 18 250 M M 0 25 250
11 98 63 81 13 0 16 0.00 M M 10.7 24 190 M M 0 3 33 190
12 93 56 75 8 0 10 T M M 8.3 30 280 M M 0 44 290
13 95 54 75 8 0 10 0.00 M M 8.6 17 210 M M 0 24 200
14 83 53 68 1 0 3 0.08 M M 8.6 22 350 M M 1 3 33 60
15 88 51 70 4 0 5 0.00 M M 8.8 18 180 M M 0 25 180
16 93 59 76 10 0 11 0.00 M M 8.5 20 250 M M 0 27 240
17 72 48 60 -6 5 0 0.00 M M 7.2 18 10 M M 0 27 20
18 93 43 68 3 0 3 0.00 M M 13.1 29 190 M M 0 40 190
19 89 59 74 9 0 9 0.00 M M 14.8 32 240 M M 0 46 240
20 73 50 62 -2 3 0 0.00 M M 9.8 21 60 M M 4 30 50
21 66 41 54 -10 11 0 0.00 M M 6.2 20 30 M M 5 28 360
22 81 39 60 -4 5 0 0.00 M M 5.6 14 300 M M 0 23 80
23 86 46 66 3 0 1 0.00 M M 8.1 16 50 M M 0 22 50
24 78 46 62 -1 3 0 0.00 M M 7.7 15 70 M M 0 24 70
25 89 41 65 3 0 0 0.00 M M 13.8 32 200 M M 0 43 200
26 90 51 71 9 0 6 0.00 M M 7.8 20 250 M M 0 27 250
27 83 53 68 7 0 3 0.00 M M 8.5 22 200 M M 1 30 200
28 80 47 64 3 1 0 0.00 M M 8.5 22 240 M M 1 28 240
29 80 47 64 4 1 0 0.34 M M 9.8 30 320 M M 3 13 46 300
30 57 46 52 -8 13 0 0.12 M M 6.0 21 360 M M 10 13 28 360
================================================================================
SM 2579 1555 42 167 0.79 M 261.8 M 39
================================================================================
AV 86.0 51.8 8.7 FASTST M M 1 MAX(MPH)
MISC ----> # 32 240 # 46 240
================================================================================
NOTES:
# LAST OF SEVERAL OCCURRENCES
COLUMN 17 PEAK WIND IN M.P.H.
PRELIMINARY LOCAL CLIMATOLOGICAL DATA (WS FORM: F-6) , PAGE 2
STATION: TRINIDAD CO
MONTH: SEPTEMBER
YEAR: 2021
LATITUDE: 37 16 N
LONGITUDE: 104 20 W
[TEMPERATURE DATA] [PRECIPITATION DATA] SYMBOLS USED IN COLUMN 16
AVERAGE MONTHLY: 68.9 TOTAL FOR MONTH: 0.79 1 = FOG OR MIST
DPTR FM NORMAL: 3.1 DPTR FM NORMAL: -0.31 2 = FOG REDUCING VISIBILITY
HIGHEST: 99 ON 10 GRTST 24HR 0.45 ON 29-30 TO 1/4 MILE OR LESS
LOWEST: 39 ON 22 3 = THUNDER
SNOW, ICE PELLETS, HAIL 4 = ICE PELLETS
TOTAL MONTH: M 5 = HAIL
GRTST 24HR M ON M 6 = FREEZING RAIN OR DRIZZLE
GRTST DEPTH: M ON M 7 = DUSTSTORM OR SANDSTORM:
VSBY 1/2 MILE OR LESS
8 = SMOKE OR HAZE
[NO. OF DAYS WITH] [WEATHER - DAYS WITH] 9 = BLOWING SNOW
X = TORNADO
MAX 32 OR BELOW: 0 0.01 INCH OR MORE: 4
MAX 90 OR ABOVE: 12 0.10 INCH OR MORE: 3
MIN 32 OR BELOW: 0 0.50 INCH OR MORE: 0
MIN 0 OR BELOW: 0 1.00 INCH OR MORE: 0
[HDD (BASE 65) ]
TOTAL THIS MO. 42 CLEAR (SCALE 0-3) 24
DPTR FM NORMAL -37 PTCLDY (SCALE 4-7) 5
TOTAL FM JUL 1 43 CLOUDY (SCALE 8-10) 1
DPTR FM NORMAL -44
[CDD (BASE 65) ]
TOTAL THIS MO. 167
DPTR FM NORMAL 64 [PRESSURE DATA]
TOTAL FM JAN 1 998 HIGHEST SLP 30.49 ON 21
DPTR FM NORMAL 127 LOWEST SLP 29.57 ON 1
[REMARKS]
#FINAL-09-21#