000
CXUS55 KPUB 011210
CF6TAD
PRELIMINARY LOCAL CLIMATOLOGICAL DATA (WS FORM: F-6)
STATION: TRINIDAD CO
MONTH: APRIL
YEAR: 2021
LATITUDE: 37 16 N
LONGITUDE: 104 20 W
TEMPERATURE IN F: :PCPN: SNOW: WIND :SUNSHINE: SKY :PK WND
================================================================================
1 2 3 4 5 6A 6B 7 8 9 10 11 12 13 14 15 16 17 18
12Z AVG MX 2MIN
DY MAX MIN AVG DEP HDD CDD WTR SNW DPTH SPD SPD DIR MIN PSBL S-S WX SPD DR
================================================================================
1 71 25 48 2 17 0 0.00 M M 10.4 26 250 M M 0 33 260
2 78 42 60 14 5 0 0.00 M M 10.9 25 290 M M 0 38 300
3 79 40 60 14 5 0 0.00 M M 12.5 28 220 M M 1 38 230
4 82 51 67 21 0 2 0.00 M M 15.1 26 250 M M 0 34 250
5 83 43 63 16 2 0 0.00 M M 15.5 24 250 M M 0 33 260
6 75 30 53 6 12 0 0.00 M M 16.3 43 260 M M 1 54 260
7 68 25 47 0 18 0 0.00 M M 11.1 24 330 M M 0 35 320
8 75 29 52 5 13 0 0.00 M M 15.2 29 290 M M 1 42 310
9 57 27 42 -6 23 0 0.00 M M 10.6 22 60 M M 2 30 60
10 69 23 46 -2 19 0 0.00 M M 8.6 17 250 M M 0 26 60
11 76 33 55 7 10 0 0.00 M M 11.5 30 60 M M 0 42 50
12 57 23 40 -8 25 0 0.00 M M 10.1 23 70 M M 0 29 70
13 60 25 43 -6 22 0 0.00 M M 7.5 20 170 M M 3 30 170
14 65 27 46 -3 19 0 0.00 M M 8.4 24 230 M M 1 32 170
15 61 33 47 -2 18 0 T M M 15.7 35 190 M M 7 47 200
16 39 27 33 -17 32 0 T M M 12.0 18 50 M M 10 1 25 360
17 40 25 33 -17 32 0 0.03 M M 5.5 17 10 M M 9 18 22 10
18 58 24 41 -9 24 0 0.00 M M 11.7 22 250 M M 1 29 350
19 66 25 46 -5 19 0 T M M 14.9 30 30 M M 4 168 41 30
20 39 20 30 -21 35 0 0.06 M M 7.1 17 50 M M 9 1 21 40
21 58 26 42 -9 23 0 0.00 M M 7.9 20 150 M M 2 27 170
22 70 26 48 -4 17 0 0.00 M M 16.9 38 250 M M 1 50 260
23 59 27 43 -9 22 0 T M M 9.3 33 320 M M 2 45 320
24 76 33 55 3 10 0 0.00 M M 11.9 28 260 M M 0 36 260
25 84 44 64 11 1 0 0.00 M M 11.3 32 250 M M 0 47 250
26 81 48 65 12 0 0 0.00 M M 17.3 35 260 M M 0 45 260
27 69 41 55 2 10 0 T M M 10.7 24 30 M M 2 32 30
28 58 34 46 -8 19 0 T M M 10.3 28 20 M M 8 36 10
29 71 31 51 -3 14 0 0.00 M M 10.5 23 30 M M 0 32 40
30 79 38 59 5 6 0 0.00 M M 9.6 21 180 M M 0 28 180
================================================================================
SM 2003 945 472 2 0.09 M 346.3 M 64
================================================================================
AV 66.8 31.5 11.5 FASTST M M 2 MAX(MPH)
MISC ----> 43 260 54 260
================================================================================
NOTES:
# LAST OF SEVERAL OCCURRENCES
COLUMN 17 PEAK WIND IN M.P.H.
PRELIMINARY LOCAL CLIMATOLOGICAL DATA (WS FORM: F-6) , PAGE 2
STATION: TRINIDAD CO
MONTH: APRIL
YEAR: 2021
LATITUDE: 37 16 N
LONGITUDE: 104 20 W
[TEMPERATURE DATA] [PRECIPITATION DATA] SYMBOLS USED IN COLUMN 16
AVERAGE MONTHLY: 49.1 TOTAL FOR MONTH: 0.09 1 = FOG OR MIST
DPTR FM NORMAL: -0.6 DPTR FM NORMAL: -1.04 2 = FOG REDUCING VISIBILITY
HIGHEST: 84 ON 25 GRTST 24HR 0.06 ON 20-20 TO 1/4 MILE OR LESS
LOWEST: 20 ON 20 3 = THUNDER
SNOW, ICE PELLETS, HAIL 4 = ICE PELLETS
TOTAL MONTH: M 5 = HAIL
GRTST 24HR M ON M 6 = FREEZING RAIN OR DRIZZLE
GRTST DEPTH: M ON M 7 = DUSTSTORM OR SANDSTORM:
VSBY 1/2 MILE OR LESS
8 = SMOKE OR HAZE
[NO. OF DAYS WITH] [WEATHER - DAYS WITH] 9 = BLOWING SNOW
X = TORNADO
MAX 32 OR BELOW: 0 0.01 INCH OR MORE: 2
MAX 90 OR ABOVE: 0 0.10 INCH OR MORE: 0
MIN 32 OR BELOW: 18 0.50 INCH OR MORE: 0
MIN 0 OR BELOW: 0 1.00 INCH OR MORE: 0
[HDD (BASE 65) ]
TOTAL THIS MO. 472 CLEAR (SCALE 0-3) 24
DPTR FM NORMAL 11 PTCLDY (SCALE 4-7) 3
TOTAL FM JUL 1 5151 CLOUDY (SCALE 8-10) 3
DPTR FM NORMAL -139
[CDD (BASE 65) ]
TOTAL THIS MO. 2
DPTR FM NORMAL 0 [PRESSURE DATA]
TOTAL FM JAN 1 2 HIGHEST SLP 30.35 ON 1
DPTR FM NORMAL 0 LOWEST SLP 29.38 ON 26
[REMARKS]
#FINAL-04-21#