000
CXUS55 KPUB 011210
CF6TAD
PRELIMINARY LOCAL CLIMATOLOGICAL DATA (WS FORM: F-6)
STATION: TRINIDAD CO
MONTH: SEPTEMBER
YEAR: 2020
LATITUDE: 37 16 N
LONGITUDE: 104 20 W
TEMPERATURE IN F: :PCPN: SNOW: WIND :SUNSHINE: SKY :PK WND
================================================================================
1 2 3 4 5 6A 6B 7 8 9 10 11 12 13 14 15 16 17 18
12Z AVG MX 2MIN
DY MAX MIN AVG DEP HDD CDD WTR SNW DPTH SPD SPD DIR MIN PSBL S-S WX SPD DR
================================================================================
1 81 52 67 -2 0 2 0.00 0.0 0 8.1 23 310 M M 1 32 320
2 86 54 70 1 0 5 0.00 0.0 0 9.3 24 240 M M 0 33 240
3 81 57 69 0 0 4 0.00 M M 8.9 23 10 M M 0 30 20
4 93 54 74 6 0 9 0.00 M M 9.0 17 250 M M 0 24 230
5 96 60 78 10 0 13 0.00 M M 10.1 24 200 M M 0 36 210
6 99 62 81 13 0 16 0.00 M M 10.8 21 10 M M 0 28 330
7 97 54 76 8 0 11 0.00 M M 9.6 30 350 M M 1 8 44 340
8 59 31 45 -22 20 0 0.34 M M 14.0 25 40 M M 10 138 35 50
9 39 29 34 -33 31 0 0.55 M M 4.9 10 20 M M 9 12 13 50
10 50 33 42 -24 23 0 0.01 M M 3.4 12 270 M M 7 1 14 270
11 73 35 54 -12 11 0 0.00 M M 7.1 16 320 M M 0 20 320
12 78 46 62 -4 3 0 0.00 M M 10.7 21 250 M M 0 26 260
13 82 45 64 -1 1 0 0.00 M M 8.4 18 250 M M 0 25 250
14 80 44 62 -3 3 0 0.00 0.0 M 8.3 15 240 M M 0 20 240
15 85 45 65 0 0 0 0.00 0.0 M 7.7 17 240 M M 0 21 230
16 78 50 64 0 1 0 0.00 0.0 M 11.4 18 20 M M 0 25 10
17 82 47 65 1 0 0 0.00 M M 8.2 17 250 M M 0 24 250
18 83 49 66 3 0 1 0.00 M M 12.5 22 230 M M 0 30 220
19 86 60 73 10 0 8 0.00 M M 15.6 31 200 M M 0 42 190
20 87 58 73 11 0 8 0.00 M M 11.2 30 200 M M 1 40 200
21 85 59 72 10 0 7 T M M 11.5 28 240 M M 2 34 240
22 83 53 68 6 0 3 T M M 8.7 25 270 M M 1 3 33 280
23 82 50 66 5 0 1 0.00 M M 10.2 20 250 M M 0 27 340
24 88 50 69 8 0 4 0.00 0.0 0 8.1 20 250 M M 0 25 240
25 93 54 74 14 0 9 0.00 0.0 0 10.7 21 240 M M 0 26 250
26 93 54 74 14 0 9 0.00 0.0 0 9.7 20 250 M M 0 8 28 10
27 69 41 55 -5 10 0 0.01 0.0 0 10.4 29 30 M M 2 18 40 40
28 61 37 49 -10 16 0 0.00 M M 6.6 17 350 M M 4 27 20
29 78 38 58 -1 7 0 0.00 M M 8.9 21 250 M M 0 27 250
30 79 46 63 5 2 0 0.00 M M 9.0 20 20 M M 1 25 20
================================================================================
SM 2406 1447 128 110 0.91 0.0 283.0 M 39
================================================================================
AV 80.2 48.2 9.4 FASTST M M 1 MAX(MPH)
MISC ----> 31 200 44 340
================================================================================
NOTES:
# LAST OF SEVERAL OCCURRENCES
COLUMN 17 PEAK WIND IN M.P.H.
PRELIMINARY LOCAL CLIMATOLOGICAL DATA (WS FORM: F-6) , PAGE 2
STATION: TRINIDAD CO
MONTH: SEPTEMBER
YEAR: 2020
LATITUDE: 37 16 N
LONGITUDE: 104 20 W
[TEMPERATURE DATA] [PRECIPITATION DATA] SYMBOLS USED IN COLUMN 16
AVERAGE MONTHLY: 64.2 TOTAL FOR MONTH: 0.91 1 = FOG OR MIST
DPTR FM NORMAL: 0.0 DPTR FM NORMAL: -0.33 2 = FOG REDUCING VISIBILITY
HIGHEST: 99 ON 6 GRTST 24HR 0.64 ON 8- 9 TO 1/4 MILE OR LESS
LOWEST: 29 ON 9 3 = THUNDER
SNOW, ICE PELLETS, HAIL 4 = ICE PELLETS
TOTAL MONTH: 0.0 INCH 5 = HAIL
GRTST 24HR 0.0 6 = FREEZING RAIN OR DRIZZLE
GRTST DEPTH: 0 7 = DUSTSTORM OR SANDSTORM:
VSBY 1/2 MILE OR LESS
8 = SMOKE OR HAZE
[NO. OF DAYS WITH] [WEATHER - DAYS WITH] 9 = BLOWING SNOW
X = TORNADO
MAX 32 OR BELOW: 0 0.01 INCH OR MORE: 4
MAX 90 OR ABOVE: 6 0.10 INCH OR MORE: 2
MIN 32 OR BELOW: 2 0.50 INCH OR MORE: 1
MIN 0 OR BELOW: 0 1.00 INCH OR MORE: 0
[HDD (BASE 65) ]
TOTAL THIS MO. 128 CLEAR (SCALE 0-3) 26
DPTR FM NORMAL 28 PTCLDY (SCALE 4-7) 2
TOTAL FM JUL 1 128 CLOUDY (SCALE 8-10) 2
DPTR FM NORMAL 17
[CDD (BASE 65) ]
TOTAL THIS MO. 110
DPTR FM NORMAL 36 [PRESSURE DATA]
TOTAL FM JAN 1 1144 HIGHEST SLP 30.47 ON 9
DPTR FM NORMAL 428 LOWEST SLP 29.46 ON 7
[REMARKS]
#FINAL-09-20#