410
CXUS55 KPUB 011210
CF6TAD
PRELIMINARY LOCAL CLIMATOLOGICAL DATA (WS FORM: F-6)
STATION: TRINIDAD CO
MONTH: JULY
YEAR: 2020
LATITUDE: 37 16 N
LONGITUDE: 104 20 W
TEMPERATURE IN F: :PCPN: SNOW: WIND :SUNSHINE: SKY :PK WND
================================================================================
1 2 3 4 5 6A 6B 7 8 9 10 11 12 13 14 15 16 17 18
12Z AVG MX 2MIN
DY MAX MIN AVG DEP HDD CDD WTR SNW DPTH SPD SPD DIR MIN PSBL S-S WX SPD DR
================================================================================
1 89 53 71 -2 0 6 0.00 M M 12.0 28 80 M M 0 38 90
2 93 58 76 3 0 11 T M M 8.7 22 290 M M 0 29 180
3 89 61 75 2 0 10 0.00 M M 12.8 37 150 M M 1 3 50 160
4 86 55 71 -2 0 6 0.22 M M 9.9 44 320 M M 3 138 58 320
5 83 54 69 -4 0 4 0.00 M M 8.1 15 10 M M 0 22 40
6 91 57 74 1 0 9 0.00 M M 8.9 24 150 M M 0 31 170
7 91 64 78 4 0 13 0.00 M M 14.1 32 160 M M 0 43 170
8 98 67 83 9 0 18 0.00 M M 14.1 32 240 M M 0 40 260
9 96 61 79 5 0 14 0.00 M M 11.6 31 120 M M 0 45 120
10 97 65 81 7 0 16 0.00 M M 9.0 23 150 M M 1 31 150
11 93 65 79 5 0 14 T M M 9.7 24 160 M M 0 3 32 160
12 95 60 78 4 0 13 0.03 M M 6.8 30 260 M M 1 3 39 250
13 100 61 81 7 0 16 T M M 9.4 33 340 M M 0 3 42 340
14 93 60 77 3 0 12 T M M 8.0 28 240 M M 1 3 36 240
15 91 54 73 -1 0 8 T M M 8.2 32 250 M M 2 3 48 260
16 93 63 78 4 0 13 0.22 0.0 0 9.8 39 180 M M 3 3 64 190
17 91 63 77 3 0 12 0.03 0.0 0 9.7 21 170 M M 3 3 30 240
18 95 65 80 6 0 15 0.00 0.0 0 15.1 30 310 M M 2 3 41 320
19 90 64 77 3 0 12 0.08 M M 9.5 30 270 M M 3 3 40 270
20 93 58 76 2 0 11 0.00 M M 11.3 26 30 M M 0 3 37 40
21 90 58 74 0 0 9 0.35 M M 10.3 28 220 M M 1 3 36 250
22 91 58 75 1 0 10 0.00 M M 9.7 21 190 M M 0 29 180
23 88 61 75 1 0 10 0.09 M M 10.3 28 280 M M 3 3 40 280
24 91 68 80 6 0 15 0.06 M M 11.1 28 240 M M 2 3 38 240
25 87 64 76 2 0 11 0.16 M M 9.7 30 250 M M 4 13 40 250
26 87 64 76 3 0 11 0.53 M M 8.3 33 250 M M 5 13 41 250
27 77 61 69 -4 0 4 0.03 M M 7.3 20 40 M M 8 25 320
28 85 57 71 -2 0 6 0.66 M M 7.2 32 360 M M 2 13 44 360
29 92 59 76 3 0 11 T M M 11.0 26 350 M M 0 40 350
30 84 55 70 -3 0 5 0.00 M M 8.5 25 50 M M 1 33 60
31 86 54 70 -3 0 5 T M M 6.9 29 220 M M 1 3 36 220
================================================================================
SM 2805 1867 0 330 2.46 0.0 307.0 M 47
================================================================================
AV 90.5 60.2 9.9 FASTST M M 2 MAX(MPH)
MISC ----> 44 320 64 190
================================================================================
NOTES:
# LAST OF SEVERAL OCCURRENCES
COLUMN 17 PEAK WIND IN M.P.H.
PRELIMINARY LOCAL CLIMATOLOGICAL DATA (WS FORM: F-6) , PAGE 2
STATION: TRINIDAD CO
MONTH: JULY
YEAR: 2020
LATITUDE: 37 16 N
LONGITUDE: 104 20 W
[TEMPERATURE DATA] [PRECIPITATION DATA] SYMBOLS USED IN COLUMN 16
AVERAGE MONTHLY: 75.4 TOTAL FOR MONTH: 2.46 1 = FOG OR MIST
DPTR FM NORMAL: 1.9 DPTR FM NORMAL: 0.16 2 = FOG REDUCING VISIBILITY
HIGHEST: 100 ON 13 GRTST 24HR 0.69 ON 25-26 TO 1/4 MILE OR LESS
LOWEST: 53 ON 1 3 = THUNDER
SNOW, ICE PELLETS, HAIL 4 = ICE PELLETS
TOTAL MONTH: 0.0 INCH 5 = HAIL
GRTST 24HR 0.0 6 = FREEZING RAIN OR DRIZZLE
GRTST DEPTH: 0 7 = DUSTSTORM OR SANDSTORM:
VSBY 1/2 MILE OR LESS
8 = SMOKE OR HAZE
[NO. OF DAYS WITH] [WEATHER - DAYS WITH] 9 = BLOWING SNOW
X = TORNADO
MAX 32 OR BELOW: 0 0.01 INCH OR MORE: 12
MAX 90 OR ABOVE: 20 0.10 INCH OR MORE: 6
MIN 32 OR BELOW: 0 0.50 INCH OR MORE: 2
MIN 0 OR BELOW: 0 1.00 INCH OR MORE: 0
[HDD (BASE 65) ]
TOTAL THIS MO. 0 CLEAR (SCALE 0-3) 27
DPTR FM NORMAL -3 PTCLDY (SCALE 4-7) 4
TOTAL FM JUL 1 0 CLOUDY (SCALE 8-10) 0
DPTR FM NORMAL 0
[CDD (BASE 65) ]
TOTAL THIS MO. 330
DPTR FM NORMAL 64 [PRESSURE DATA]
TOTAL FM JAN 1 667 HIGHEST SLP 30.16 ON 30
DPTR FM NORMAL 232 LOWEST SLP 29.59 ON 8
[REMARKS]
#FINAL-07-20#