000
CXUS55 KPUB 011310
CF6TAD
PRELIMINARY LOCAL CLIMATOLOGICAL DATA (WS FORM: F-6)
STATION: TRINIDAD CO
MONTH: NOVEMBER
YEAR: 2023
LATITUDE: 37 16 N
LONGITUDE: 104 20 W
TEMPERATURE IN F: :PCPN: SNOW: WIND :SUNSHINE: SKY :PK WND
================================================================================
1 2 3 4 5 6A 6B 7 8 9 10 11 12 13 14 15 16 17 18
12Z AVG MX 2MIN
DY MAX MIN AVG DEP HDD CDD WTR SNW DPTH SPD SPD DIR MIN PSBL S-S WX SPD DR
================================================================================
1 68 26 47 0 18 0 0.00 M M 8.6 17 240 M M 0 23 230
2 71 32 52 5 13 0 0.00 M M 8.3 17 260 M M 0 21 250
3 76 38 57 11 8 0 0.00 M M 9.7 21 330 M M 0 33 340
4 73 35 54 8 11 0 0.00 M M 8.5 20 230 M M 0 26 250
5 77 40 59 13 6 0 0.00 M M 8.4 18 240 M M 0 24 270
6 80 47 64 19 1 0 0.00 M M 10.6 24 270 M M 0 29 280
7 78 42 60 15 5 0 0.00 M M 8.9 24 240 M M 0 33 230
8 57 34 46 2 19 0 0.01 M M 9.4 21 20 M M 4 29 20
9 50 31 41 -3 24 0 0.05 M M 5.8 17 20 M M 8 1 24 300
10 57 28 43 -1 22 0 0.00 M M 11.6 25 250 M M 2 34 240
11 60 28 44 1 21 0 0.00 M M 9.7 22 250 M M 0 29 240
12 66 29 48 5 17 0 0.00 M M 8.5 16 240 M M 0 21 250
13 67 32 50 8 15 0 0.00 M M 11.4 22 250 M M 0 29 240
14 72 28 50 8 15 0 0.00 M M 10.3 21 250 M M 0 28 250
15 68 34 51 9 14 0 0.00 M M 10.5 20 250 M M 0 24 250
16 74 41 58 17 7 0 0.00 M M 8.9 24 260 M M 0 35 270
17 65 26 46 5 19 0 0.00 M M 8.0 17 140 M M 0 23 140
18 66 30 48 8 17 0 0.00 M M 8.0 16 250 M M 2 23 240
19 59 30 45 5 20 0 T M M 8.3 20 330 M M 4 25 340
20 46 36 41 1 24 0 0.05 M M 16.9 36 360 M M 9 1 49 10
21 52 25 39 0 26 0 0.00 M M 8.2 21 10 M M 3 28 10
22 70 29 50 11 15 0 0.00 M M 11.1 21 240 M M 0 28 250
23 44 25 35 -3 30 0 0.00 M M 11.4 17 20 M M 4 28 40
24 25 18 22 -16 43 0 T M M 6.7 14 60 M M 10 1 17 50
25 25 10 18 -20 47 0 T M M 6.5 13 250 M M 7 18 15 250
26 41 12 27 -10 38 0 0.00 M M 8.5 15 250 M M 0 20 120
27 44 13 29 -8 36 0 0.00 M M 8.6 16 260 M M 0 19 260
28 61 19 40 3 25 0 0.00 M M 10.5 18 270 M M 0 23 270
29 63 24 44 8 21 0 0.00 M M 8.2 16 250 M M 0 21 200
30 43 15 29 -7 36 0 0.00 M M 7.2 15 30 M M 1 8 19 360
================================================================================
SM 1798 857 613 0 0.11 M 277.2 M 54
================================================================================
AV 59.9 28.6 9.2 FASTST M M 2 MAX(MPH)
MISC ----> 36 360 49 10
================================================================================
NOTES:
# LAST OF SEVERAL OCCURRENCES
COLUMN 17 PEAK WIND IN M.P.H.
PRELIMINARY LOCAL CLIMATOLOGICAL DATA (WS FORM: F-6) , PAGE 2
STATION: TRINIDAD CO
MONTH: NOVEMBER
YEAR: 2023
LATITUDE: 37 16 N
LONGITUDE: 104 20 W
[TEMPERATURE DATA] [PRECIPITATION DATA] SYMBOLS USED IN COLUMN 16
AVERAGE MONTHLY: 44.3 TOTAL FOR MONTH: 0.11 1 = FOG OR MIST
DPTR FM NORMAL: 2.8 DPTR FM NORMAL: -0.48 2 = FOG REDUCING VISIBILITY
HIGHEST: 80 ON 6 GRTST 24HR 0.06 ON 8- 9 TO 1/4 MILE OR LESS
LOWEST: 10 ON 25 3 = THUNDER
SNOW, ICE PELLETS, HAIL 4 = ICE PELLETS
TOTAL MONTH: M 5 = HAIL
GRTST 24HR M ON M 6 = FREEZING RAIN OR DRIZZLE
GRTST DEPTH: M ON M 7 = DUSTSTORM OR SANDSTORM:
VSBY 1/2 MILE OR LESS
8 = SMOKE OR HAZE
[NO. OF DAYS WITH] [WEATHER - DAYS WITH] 9 = BLOWING SNOW
X = TORNADO
MAX 32 OR BELOW: 2 0.01 INCH OR MORE: 3
MAX 90 OR ABOVE: 0 0.10 INCH OR MORE: 0
MIN 32 OR BELOW: 21 0.50 INCH OR MORE: 0
MIN 0 OR BELOW: 0 1.00 INCH OR MORE: 0
[HDD (BASE 65) ]
TOTAL THIS MO. 613 CLEAR (SCALE 0-3) 22
DPTR FM NORMAL -94 PTCLDY (SCALE 4-7) 5
TOTAL FM JUL 1 1013 CLOUDY (SCALE 8-10) 3
DPTR FM NORMAL -151
[CDD (BASE 65) ]
TOTAL THIS MO. 0
DPTR FM NORMAL 0 [PRESSURE DATA]
TOTAL FM JAN 1 919 HIGHEST SLP 30.56 ON 21
DPTR FM NORMAL 42 LOWEST SLP 29.56 ON 7
[REMARKS]
#FINAL-11-23#