000
CXUS52 KTBW 040335
CF6TBW
PRELIMINARY LOCAL CLIMATOLOGICAL DATA (WS FORM: F-6)
STATION: Ruskin WFO
MONTH: APRIL
YEAR: 2020
LATITUDE: 27 42 N
LONGITUDE: 82 24 W
TEMPERATURE IN F: :PCPN: SNOW: WIND :SUNSHINE: SKY :PK WND
================================================================================
1 2 3 4 5 6A 6B 7 8 9 10 11 12 13 14 15 16 17 18
12Z AVG MX 2MIN
DY MAX MIN AVG DEP HDD CDD WTR SNW DPTH SPD SPD DIR MIN PSBL S-S WX SPD DR
================================================================================
1 76 61 69 M 0 4 T 0.0 0 M M M M M M M M
2 79 54 67 M 0 2 0.00 0.0 0 M M M M M M M M
3 85 54 70 M 0 5 0.00 0.0 0 M M M M M M M M
4 83 58 71 M 0 6 0.00 0.0 0 M M M M M M M M
5 68 60 64 M 1 0 0.22 0.0 0 M M M M M M M M
6 85 62 74 M 0 9 0.00 0.0 0 M M M M M M M M
7 88 63 76 M 0 11 0.00 0.0 0 M M M M M M M M
8 84 65 75 M 0 10 0.00 0.0 0 M M M M M M M M
9 85 70 78 M 0 13 0.00 0.0 0 M M M M M M M M
10 84 69 77 M 0 12 0.03 0.0 0 M M M M M M M M
11 85 63 74 M 0 9 0.00 0.0 0 M M M M M M M M
12 94 72 83 M 0 18 0.00 0.0 0 M M M M M M M M
13 89 75 82 M 0 17 0.00 0.0 0 M M M M M M M M
14 91 73 82 M 0 17 0.00 0.0 0 M M M M M M M M
15 87 73 80 M 0 15 0.02 0.0 0 M M M M M M M M
16 73 61 67 M 0 2 0.13 0.0 0 M M M M M M M M
17 86 63 75 M 0 10 0.00 0.0 0 M M M M M M M M
18 82 68 75 M 0 10 0.38 0.0 0 M M M M M M 3 M M
19 90 69 80 M 0 15 0.00 0.0 0 M M M M M M M M
20 81 67 74 M 0 9 0.11 0.0 0 M M M M M M 3 M M
21 84 62 73 M 0 8 0.00 0.0 0 M M M M M M M M
22 88 63 76 M 0 11 0.00 0.0 0 M M M M M M M M
23 92 67 80 M 0 15 0.00 0.0 0 M M M M M M M M
24 80 67 74 M 0 9 2.10 0.0 0 M M M M M M 13 M M
25 87 68 78 M 0 13 0.37 0.0 0 M M M M M M 3 M M
26 84 71 78 M 0 13 0.00 0.0 0 M M M M M M M M
27 77 63 70 M 0 5 0.00 0.0 0 M M M M M M M M
28 86 60 73 M 0 8 0.00 0.0 0 M M M M M M M M
29 86 62 74 M 0 9 0.00 0.0 0 M M M M M M M M
30 80 67 74 M 0 9 0.92 0.0 0 M M M M M M 13 M M
================================================================================
SM 2519 1950 1 294 4.28 0.0 M M M
================================================================================
AV 84.0 65.0 M FASTST M M 4 MAX(MPH)
MISC ----> M M M M
================================================================================
NOTES:
# LAST OF SEVERAL OCCURRENCES
COLUMN 17 PEAK WIND IN M.P.H.
PRELIMINARY LOCAL CLIMATOLOGICAL DATA (WS FORM: F-6) , PAGE 2
STATION: Ruskin WFO
MONTH: APRIL
YEAR: 2020
LATITUDE: 27 42 N
LONGITUDE: 82 24 W
[TEMPERATURE DATA] [PRECIPITATION DATA] SYMBOLS USED IN COLUMN 16
AVERAGE MONTHLY: 74.5 TOTAL FOR MONTH: 4.28 1 = FOG OR MIST
DPTR FM NORMAL: M DPTR FM NORMAL: M 2 = FOG REDUCING VISIBILITY
HIGHEST: 94 ON 12 GRTST 24HR 2.10 ON 24-24 TO 1/4 MILE OR LESS
LOWEST: 54 ON 3, 2 3 = THUNDER
SNOW, ICE PELLETS, HAIL 4 = ICE PELLETS
TOTAL MONTH: 0.0 INCH 5 = HAIL
GRTST 24HR 0.0 6 = FREEZING RAIN OR DRIZZLE
GRTST DEPTH: 0 7 = DUSTSTORM OR SANDSTORM:
VSBY 1/2 MILE OR LESS
8 = SMOKE OR HAZE
[NO. OF DAYS WITH] [WEATHER - DAYS WITH] 9 = BLOWING SNOW
X = TORNADO
MAX 32 OR BELOW: 0 0.01 INCH OR MORE: 9
MAX 90 OR ABOVE: 4 0.10 INCH OR MORE: 7
MIN 32 OR BELOW: 0 0.50 INCH OR MORE: 2
MIN 0 OR BELOW: 0 1.00 INCH OR MORE: 1
[HDD (BASE 65) ]
TOTAL THIS MO. 1 CLEAR (SCALE 0-3) 0
DPTR FM NORMAL M PTCLDY (SCALE 4-7) 0
TOTAL FM JUL 1 298 CLOUDY (SCALE 8-10) 0
DPTR FM NORMAL M
[CDD (BASE 65) ]
TOTAL THIS MO. 294
DPTR FM NORMAL M [PRESSURE DATA]
TOTAL FM JAN 1 806 HIGHEST SLP M ON M
DPTR FM NORMAL M LOWEST SLP M ON M
[REMARKS]
#FINAL-04-20#