000
CXUS54 KFWD 010731
CF6TKI
PRELIMINARY LOCAL CLIMATOLOGICAL DATA (WS FORM: F-6)
STATION: MCKINNEY
MONTH: OCTOBER
YEAR: 2023
LATITUDE: 33 10 N
LONGITUDE: 96 35 W
TEMPERATURE IN F: :PCPN: SNOW: WIND :SUNSHINE: SKY :PK WND
================================================================================
1 2 3 4 5 6A 6B 7 8 9 10 11 12 13 14 15 16 17 18
12Z AVG MX 2MIN
DY MAX MIN AVG DEP HDD CDD WTR SNW DPTH SPD SPD DIR MIN PSBL S-S WX SPD DR
================================================================================
1 91 62 77 5 0 12 0.00 M M 4.5 12 160 M M 0 18 140
2 90 62 76 5 0 11 0.00 M M 5.8 15 140 M M 1 24 140
3 90 64 77 6 0 12 0.00 M M 8.0 21 160 M M 0 27 160
4 92 69 81 10 0 16 1.30 M M 11.6 32 350 M M 7 13 44 10
5 84 65 75 5 0 10 0.07 M M 6.7 23 80 M M 5 8 33 80
6 87 59 73 3 0 8 0.00 M M 8.2 20 360 M M 0 25 20
7 71 50 61 -9 4 0 0.00 M M 8.0 21 10 M M 2 29 360
8 77 46 62 -7 3 0 0.00 M M 4.4 13 180 M M 0 18 180
9 87 53 70 1 0 5 0.00 M M 7.9 16 180 M M 0 20 190
10 84 58 71 3 0 6 0.00 M M 9.0 21 180 M M 0 28 170
11 75 65 70 2 0 5 0.00 M M 13.4 22 150 M M 7 30 150
12 73 63 68 0 0 3 0.00 M M 14.2 21 160 M M 8 28 160
13 79 61 70 3 0 5 0.00 M M 13.8 24 320 M M 4 31 300
14 70 53 62 -5 3 0 0.00 M M 12.4 21 330 M M 0 28 330
15 67 50 59 -7 6 0 0.00 M M 11.7 24 340 M M 4 31 330
16 66 42 54 -12 11 0 0.00 M M 6.5 20 350 M M 0 27 350
17 72 38 55 -11 10 0 0.00 M M 5.3 12 140 M M 0 16 140
18 81 49 65 0 0 0 0.00 M M 8.7 23 180 M M 0 30 170
19 85 50 68 3 0 3 0.00 M M 3.6 16 320 M M 0 22 310
20 93 50 72 8 0 7 0.00 M M 3.4 14 350 M M 0 19 340
21 91 50 71 7 0 6 0.00 M M 3.4 15 180 M M 0 21 170
22 84 56 70 6 0 5 0.00 M M 5.6 14 140 M M 0 18 170
23 78 70 74 11 0 9 0.01 M M 9.7 20 150 M M 5 28 190
24 74 70 72 9 0 7 0.86 M M 9.2 22 160 M M 9 1 31 150
25 80 67 74 11 0 9 2.13 M M 11.5 26 340 M M 10 13 30 350
26 79 67 73 11 0 8 1.75 M M 9.2 23 350 M M 7 13 29 350
27 87 61 74 12 0 9 0.01 M M 10.8 17 320 M M 9 21 310
28 62 53 58 -4 7 0 2.05 M M 7.4 15 360 M M 10 1 19 360
29 53 40 47 -14 18 0 0.10 M M 14.9 28 360 M M 10 1 38 360
30 50 36 43 -18 22 0 0.47 M M 13.8 29 360 M M 2 1 38 10
31 61 33 47 -13 18 0 0.00 M M 8.3 18 350 M M 0 26 310
================================================================================
SM 2413 1712 102 156 8.75 M 270.9 M 100
================================================================================
AV 77.8 55.2 8.7 FASTST M M 3 MAX(MPH)
MISC ----> 32 350 44 10
================================================================================
NOTES:
# LAST OF SEVERAL OCCURRENCES
COLUMN 17 PEAK WIND IN M.P.H.
PRELIMINARY LOCAL CLIMATOLOGICAL DATA (WS FORM: F-6) , PAGE 2
STATION: MCKINNEY
MONTH: OCTOBER
YEAR: 2023
LATITUDE: 33 10 N
LONGITUDE: 96 35 W
[TEMPERATURE DATA] [PRECIPITATION DATA] SYMBOLS USED IN COLUMN 16
AVERAGE MONTHLY: 66.5 TOTAL FOR MONTH: 8.75 1 = FOG OR MIST
DPTR FM NORMAL: 0.5 DPTR FM NORMAL: 4.34 2 = FOG REDUCING VISIBILITY
HIGHEST: 93 ON 20 GRTST 24HR 3.88 ON 25-26 TO 1/4 MILE OR LESS
LOWEST: 33 ON 31 3 = THUNDER
SNOW, ICE PELLETS, HAIL 4 = ICE PELLETS
TOTAL MONTH: M 5 = HAIL
GRTST 24HR M ON M 6 = FREEZING RAIN OR DRIZZLE
GRTST DEPTH: M ON M 7 = DUSTSTORM OR SANDSTORM:
VSBY 1/2 MILE OR LESS
8 = SMOKE OR HAZE
[NO. OF DAYS WITH] [WEATHER - DAYS WITH] 9 = BLOWING SNOW
X = TORNADO
MAX 32 OR BELOW: 0 0.01 INCH OR MORE: 10
MAX 90 OR ABOVE: 6 0.10 INCH OR MORE: 7
MIN 32 OR BELOW: 0 0.50 INCH OR MORE: 5
MIN 0 OR BELOW: 0 1.00 INCH OR MORE: 4
[HDD (BASE 65) ]
TOTAL THIS MO. 102 CLEAR (SCALE 0-3) 18
DPTR FM NORMAL 12 PTCLDY (SCALE 4-7) 8
TOTAL FM JUL 1 102 CLOUDY (SCALE 8-10) 5
DPTR FM NORMAL 7
[CDD (BASE 65) ]
TOTAL THIS MO. 156
DPTR FM NORMAL 33 [PRESSURE DATA]
TOTAL FM JAN 1 2880 HIGHEST SLP M ON M
DPTR FM NORMAL 372 LOWEST SLP 29.59 ON 12
[REMARKS]
#FINAL-10-23#