000
CXUS54 KBMX 011110
CF6TOI
PRELIMINARY LOCAL CLIMATOLOGICAL DATA (WS FORM: F-6)
STATION: TROY
MONTH: JANUARY
YEAR: 2022
LATITUDE: 31 51 N
LONGITUDE: 86 1 W
TEMPERATURE IN F: :PCPN: SNOW: WIND :SUNSHINE: SKY :PK WND
================================================================================
1 2 3 4 5 6A 6B 7 8 9 10 11 12 13 14 15 16 17 18
12Z AVG MX 2MIN
DY MAX MIN AVG DEP HDD CDD WTR SNW DPTH SPD SPD DIR MIN PSBL S-S WX SPD DR
================================================================================
1 85 73 79 31 0 14 0.04 0.0 0 10.9 22 190 M M 8 32 200
2 75 39 57 9 8 0 1.15 0.0 0 10.9 28 290 M M 8 1 39 290
3 46 32 39 -9 26 0 T T 0 12.7 23 300 M M 6 32 320
4 58 30 44 -4 21 0 0.00 0.0 0 3.1 14 140 M M 2 20 160
5 66 34 50 3 15 0 0.00 0.0 M 1.6 10 300 M M 5 18 15 280
6 75 38 57 10 8 0 0.00 0.0 M 8.6 24 330 M M 4 35 210
7 55 34 45 -2 20 0 0.00 0.0 0 5.6 13 360 M M 2 8 17 330
8 65 32 49 2 16 0 0.00 0.0 0 6.4 15 120 M M 1 20 100
9 75 56 66 19 0 1 1.42 0.0 0 7.8 17 320 M M 10 13 23 310
10 64 37 51 4 14 0 T 0.0 M 10.5 20 340 M M 3 18 25 340
11 56 30 43 -4 22 0 0.00 0.0 M 3.1 15 10 M M 0 19 360
12 62 29 46 -1 19 0 0.00 0.0 0 1.4 8 330 M M 0 11 300
13 67 33 50 3 15 0 0.00 0.0 0 3.6 16 250 M M 0 21 250
14 65 32 49 2 16 0 0.00 0.0 0 2.8 13 340 M M 0 8 18 350
15 67 38 53 6 12 0 0.69 0.0 0 6.1 20 110 M M 5 1 27 90
16 53 36 45 -2 20 0 0.29 T 0 12.6 21 250 M M 10 18 30 240
17 45 30 38 -9 27 0 0.00 0.0 0 6.5 20 320 M M 6 8 23 330
18 60 27 44 -3 21 0 0.00 0.0 0 0.7 6 220 M M 0 18 9 310
19 69 33 51 4 14 0 0.00 0.0 0 4.5 14 200 M M 1 18 200
20 60 37 49 1 16 0 0.53 0.0 0 8.1 20 330 M M 10 18 24 330
21 40 34 37 -11 28 0 0.03 0.0 0 8.4 14 360 M M 10 19 350
22 49 29 39 -9 26 0 0.00 0.0 0 4.7 12 360 M M 6 1 15 10
23 54 22 38 -10 27 0 0.00 0.0 0 2.5 13 310 M M 0 16 320
24 63 28 46 -2 19 0 T 0.0 0 2.3 10 220 M M 0 15 230
25 63 40 52 4 13 0 T M M 1.4 8 30 M M 8 12 40
26 61 37 49 1 16 0 0.00 0.0 0 7.9 16 350 M M 0 8 22 340
27 63 30 47 -1 18 0 0.00 0.0 0 3.5 12 120 M M 0 15 110
28 56 37 47 -1 18 0 0.00 0.0 M 7.5 23 320 M M 3 30 330
29 47 25 36 -12 29 0 0.00 0.0 M 9.0 22 340 M M 0 30 330
30 66 23 45 -3 20 0 0.00 0.0 0 7.2 21 230 M M 0 29 250
31 70 33 52 3 13 0 0.00 0.0 0 1.8 9 280 M M 1 128 13 260
================================================================================
SM 1900 1068 537 15 4.15 T 183.7 M 109
================================================================================
AV 61.3 34.5 5.9 FASTST M M 4 MAX(MPH)
MISC ----> 28 290 39 290
================================================================================
NOTES:
# LAST OF SEVERAL OCCURRENCES
COLUMN 17 PEAK WIND IN M.P.H.
PRELIMINARY LOCAL CLIMATOLOGICAL DATA (WS FORM: F-6) , PAGE 2
STATION: TROY
MONTH: JANUARY
YEAR: 2022
LATITUDE: 31 51 N
LONGITUDE: 86 1 W
[TEMPERATURE DATA] [PRECIPITATION DATA] SYMBOLS USED IN COLUMN 16
AVERAGE MONTHLY: 47.9 TOTAL FOR MONTH: 4.15 1 = FOG OR MIST
DPTR FM NORMAL: 0.3 DPTR FM NORMAL: -0.89 2 = FOG REDUCING VISIBILITY
HIGHEST: 85 ON 1 GRTST 24HR 1.64 ON 15-16 TO 1/4 MILE OR LESS
LOWEST: 22 ON 23 3 = THUNDER
SNOW, ICE PELLETS, HAIL 4 = ICE PELLETS
TOTAL MONTH: T 5 = HAIL
GRTST 24HR T ON 3- 3 6 = FREEZING RAIN OR DRIZZLE
GRTST DEPTH: 0 7 = DUSTSTORM OR SANDSTORM:
VSBY 1/2 MILE OR LESS
8 = SMOKE OR HAZE
[NO. OF DAYS WITH] [WEATHER - DAYS WITH] 9 = BLOWING SNOW
X = TORNADO
MAX 32 OR BELOW: 0 0.01 INCH OR MORE: 7
MAX 90 OR ABOVE: 0 0.10 INCH OR MORE: 5
MIN 32 OR BELOW: 14 0.50 INCH OR MORE: 4
MIN 0 OR BELOW: 0 1.00 INCH OR MORE: 2
[HDD (BASE 65) ]
TOTAL THIS MO. 537 CLEAR (SCALE 0-3) 17
DPTR FM NORMAL -5 PTCLDY (SCALE 4-7) 10
TOTAL FM JUL 1 1065 CLOUDY (SCALE 8-10) 4
DPTR FM NORMAL -371
[CDD (BASE 65) ]
TOTAL THIS MO. 15
DPTR FM NORMAL 12 [PRESSURE DATA]
TOTAL FM JAN 1 15 HIGHEST SLP 30.54 ON 11
DPTR FM NORMAL 12 LOWEST SLP 29.46 ON 16
[REMARKS]
#FINAL-01-22#