000
CXUS53 KTOP 010910
CF6TOP
PRELIMINARY LOCAL CLIMATOLOGICAL DATA (WS FORM: F-6)
STATION: TOPEKA KS
MONTH: FEBRUARY
YEAR: 2023
LATITUDE: 39 4 N
LONGITUDE: 95 38 W
TEMPERATURE IN F: :PCPN: SNOW: WIND :SUNSHINE: SKY :PK WND
================================================================================
1 2 3 4 5 6A 6B 7 8 9 10 11 12 13 14 15 16 17 18
12Z AVG MX 2MIN
DY MAX MIN AVG DEP HDD CDD WTR SNW DPTH SPD SPD DIR MIN PSBL S-S WX SPD DR
================================================================================
1 43 8 26 -5 39 0 0.00 0.0 0 4.6 13 190 M M 0 19 180
2 53 15 34 2 31 0 0.00 0.0 0 7.6 23 360 M M 0 31 10
3 40 8 24 -8 41 0 0.00 0.0 0 7.4 16 160 M M 0 23 170
4 58 32 45 13 20 0 0.00 0.0 0 9.1 20 210 M M 0 33 220
5 64 29 47 15 18 0 0.00 0.0 0 5.5 14 280 M M 0 19 280
6 71 26 49 17 16 0 0.00 0.0 0 13.2 30 190 M M 0 44 210
7 55 26 41 8 24 0 0.00 0.0 0 4.5 13 310 M M 0 18 270
8 47 18 33 0 32 0 0.36 0.0 0 3.5 14 350 M M 5 1 21 360
9 46 33 40 7 25 0 0.66 0.4 T 12.5 20 350 M M 8 1 30 340
10 42 20 31 -2 34 0 0.00 0.0 0 6.3 18 340 M M 1 26 320
11 51 15 33 -1 32 0 0.00 0.0 0 3.0 12 190 M M 0 16 170
12 63 25 44 10 21 0 0.00 0.0 0 6.5 20 180 M M 0 27 180
13 62 24 43 9 22 0 0.00 0.0 0 6.0 14 160 M M 0 20 160
14 59 43 51 17 14 0 0.40 0.0 0 11.1 31 210 M M 8 1 51 200
15 43 29 36 1 29 0 0.03 T 0 14.1 23 20 M M 10 34 33 300
16 29 19 24 -11 41 0 0.07 0.2 T 10.5 20 350 M M 8 168 31 340
17 49 12 31 -5 34 0 0.00 0.0 T 5.6 15 190 M M 0 24 200
18 56 32 44 8 21 0 0.00 0.0 0 12.7 26 200 M M 1 43 190
19 57 27 42 6 23 0 T 0.0 0 4.3 21 190 M M 1 31 180
20 66 24 45 9 20 0 0.00 0.0 0 4.1 15 270 M M 0 1 24 290
21 63 29 46 9 19 0 0.00 0.0 0 8.2 20 140 M M 1 27 120
22 63 28 46 9 19 0 0.05 0.0 0 10.4 22 150 M M 7 30 160
23 31 13 22 -16 43 0 T T 0 12.2 22 290 M M 2 34 290
24 32 11 22 -16 43 0 0.04 T 0 6.5 17 60 M M 5 46 24 20
25 51 18 35 -3 30 0 0.00 0.0 0 3.7 14 180 M M 1 8 20 210
26 62 27 45 6 20 0 0.35 0.0 0 9.1 20 170 M M 8 1238 27 170
27 67 42 55 16 10 0 0.90 0.0 0 M 30 240 M M 1 13 57 230
28 67 32 50 10 15 0 0.00 0.0 0 6.1 18 140 M M 0 26 160
================================================================================
SM 1490 665 736 0 2.86 0.6 208.3 M 67
================================================================================
AV 53.2 23.8 7.7 FASTST M M 2 MAX(MPH)
MISC ----> 31 210 57 230
================================================================================
NOTES:
# LAST OF SEVERAL OCCURRENCES
COLUMN 17 PEAK WIND IN M.P.H.
PRELIMINARY LOCAL CLIMATOLOGICAL DATA (WS FORM: F-6) , PAGE 2
STATION: TOPEKA KS
MONTH: FEBRUARY
YEAR: 2023
LATITUDE: 39 4 N
LONGITUDE: 95 38 W
[TEMPERATURE DATA] [PRECIPITATION DATA] SYMBOLS USED IN COLUMN 16
AVERAGE MONTHLY: 38.5 TOTAL FOR MONTH: 2.86 1 = FOG OR MIST
DPTR FM NORMAL: 3.6 DPTR FM NORMAL: 1.55 2 = FOG REDUCING VISIBILITY
HIGHEST: 71 ON 6 GRTST 24HR 1.02 ON 8- 9 TO 1/4 MILE OR LESS
LOWEST: 8 ON 3, 1 3 = THUNDER
SNOW, ICE PELLETS, HAIL 4 = ICE PELLETS
TOTAL MONTH: 0.6 INCH 5 = HAIL
GRTST 24HR 0.4 ON 9- 9 6 = FREEZING RAIN OR DRIZZLE
GRTST DEPTH: T 7 = DUSTSTORM OR SANDSTORM:
VSBY 1/2 MILE OR LESS
8 = SMOKE OR HAZE
[NO. OF DAYS WITH] [WEATHER - DAYS WITH] 9 = BLOWING SNOW
X = TORNADO
MAX 32 OR BELOW: 3 0.01 INCH OR MORE: 9
MAX 90 OR ABOVE: 0 0.10 INCH OR MORE: 5
MIN 32 OR BELOW: 25 0.50 INCH OR MORE: 2
MIN 0 OR BELOW: 0 1.00 INCH OR MORE: 0
[HDD (BASE 65) ]
TOTAL THIS MO. 736 CLEAR (SCALE 0-3) 20
DPTR FM NORMAL -105 PTCLDY (SCALE 4-7) 6
TOTAL FM JUL 1 3578 CLOUDY (SCALE 8-10) 2
DPTR FM NORMAL -266
[CDD (BASE 65) ]
TOTAL THIS MO. 0
DPTR FM NORMAL 0 [PRESSURE DATA]
TOTAL FM JAN 1 0 HIGHEST SLP 30.68 ON 3
DPTR FM NORMAL 0 LOWEST SLP 29.04 ON 27
[REMARKS]
#FINAL-02-23#