000
CXUS53 KTOP 010810
CF6TOP
PRELIMINARY LOCAL CLIMATOLOGICAL DATA (WS FORM: F-6)
STATION: TOPEKA KS
MONTH: MAY
YEAR: 2022
LATITUDE: 39 4 N
LONGITUDE: 95 38 W
TEMPERATURE IN F: :PCPN: SNOW: WIND :SUNSHINE: SKY :PK WND
================================================================================
1 2 3 4 5 6A 6B 7 8 9 10 11 12 13 14 15 16 17 18
12Z AVG MX 2MIN
DY MAX MIN AVG DEP HDD CDD WTR SNW DPTH SPD SPD DIR MIN PSBL S-S WX SPD DR
================================================================================
1 73 49 61 1 4 0 0.00 0.0 0 7.5 21 310 M M 2 38 29 260
2 60 47 54 -7 11 0 0.39 0.0 0 12.8 26 50 M M 9 138 35 310
3 57 45 51 -10 14 0 T 0.0 0 9.8 21 350 M M 10 1 30 340
4 54 51 53 -8 12 0 0.88 0.0 0 9.1 24 50 M M 10 13 32 70
5 64 53 59 -3 6 0 1.73 0.0 0 6.5 21 110 M M 10 1 26 100
6 68 55 62 0 3 0 0.11 0.0 0 4.5 13 60 M M 10 1 17 20
7 76 51 64 2 1 0 0.00 0.0 0 11.8 23 120 M M 0 1 31 110
8 79 63 71 8 0 6 0.02 0.0 0 15.7 26 150 M M 8 38 140
9 94 72 83 20 0 18 0.00 0.0 0 19.1 32 180 M M 1 8 50 170
10 95 78 87 24 0 22 0.00 0.0 0 13.4 23 180 M M 4 36 160
11 92 75 84 20 0 19 0.00 0.0 0 11.1 21 170 M M 2 1 30 160
12 96 72 84 20 0 19 0.00 0.0 0 11.9 25 150 M M 0 3 35 180
13 84 63 74 9 0 9 1.25 T 0 7.3 28 100 M M 3 135 35 90
14 91 62 77 12 0 12 0.00 0.0 0 2.4 17 330 M M 1 12 26 340
15 78 56 67 2 0 2 0.80 0.0 0 7.6 39 340 M M 2 13 61 320
16 83 52 68 2 0 3 0.00 0.0 0 2.0 9 300 M M 0 12 14 300
17 85 57 71 5 0 6 1.33 0.0 0 9.0 33 60 M M 3 13 45 230
18 87 63 75 9 0 10 0.15 0.0 0 4.9 22 240 M M 2 138 36 240
19 85 64 75 8 0 10 0.00 0.0 0 8.3 20 180 M M 0 1 29 170
20 79 58 69 2 0 4 0.00 0.0 0 11.1 24 10 M M 8 37 170
21 65 44 55 -13 10 0 T 0.0 0 10.4 22 340 M M 6 3 29 310
22 71 42 57 -11 8 0 0.00 0.0 0 5.0 15 30 M M 0 23 20
23 70 47 59 -9 6 0 0.00 0.0 0 8.1 22 110 M M 6 34 110
24 62 56 59 -10 6 0 0.72 0.0 0 12.2 21 80 M M 10 1 31 80
25 65 57 61 -8 4 0 1.69 0.0 0 5.8 23 320 M M 10 1 29 320
26 65 48 57 -12 8 0 0.07 0.0 0 8.1 21 320 M M 8 12 29 340
27 82 46 64 -6 1 0 0.00 0.0 0 3.7 12 150 M M 1 128 17 150
28 88 62 75 5 0 10 0.00 0.0 0 13.1 29 190 M M 0 43 210
29 89 72 81 11 0 16 T 0.0 0 18.1 32 170 M M 0 51 170
30 88 73 81 10 0 16 0.00 0.0 0 19.3 32 170 M M 1 47 170
31 83 62 73 2 0 8 2.54 0.0 0 4.7 25 320 M M 8 138 31 280
================================================================================
SM 2408 1795 94 190 11.68 T 294.3 M 135
================================================================================
AV 77.7 57.9 9.5 FASTST M M 4 MAX(MPH)
MISC ----> 39 340 61 320
================================================================================
NOTES:
# LAST OF SEVERAL OCCURRENCES
COLUMN 17 PEAK WIND IN M.P.H.
PRELIMINARY LOCAL CLIMATOLOGICAL DATA (WS FORM: F-6) , PAGE 2
STATION: TOPEKA KS
MONTH: MAY
YEAR: 2022
LATITUDE: 39 4 N
LONGITUDE: 95 38 W
[TEMPERATURE DATA] [PRECIPITATION DATA] SYMBOLS USED IN COLUMN 16
AVERAGE MONTHLY: 67.8 TOTAL FOR MONTH: 11.68 1 = FOG OR MIST
DPTR FM NORMAL: 2.1 DPTR FM NORMAL: 6.51 2 = FOG REDUCING VISIBILITY
HIGHEST: 96 ON 12 GRTST 24HR 2.54 ON 31-31 TO 1/4 MILE OR LESS
LOWEST: 42 ON 22 3 = THUNDER
SNOW, ICE PELLETS, HAIL 4 = ICE PELLETS
TOTAL MONTH: T 5 = HAIL
GRTST 24HR T ON 13-13 6 = FREEZING RAIN OR DRIZZLE
GRTST DEPTH: 0 7 = DUSTSTORM OR SANDSTORM:
VSBY 1/2 MILE OR LESS
8 = SMOKE OR HAZE
[NO. OF DAYS WITH] [WEATHER - DAYS WITH] 9 = BLOWING SNOW
X = TORNADO
MAX 32 OR BELOW: 0 0.01 INCH OR MORE: 13
MAX 90 OR ABOVE: 5 0.10 INCH OR MORE: 11
MIN 32 OR BELOW: 0 0.50 INCH OR MORE: 8
MIN 0 OR BELOW: 0 1.00 INCH OR MORE: 5
[HDD (BASE 65) ]
TOTAL THIS MO. 94 CLEAR (SCALE 0-3) 17
DPTR FM NORMAL -2 PTCLDY (SCALE 4-7) 7
TOTAL FM JUL 1 4384 CLOUDY (SCALE 8-10) 7
DPTR FM NORMAL -468
[CDD (BASE 65) ]
TOTAL THIS MO. 190
DPTR FM NORMAL 73 [PRESSURE DATA]
TOTAL FM JAN 1 222 HIGHEST SLP M ON M
DPTR FM NORMAL 78 LOWEST SLP 29.21 ON 20
[REMARKS]
#FINAL-05-22#