000
CXUS53 KTOP 010800
CF6TOP
PRELIMINARY LOCAL CLIMATOLOGICAL DATA (WS FORM: F-6)
STATION: Topeka KS
MONTH: MAY
YEAR: 2020
LATITUDE: 39 4 N
LONGITUDE: 95 38 W
TEMPERATURE IN F: :PCPN: SNOW: WIND :SUNSHINE: SKY :PK WND
================================================================================
1 2 3 4 5 6A 6B 7 8 9 10 11 12 13 14 15 16 17 18
12Z AVG MX 2MIN
DY MAX MIN AVG DEP HDD CDD WTR SNW DPTH SPD SPD DIR MIN PSBL S-S WX SPD DR
================================================================================
1 83 53 68 8 0 3 0.00 0.0 0 8.4 24 180 M M 0 34 180
2 82 56 69 8 0 4 0.00 0.0 0 8.4 22 50 M M 4 32 40
3 77 58 68 7 0 3 0.00 0.0 0 8.4 18 60 M M 3 26 80
4 63 51 57 -4 8 0 1.92 T 0 10.2 30 280 M M 6 135 55 260
5 73 50 62 0 3 0 0.00 0.0 0 11.6 31 320 M M 2 45 320
6 65 45 55 -7 10 0 T 0.0 0 4.9 17 10 M M 4 23 360
7 58 40 49 -13 16 0 0.19 0.0 0 5.3 25 110 M M 6 12 33 110
8 61 41 51 -12 14 0 0.01 0.0 0 10.9 24 350 M M 2 35 360
9 65 37 51 -12 14 0 0.00 0.0 0 5.2 20 320 M M 3 1 27 320
10 62 40 51 -12 14 0 0.00 0.0 0 10.8 24 320 M M 1 39 320
11 51 39 45 -19 20 0 0.02 0.0 0 2.6 14 30 M M 8 18 20
12 55 44 50 -14 15 0 T 0.0 0 8.1 16 80 M M 10 25 80
13 70 50 60 -4 5 0 T 0.0 0 8.3 16 120 M M 10 1 22 190
14 82 63 73 9 0 8 0.22 0.0 0 9.3 22 140 M M 7 13 31 130
15 73 62 68 3 0 3 0.03 0.0 0 8.2 23 60 M M 7 33 70
16 75 59 67 2 0 2 0.00 0.0 0 3.6 12 90 M M 6 1 17 110
17 71 56 64 -1 1 0 0.00 0.0 0 12.9 24 320 M M 7 34 320
18 68 53 61 -5 4 0 0.00 0.0 0 10.0 22 340 M M 7 35 350
19 73 55 64 -2 1 0 T 0.0 0 6.6 12 50 M M 6 18 16 40
20 70 52 61 -5 4 0 0.00 0.0 0 5.0 15 70 M M 7 1 22 110
21 75 58 67 0 0 2 T 0.0 0 9.2 16 100 M M 7 22 100
22 78 63 71 4 0 6 0.63 0.0 0 9.7 29 70 M M 6 13 39 60
23 84 62 73 6 0 8 0.00 0.0 0 7.1 16 270 M M 3 24 270
24 84 69 77 9 0 12 0.03 0.0 0 8.2 24 170 M M 3 3 34 200
25 74 66 70 2 0 5 1.08 0.0 0 4.8 12 280 M M 6 13 16 280
26 69 62 66 -2 0 1 1.59 0.0 0 7.3 14 290 M M 10 1 21 290
27 75 61 68 0 0 3 0.06 0.0 0 3.4 12 320 M M 7 1 15 310
28 79 63 71 2 0 6 0.25 0.0 0 7.0 23 350 M M 5 1 33 360
29 81 53 67 -2 0 2 0.00 0.0 0 3.8 15 10 M M 0 21 360
30 79 57 68 -1 0 3 0.00 0.0 0 6.3 15 60 M M 3 20 50
31 84 62 73 3 0 8 T 0.0 0 10.3 20 130 M M 2 26 130
================================================================================
SM 2239 1680 129 79 6.03 T 235.8 M 158
================================================================================
AV 72.2 54.2 7.6 FASTST M M 5 MAX(MPH)
MISC ----> # 31 320 # 55 260
================================================================================
NOTES:
# LAST OF SEVERAL OCCURRENCES
COLUMN 17 PEAK WIND IN M.P.H.
PRELIMINARY LOCAL CLIMATOLOGICAL DATA (WS FORM: F-6) , PAGE 2
STATION: Topeka KS
MONTH: MAY
YEAR: 2020
LATITUDE: 39 4 N
LONGITUDE: 95 38 W
[TEMPERATURE DATA] [PRECIPITATION DATA] SYMBOLS USED IN COLUMN 16
AVERAGE MONTHLY: 63.2 TOTAL FOR MONTH: 6.03 1 = FOG OR MIST
DPTR FM NORMAL: -1.8 DPTR FM NORMAL: 1.12 2 = FOG REDUCING VISIBILITY
HIGHEST: 84 ON 31,24 GRTST 24HR 1.92 ON 4- 4 TO 1/4 MILE OR LESS
LOWEST: 37 ON 9 3 = THUNDER
SNOW, ICE PELLETS, HAIL 4 = ICE PELLETS
TOTAL MONTH: T 5 = HAIL
GRTST 24HR T ON 4- 4 6 = FREEZING RAIN OR DRIZZLE
GRTST DEPTH: 0 7 = DUSTSTORM OR SANDSTORM:
VSBY 1/2 MILE OR LESS
8 = SMOKE OR HAZE
[NO. OF DAYS WITH] [WEATHER - DAYS WITH] 9 = BLOWING SNOW
X = TORNADO
MAX 32 OR BELOW: 0 0.01 INCH OR MORE: 12
MAX 90 OR ABOVE: 0 0.10 INCH OR MORE: 7
MIN 32 OR BELOW: 0 0.50 INCH OR MORE: 4
MIN 0 OR BELOW: 0 1.00 INCH OR MORE: 3
[HDD (BASE 65) ]
TOTAL THIS MO. 129 CLEAR (SCALE 0-3) 9
DPTR FM NORMAL 33 PTCLDY (SCALE 4-7) 19
TOTAL FM JUL 1 4727 CLOUDY (SCALE 8-10) 3
DPTR FM NORMAL -286
[CDD (BASE 65) ]
TOTAL THIS MO. 79
DPTR FM NORMAL -19 [PRESSURE DATA]
TOTAL FM JAN 1 90 HIGHEST SLP M ON M
DPTR FM NORMAL -36 LOWEST SLP 29.68 ON 14
[REMARKS]
#FINAL-05-20#