000
CXUS52 KTBW 051743
CF6TPA
PRELIMINARY LOCAL CLIMATOLOGICAL DATA (WS FORM: F-6)
STATION: TAMPA
MONTH: NOVEMBER
YEAR: 2022
LATITUDE: 27 58 N
LONGITUDE: 82 32 W
TEMPERATURE IN F: :PCPN: SNOW: WIND :SUNSHINE: SKY :PK WND
================================================================================
1 2 3 4 5 6A 6B 7 8 9 10 11 12 13 14 15 16 17 18
12Z AVG MX 2MIN
DY MAX MIN AVG DEP HDD CDD WTR SNW DPTH SPD SPD DIR MIN PSBL S-S WX SPD DR
================================================================================
1 88 72 80 7 0 15 0.00 0.0 0 5.8 12 340 M M 3 20 280
2 90 76 83 10 0 18 0.00 0.0 0 4.4 14 290 M M 7 24 300
3 88 71 80 8 0 15 0.90 0.0 0 4.7 20 280 M M 6 18 43 300
4 86 67 77 5 0 12 0.00 0.0 0 6.1 10 60 M M 2 19 60
5 86 69 78 6 0 13 T 0.0 0 4.7 12 280 M M 4 22 280
6 89 73 81 9 0 16 T 0.0 0 6.1 14 110 M M 5 23 120
7 87 70 79 7 0 14 0.00 0.0 0 8.6 21 30 M M 6 29 60
8 85 69 77 6 0 12 0.06 0.0 0 11.7 21 30 M M 7 8 33 40
9 76 67 72 1 0 7 0.09 0.0 0 15.1 23 20 M M 9 39 10
10 74 67 71 0 0 6 2.46 0.0 0 19.4 35 310 M M 10 1 56 320
11 78 71 75 5 0 10 0.76 0.0 0 6.4 26 230 M M 8 138 36 230
12 81 67 74 4 0 9 0.01 0.0 0 2.8 10 260 M M 4 12 20 260
13 78 65 72 2 0 7 0.01 0.0 0 6.0 15 310 M M 8 3 26 280
14 79 62 71 1 0 6 0.00 0.0 0 5.9 12 40 M M 6 20 30
15 81 68 75 5 0 10 0.00 0.0 0 5.7 12 170 M M 6 17 160
16 79 62 71 1 0 6 0.14 0.0 0 7.5 16 350 M M 8 1 23 300
17 69 53 61 -8 4 0 0.00 0.0 0 8.3 16 340 M M 3 23 350
18 69 52 61 -8 4 0 0.00 0.0 0 7.4 14 20 M M 5 20 30
19 75 53 64 -5 1 0 0.00 0.0 0 8.1 14 30 M M 6 24 10
20 61 52 57 -12 8 0 0.39 0.0 0 10.6 17 20 M M 10 1 29 20
21 79 54 67 -2 0 2 T 0.0 0 8.6 15 70 M M 7 25 80
22 78 65 72 4 0 7 0.00 0.0 0 7.6 14 20 M M 9 21 30
23 79 65 72 4 0 7 0.05 0.0 0 6.3 12 60 M M 9 1 19 30
24 79 67 73 5 0 8 0.00 0.0 0 4.2 9 50 M M 7 18 14 40
25 82 68 75 7 0 10 T 0.0 0 3.5 13 200 M M 7 1 17 190
26 82 71 77 9 0 12 0.00 0.0 0 2.9 8 90 M M 9 12 12 110
27 81 67 74 6 0 9 0.27 0.0 0 7.8 16 270 M M 8 13 25 280
28 78 64 71 3 0 6 0.00 0.0 0 2.1 8 360 M M 6 13 280
29 83 61 72 5 0 7 0.00 0.0 0 4.6 12 120 M M 2 20 80
30 82 67 75 8 0 10 0.04 0.0 0 4.5 25 330 M M 5 37 330
================================================================================
SM 2402 1955 17 254 5.18 0.0 207.4 M 192
================================================================================
AV 80.1 65.2 6.9 FASTST M M 6 MAX(MPH)
MISC ----> 35 310 56 320
================================================================================
NOTES:
# LAST OF SEVERAL OCCURRENCES
COLUMN 17 PEAK WIND IN M.P.H.
PRELIMINARY LOCAL CLIMATOLOGICAL DATA (WS FORM: F-6) , PAGE 2
STATION: TAMPA
MONTH: NOVEMBER
YEAR: 2022
LATITUDE: 27 58 N
LONGITUDE: 82 32 W
[TEMPERATURE DATA] [PRECIPITATION DATA] SYMBOLS USED IN COLUMN 16
AVERAGE MONTHLY: 72.6 TOTAL FOR MONTH: 5.18 1 = FOG OR MIST
DPTR FM NORMAL: 2.8 DPTR FM NORMAL: 3.78 2 = FOG REDUCING VISIBILITY
HIGHEST: 90 ON 2 GRTST 24HR 2.65 ON 10-11 TO 1/4 MILE OR LESS
LOWEST: 52 ON 20,18 3 = THUNDER
SNOW, ICE PELLETS, HAIL 4 = ICE PELLETS
TOTAL MONTH: 0.0 INCH 5 = HAIL
GRTST 24HR 0.0 6 = FREEZING RAIN OR DRIZZLE
GRTST DEPTH: 0 7 = DUSTSTORM OR SANDSTORM:
VSBY 1/2 MILE OR LESS
8 = SMOKE OR HAZE
[NO. OF DAYS WITH] [WEATHER - DAYS WITH] 9 = BLOWING SNOW
X = TORNADO
MAX 32 OR BELOW: 0 0.01 INCH OR MORE: 12
MAX 90 OR ABOVE: 1 0.10 INCH OR MORE: 6
MIN 32 OR BELOW: 0 0.50 INCH OR MORE: 3
MIN 0 OR BELOW: 0 1.00 INCH OR MORE: 1
[HDD (BASE 65) ]
TOTAL THIS MO. 17 CLEAR (SCALE 0-3) 4
DPTR FM NORMAL -17 PTCLDY (SCALE 4-7) 20
TOTAL FM JUL 1 25 CLOUDY (SCALE 8-10) 6
DPTR FM NORMAL -14
[CDD (BASE 65) ]
TOTAL THIS MO. 254
DPTR FM NORMAL 76 [PRESSURE DATA]
TOTAL FM JAN 1 4451 HIGHEST SLP 30.29 ON 20
DPTR FM NORMAL 625 LOWEST SLP 29.31 ON 10
[REMARKS]
#FINAL-11-22#