000
CXUS54 KFWD 251721
CF6TRL
PRELIMINARY LOCAL CLIMATOLOGICAL DATA (WS FORM: F-6)
STATION: TERRELL
MONTH: MARCH
YEAR: 2021
LATITUDE: 32 42 N
LONGITUDE: 96 16 W
TEMPERATURE IN F: :PCPN: SNOW: WIND :SUNSHINE: SKY :PK WND
================================================================================
1 2 3 4 5 6A 6B 7 8 9 10 11 12 13 14 15 16 17 18
12Z AVG MX 2MIN
DY MAX MIN AVG DEP HDD CDD WTR SNW DPTH SPD SPD DIR MIN PSBL S-S WX SPD DR
================================================================================
1 52 43 48 -6 17 0 0.40 M M 9.1 23 30 M M 9 13 33 20
2 61 39 50 -4 15 0 0.00 M M 3.9 13 30 M M 2 17 10
3 66 38 52 -2 13 0 0.00 M M 4.5 14 160 M M 0 18 180
4 71 40 56 1 9 0 0.00 M M 6.5 18 150 M M 0 24 150
5 63 48 56 1 9 0 0.00 M M 10.4 17 40 M M 8 25 30
6 63 41 52 -3 13 0 0.00 M M 7.5 15 50 M M 0 24 30
7 67 37 52 -4 13 0 0.00 M M 4.7 15 150 M M 0 22 150
8 69 38 54 -2 11 0 0.00 M M 8.1 21 180 M M 0 28 190
9 71 52 62 6 3 0 0.00 M M 13.4 23 170 M M 6 1 32 180
10 76 59 68 12 0 3 0.00 M M 16.3 26 190 M M 7 38 190
11 77 67 72 15 0 7 0.00 M M 13.8 28 160 M M 7 40 160
12 77 66 72 15 0 7 T M M 12.3 21 170 M M 10 1 30 190
13 80 64 72 15 0 7 0.00 M M 12.8 25 170 M M 7 33 170
14 67 50 59 1 6 0 0.03 M M 7.0 20 150 M M 7 1 26 150
15 81 47 64 6 1 0 0.00 M M 8.8 28 240 M M 2 1 37 240
16 79 54 67 9 0 2 0.00 M M 8.2 20 180 M M 4 1 28 200
17 71 47 59 1 6 0 0.23 M M 17.9 33 270 M M 5 13 48 290
18 60 42 51 -8 14 0 0.00 M M 13.2 24 320 M M 5 37 310
19 63 40 52 -7 13 0 0.00 M M 7.2 16 20 M M 2 23 360
20 66 37 52 -7 13 0 0.00 M M 5.6 14 130 M M 0 20 130
21 68 39 54 -5 11 0 0.00 M M 8.6 22 180 M M 0 8 36 160
22 66 53 60 0 5 0 0.70 M M 10.7 21 290 M M 5 13 37 300
23 72 48 60 0 5 0 0.00 M M 8.8 18 250 M M 1 25 260
24 78 44 61 1 4 0 0.37 M M 8.2 30 140 M M 3 13 39 140
25 67 48 58 -2 7 0 0.56 M M 7.8 28 300 M M 5 13 46 270
26 77 45 61 1 4 0 0.00 M M 5.9 20 160 M M 0 26 160
27 77 56 67 6 0 2 0.00 M M 7.0 24 360 M M 6 18 38 350
28 70 46 58 -3 7 0 0.00 M M 9.7 25 350 M M 0 39 360
29 74 40 57 -4 8 0 0.00 M M 8.3 18 160 M M 0 24 160
30 76 57 67 6 0 2 0.00 M M 9.9 21 180 M M 7 29 180
31 66 46 56 -6 9 0 0.00 M M 13.5 28 40 M M 6 38 40
================================================================================
SM 2171 1471 216 30 2.29 M 289.6 M 114
================================================================================
AV 70.0 47.5 9.3 FASTST M M 4 MAX(MPH)
MISC ----> 33 270 48 290
================================================================================
NOTES:
# LAST OF SEVERAL OCCURRENCES
COLUMN 17 PEAK WIND IN M.P.H.
PRELIMINARY LOCAL CLIMATOLOGICAL DATA (WS FORM: F-6) , PAGE 2
STATION: TERRELL
MONTH: MARCH
YEAR: 2021
LATITUDE: 32 42 N
LONGITUDE: 96 16 W
[TEMPERATURE DATA] [PRECIPITATION DATA] SYMBOLS USED IN COLUMN 16
AVERAGE MONTHLY: 58.7 TOTAL FOR MONTH: 2.29 1 = FOG OR MIST
DPTR FM NORMAL: 0.8 DPTR FM NORMAL: -1.40 2 = FOG REDUCING VISIBILITY
HIGHEST: 81 ON 15 GRTST 24HR 0.70 ON 22-22 TO 1/4 MILE OR LESS
LOWEST: 37 ON 20, 7 3 = THUNDER
SNOW, ICE PELLETS, HAIL 4 = ICE PELLETS
TOTAL MONTH: M 5 = HAIL
GRTST 24HR M ON M 6 = FREEZING RAIN OR DRIZZLE
GRTST DEPTH: M ON M 7 = DUSTSTORM OR SANDSTORM:
VSBY 1/2 MILE OR LESS
8 = SMOKE OR HAZE
[NO. OF DAYS WITH] [WEATHER - DAYS WITH] 9 = BLOWING SNOW
X = TORNADO
MAX 32 OR BELOW: 0 0.01 INCH OR MORE: 6
MAX 90 OR ABOVE: 0 0.10 INCH OR MORE: 5
MIN 32 OR BELOW: 0 0.50 INCH OR MORE: 2
MIN 0 OR BELOW: 0 1.00 INCH OR MORE: 0
[HDD (BASE 65) ]
TOTAL THIS MO. 216 CLEAR (SCALE 0-3) 15
DPTR FM NORMAL -34 PTCLDY (SCALE 4-7) 14
TOTAL FM JUL 1 2357 CLOUDY (SCALE 8-10) 2
DPTR FM NORMAL 246
[CDD (BASE 65) ]
TOTAL THIS MO. 30
DPTR FM NORMAL -1 [PRESSURE DATA]
TOTAL FM JAN 1 30 HIGHEST SLP 30.47 ON 31
DPTR FM NORMAL -12 LOWEST SLP 29.56 ON 17
[REMARKS]
#FINAL-03-21#