000
CXUS51 KPHI 061346
CF6TTN
PRELIMINARY LOCAL CLIMATOLOGICAL DATA (WS FORM: F-6)
STATION: TRENTON NJ
MONTH: APRIL
YEAR: 2020
LATITUDE: 40 16 N
LONGITUDE: 74 49 W
TEMPERATURE IN F: :PCPN: SNOW: WIND :SUNSHINE: SKY :PK WND
================================================================================
1 2 3 4 5 6A 6B 7 8 9 10 11 12 13 14 15 16 17 18
12Z AVG MX 2MIN
DY MAX MIN AVG DEP HDD CDD WTR SNW DPTH SPD SPD DIR MIN PSBL S-S WX SPD DR
================================================================================
1 54 38 46 -1 19 0 0.00 0.0 0 9.6 17 340 M M 6 25 350
2 56 37 47 -1 18 0 0.00 0.0 0 15.4 29 350 M M 1 43 340
3 57 44 51 3 14 0 T 0.0 0 13.2 28 340 M M 9 34 330
4 58 43 51 3 14 0 T 0.0 0 5.5 15 30 M M 6 8 18 20
5 67 41 54 5 11 0 0.04 0.0 0 4.8 12 280 M M 5 1 17 220
6 65 46 56 7 9 0 0.06 0.0 0 6.7 17 280 M M 3 1 21 240
7 66 40 53 4 12 0 0.00 0.0 0 5.0 15 220 M M 4 21 220
8 71 46 59 9 6 0 0.34 0.0 0 6.1 18 350 M M 6 13 22 360
9 65 39 52 2 13 0 0.16 0.0 0 9.9 30 300 M M 6 138 45 310
10 49 38 44 -7 21 0 T 0.0 0 16.6 26 290 M M 7 44 260
11 54 35 45 -6 20 0 0.00 0.0 0 9.4 22 260 M M 2 32 270
12 69 32 51 0 14 0 0.05 0.0 0 8.3 21 190 M M 4 1 28 190
13 70 52 61 9 4 0 1.58 0.0 0 14.8 35 170 M M 8 1 45 170
14 56 43 50 -2 15 0 T 0.0 0 8.8 18 350 M M 4 25 340
15 51 39 45 -7 20 0 0.01 0.0 0 8.3 17 270 M M 4 23 340
16 50 34 42 -11 23 0 0.00 0.0 0 9.7 21 300 M M 5 32 240
17 50 28 39 -14 26 0 0.01 0.0 0 6.6 15 220 M M 5 23 220
18 49 32 41 -13 24 0 0.08 0.0 0 6.8 22 330 M M 8 1 33 350
19 60 29 45 -9 20 0 0.00 0.0 0 6.4 23 200 M M 1 31 180
20 57 42 50 -4 15 0 0.00 0.0 0 6.2 13 340 M M 3 19 50
21 60 38 49 -6 16 0 0.28 0.0 0 11.8 25 290 M M 3 13 37 310
22 51 34 43 -12 22 0 0.00 0.0 0 11.3 23 300 M M 0 33 300
23 56 35 46 -9 19 0 0.30 0.0 0 5.4 14 160 M M 6 1 18 180
24 50 41 46 -10 19 0 0.60 0.0 0 7.4 14 40 M M 10 1 20 50
25 66 37 52 -4 13 0 0.01 0.0 0 5.4 17 140 M M 4 12 22 140
26 49 42 46 -10 19 0 0.28 0.0 0 10.1 20 60 M M 10 1 27 60
27 51 40 46 -11 19 0 0.01 0.0 0 8.4 17 330 M M 9 1 23 340
28 64 37 51 -6 14 0 0.00 0.0 0 5.6 17 240 M M 2 23 250
29 60 45 53 -4 12 0 T 0.0 0 10.6 23 120 M M 9 32 100
30 66 53 60 2 5 0 0.84 0.0 0 16.8 35 150 M M 10 1 49 140
================================================================================
SM 1747 1180 476 0 4.65 0.0 270.9 M 160
================================================================================
AV 58.2 39.3 9.0 FASTST M M 5 MAX(MPH)
MISC ----> # 35 170 49 140
================================================================================
NOTES:
# LAST OF SEVERAL OCCURRENCES
COLUMN 17 PEAK WIND IN M.P.H.
PRELIMINARY LOCAL CLIMATOLOGICAL DATA (WS FORM: F-6) , PAGE 2
STATION: TRENTON NJ
MONTH: APRIL
YEAR: 2020
LATITUDE: 40 16 N
LONGITUDE: 74 49 W
[TEMPERATURE DATA] [PRECIPITATION DATA] SYMBOLS USED IN COLUMN 16
AVERAGE MONTHLY: 48.8 TOTAL FOR MONTH: 4.65 1 = FOG OR MIST
DPTR FM NORMAL: -3.7 DPTR FM NORMAL: 1.02 2 = FOG REDUCING VISIBILITY
HIGHEST: 71 ON 8 GRTST 24HR 1.58 ON 13-13 TO 1/4 MILE OR LESS
LOWEST: 28 ON 17 3 = THUNDER
SNOW, ICE PELLETS, HAIL 4 = ICE PELLETS
TOTAL MONTH: 0.0 INCH 5 = HAIL
GRTST 24HR 0.0 6 = FREEZING RAIN OR DRIZZLE
GRTST DEPTH: 0 7 = DUSTSTORM OR SANDSTORM:
VSBY 1/2 MILE OR LESS
8 = SMOKE OR HAZE
[NO. OF DAYS WITH] [WEATHER - DAYS WITH] 9 = BLOWING SNOW
X = TORNADO
MAX 32 OR BELOW: 0 0.01 INCH OR MORE: 16
MAX 90 OR ABOVE: 0 0.10 INCH OR MORE: 8
MIN 32 OR BELOW: 4 0.50 INCH OR MORE: 3
MIN 0 OR BELOW: 0 1.00 INCH OR MORE: 1
[HDD (BASE 65) ]
TOTAL THIS MO. 476 CLEAR (SCALE 0-3) 7
DPTR FM NORMAL 89 PTCLDY (SCALE 4-7) 16
TOTAL FM JUL 1 4519 CLOUDY (SCALE 8-10) 7
DPTR FM NORMAL -289
[CDD (BASE 65) ]
TOTAL THIS MO. 0
DPTR FM NORMAL -12 [PRESSURE DATA]
TOTAL FM JAN 1 0 HIGHEST SLP M ON M
DPTR FM NORMAL -13 LOWEST SLP 29.15 ON 9
[REMARKS]
#FINAL-04-20#