000
CXUS53 KAPX 010527
CLMTVC
CLIMATE REPORT
NATIONAL WEATHER SERVICE
127 AM EDT MON MAY 01 2023
...................................
...THE TRAVERSE CITY MI CLIMATE SUMMARY FOR THE MONTH OF APRIL 2023...
CLIMATE NORMAL PERIOD: 1991 TO 2020
CLIMATE RECORD PERIOD: 1896 TO 2023
WEATHER OBSERVED NORMAL DEPART LAST YEAR`S
VALUE DATE(S) VALUE FROM VALUE
NORMAL
..............................................................
TEMPERATURE (F)
HIGHEST 87 04/15 MM MM
LOWEST 22 04/02 MM MM
AVG. MAXIMUM 58.8 53.9 4.9
AVG. MINIMUM 37.7 32.8 4.9
MEAN 48.3 43.4 4.9
DAYS MAX >= 90 0 0.0 0.0
DAYS MAX <= 32 0 1.0 -1.0
DAYS MIN <= 32 10 16.0 -6.0
DAYS MIN <= 0 0 0.0 0.0
PRECIPITATION (INCHES)
TOTALS 2.51 2.79 -0.28
DAYS >= .01 12 11.1 0.9
DAYS >= .10 6 6.5 -0.5
DAYS >= .50 1 2.0 -1.0
DAYS >= 1.00 1 0.4 0.6
GREATEST
24 HR. TOTAL 1.43 04/04 TO 04/05
DEGREE DAYS
HEATING TOTAL 513 651 -138
SINCE 7/1 5852 6694 -842
COOLING TOTAL 20 2 18
SINCE 1/1 20 3 17
..............................................................
WIND (MPH)
AVERAGE WIND SPEED 8.2
HIGHEST WIND SPEED/DIRECTION 36/260 DATE 04/05
HIGHEST GUST SPEED/DIRECTION 46/260 DATE 04/05
46/220 04/12
SKY COVER
AVERAGE SKY COVER 0.64
AVERAGE RH (PERCENT) 62
- INDICATES NEGATIVE NUMBERS.
R INDICATES RECORD WAS SET OR TIED.
MM INDICATES DATA IS MISSING.
T INDICATES TRACE AMOUNT.
$$