000
CXUS55 KBOI 111517
CF6TWF
PRELIMINARY LOCAL CLIMATOLOGICAL DATA (WS FORM: F-6)
STATION: TWIN FALLS ID
MONTH: DECEMBER
YEAR: 2023
LATITUDE: 42 28 N
LONGITUDE: 114 29 W
TEMPERATURE IN F: :PCPN: SNOW: WIND :SUNSHINE: SKY :PK WND
================================================================================
1 2 3 4 5 6A 6B 7 8 9 10 11 12 13 14 15 16 17 18
12Z AVG MX 2MIN
DY MAX MIN AVG DEP HDD CDD WTR SNW DPTH SPD SPD DIR MIN PSBL S-S WX SPD DR
================================================================================
1 35 28 32 1 33 0 0.12 M M 15.1 31 300 M M 8 12 53 290
2 41 25 33 3 32 0 0.12 M M 17.8 31 250 M M 9 18 42 230
3 42 33 38 8 27 0 0.25 M M 11.4 25 230 M M 10 1 40 220
4 53 36 45 15 20 0 0.01 M M 10.3 18 220 M M 5 26 220
5 51 30 41 11 24 0 0.00 M M 5.3 13 140 M M 0 14 130
6 61 30 46 17 19 0 T M M 10.5 30 270 M M 2 39 280
7 47 33 40 11 25 0 0.17 M M 15.0 31 280 M M 8 1 47 280
8 34 26 30 1 35 0 0.01 M M 19.4 31 280 M M 3 1 45 280
9 34 21 28 -1 37 0 0.00 M M 9.2 15 210 M M 2 21 210
10 39 27 33 4 32 0 T M M 4.9 12 160 M M 9 1 15 200
11 35 32 34 6 31 0 0.03 M M 3.7 9 80 M M 10 126 12 80
12 35 32 34 6 31 0 T M M 5.5 12 310 M M 10 12 14 310
13 35 23 29 1 36 0 0.00 M M 3.9 9 210 M M 6 12 13 220
14 34 26 30 2 35 0 0.00 M M 6.5 14 80 M M 7 12 16 80
15 32 22 27 -1 38 0 0.00 M M 8.7 15 90 M M 8 12 18 90
16 40 20 30 2 35 0 0.00 M M 3.4 8 120 M M 0 18 10 120
17 38 19 29 1 36 0 0.00 M M 6.2 14 100 M M 4 12 17 90
18 39 25 32 4 33 0 T M M 6.2 15 130 M M 2 18 110
19 49 32 41 13 24 0 T M M 4.6 10 40 M M 4 16 360
20 51 29 40 12 25 0 0.00 M M 6.2 13 210 M M 4 16 200
21 50 28 39 11 26 0 0.00 M M 4.0 9 240 M M 0 1 11 230
22 51 28 40 12 25 0 0.02 M M 5.6 24 290 M M 3 1 31 300
23 33 24 29 1 36 0 0.01 M M 21.1 32 250 M M 3 1 44 270
24 32 16 24 -4 41 0 0.00 M M 8.0 15 210 M M 0 22 220
25 31 11 21 -7 44 0 0.00 M M 5.1 9 150 M M 0 13 80
26 26 12 19 -9 46 0 0.05 M M 6.4 13 120 M M 8 12 14 120
27 33 17 25 -3 40 0 0.00 M M 10.6 17 90 M M 2 1 23 100
28 36 21 29 1 36 0 0.00 M M 8.8 17 100 M M 0 22 100
29 41 23 32 4 33 0 0.00 M M 8.3 15 120 M M 0 18 120
30 43 27 35 7 30 0 0.00 M M 6.7 14 230 M M 0 19 230
31 45 27 36 8 29 0 0.00 M M 5.8 13 210 M M 0 1 16 220
================================================================================
SM 1246 783 994 0 0.79 M 264.2 M 127
================================================================================
AV 40.2 25.3 8.5 FASTST M M 4 MAX(MPH)
MISC ----> 32 250 53 290
================================================================================
NOTES:
# LAST OF SEVERAL OCCURRENCES
COLUMN 17 PEAK WIND IN M.P.H.
PRELIMINARY LOCAL CLIMATOLOGICAL DATA (WS FORM: F-6) , PAGE 2
STATION: TWIN FALLS ID
MONTH: DECEMBER
YEAR: 2023
LATITUDE: 42 28 N
LONGITUDE: 114 29 W
[TEMPERATURE DATA] [PRECIPITATION DATA] SYMBOLS USED IN COLUMN 16
AVERAGE MONTHLY: 32.7 TOTAL FOR MONTH: 0.79 1 = FOG OR MIST
DPTR FM NORMAL: 4.2 DPTR FM NORMAL: -0.44 2 = FOG REDUCING VISIBILITY
HIGHEST: 61 ON 6 GRTST 24HR 0.35 ON 2- 3 TO 1/4 MILE OR LESS
LOWEST: 11 ON 25 3 = THUNDER
SNOW, ICE PELLETS, HAIL 4 = ICE PELLETS
TOTAL MONTH: M 5 = HAIL
GRTST 24HR M ON M 6 = FREEZING RAIN OR DRIZZLE
GRTST DEPTH: M ON M 7 = DUSTSTORM OR SANDSTORM:
VSBY 1/2 MILE OR LESS
8 = SMOKE OR HAZE
[NO. OF DAYS WITH] [WEATHER - DAYS WITH] 9 = BLOWING SNOW
X = TORNADO
MAX 32 OR BELOW: 4 0.01 INCH OR MORE: 10
MAX 90 OR ABOVE: 0 0.10 INCH OR MORE: 4
MIN 32 OR BELOW: 28 0.50 INCH OR MORE: 0
MIN 0 OR BELOW: 0 1.00 INCH OR MORE: 0
[HDD (BASE 65) ]
TOTAL THIS MO. 994 CLEAR (SCALE 0-3) 14
DPTR FM NORMAL -137 PTCLDY (SCALE 4-7) 10
TOTAL FM JUL 1 2336 CLOUDY (SCALE 8-10) 7
DPTR FM NORMAL -312
[CDD (BASE 65) ]
TOTAL THIS MO. 0
DPTR FM NORMAL 0 [PRESSURE DATA]
TOTAL FM JAN 1 722 HIGHEST SLP 30.59 ON 9
DPTR FM NORMAL 106 LOWEST SLP 29.69 ON 7
[REMARKS]
#FINAL-12-23#