000
CXUS54 KSHV 011400
CF6TXK
PRELIMINARY LOCAL CLIMATOLOGICAL DATA (WS FORM: F-6)
STATION: TEXARKANA
MONTH: NOVEMBER
YEAR: 2023
LATITUDE: 33 27 N
LONGITUDE: 94 0 W
TEMPERATURE IN F: :PCPN: SNOW: WIND :SUNSHINE: SKY :PK WND
================================================================================
1 2 3 4 5 6A 6B 7 8 9 10 11 12 13 14 15 16 17 18
12Z AVG MX 2MIN
DY MAX MIN AVG DEP HDD CDD WTR SNW DPTH SPD SPD DIR MIN PSBL S-S WX SPD DR
================================================================================
1 51 30 41 -18 24 0 0.00 0.0 0 3.1 13 70 M M 0 20 60
2 60 31 46 -12 19 0 0.00 0.0 0 3.4 12 180 M M 0 16 170
3 69 36 53 -5 12 0 0.00 0.0 0 5.3 13 180 M M 0 16 180
4 75 48 62 4 3 0 0.00 0.0 0 3.5 12 210 M M 5 15 210
5 78 49 64 7 1 0 0.00 0.0 0 5.0 12 230 M M 1 16 170
6 81 60 71 14 0 6 0.00 0.0 0 10.0 20 200 M M 0 29 230
7 82 62 72 15 0 7 0.00 0.0 0 10.4 16 190 M M 2 1 23 180
8 80 67 74 18 0 9 0.00 0.0 0 10.0 21 180 M M 6 30 180
9 71 51 61 5 4 0 2.00 0.0 0 8.9 22 30 M M 9 13 31 40
10 60 48 54 -2 11 0 0.18 0.0 0 8.7 18 50 M M 6 1 26 40
11 66 49 58 3 7 0 0.00 0.0 0 7.4 16 60 M M 5 27 80
12 65 44 55 0 10 0 0.00 0.0 0 3.5 10 40 M M 1 14 60
13 65 48 57 2 8 0 0.00 0.0 0 5.5 14 50 M M 0 20 40
14 70 49 60 6 5 0 0.00 0.0 0 4.1 10 70 M M 1 14 60
15 61 44 53 -1 12 0 0.00 0.0 0 5.4 9 60 M M 6 1 14 60
16 63 56 60 6 5 0 0.00 0.0 0 3.2 9 180 M M 10 1 13 180
17 63 57 60 7 5 0 0.01 0.0 0 4.1 9 210 M M 10 1 14 180
18 70 51 61 8 4 0 0.00 0.0 0 4.5 13 50 M M 1 18 18 60
19 68 44 56 3 9 0 0.01 0.0 0 5.9 14 140 M M 3 19 140
20 66 55 61 9 4 0 0.80 0.0 0 7.5 18 180 M M 10 13 27 170
21 55 45 50 -2 15 0 T 0.0 0 10.2 21 300 M M 9 29 310
22 55 36 46 -6 19 0 0.00 0.0 0 4.6 13 330 M M 0 17 330
23 58 33 46 -6 19 0 0.00 0.0 0 4.4 12 180 M M 0 15 180
24 61 43 52 1 13 0 0.00 0.0 0 3.3 8 70 M M 4 12 60
25 57 37 47 -4 18 0 0.09 0.0 0 5.2 12 60 M M 1 1 17 50
26 50 36 43 -8 22 0 0.12 0.0 0 8.6 22 290 M M 5 1 31 280
27 51 30 41 -9 24 0 0.00 0.0 0 3.5 12 320 M M 0 17 320
28 59 32 46 -4 19 0 0.00 0.0 0 3.6 10 250 M M 0 8 16 200
29 61 37 49 -1 16 0 0.00 0.0 0 7.0 15 190 M M 1 8 18 190
30 60 45 53 3 12 0 1.63 0.0 0 7.3 23 320 M M 10 13 31 320
================================================================================
SM 1931 1353 320 22 4.84 0.0 177.1 M 106
================================================================================
AV 64.4 45.1 5.9 FASTST M M 4 MAX(MPH)
MISC ----> 23 320 # 31 40
================================================================================
NOTES:
# LAST OF SEVERAL OCCURRENCES
COLUMN 17 PEAK WIND IN M.P.H.
PRELIMINARY LOCAL CLIMATOLOGICAL DATA (WS FORM: F-6) , PAGE 2
STATION: TEXARKANA
MONTH: NOVEMBER
YEAR: 2023
LATITUDE: 33 27 N
LONGITUDE: 94 0 W
[TEMPERATURE DATA] [PRECIPITATION DATA] SYMBOLS USED IN COLUMN 16
AVERAGE MONTHLY: 54.7 TOTAL FOR MONTH: 4.84 1 = FOG OR MIST
DPTR FM NORMAL: 0.8 DPTR FM NORMAL: 0.93 2 = FOG REDUCING VISIBILITY
HIGHEST: 82 ON 7 GRTST 24HR 2.18 ON 9-10 TO 1/4 MILE OR LESS
LOWEST: 30 ON 27, 1 3 = THUNDER
SNOW, ICE PELLETS, HAIL 4 = ICE PELLETS
TOTAL MONTH: 0.0 INCH 5 = HAIL
GRTST 24HR 0.0 6 = FREEZING RAIN OR DRIZZLE
GRTST DEPTH: 0 7 = DUSTSTORM OR SANDSTORM:
VSBY 1/2 MILE OR LESS
8 = SMOKE OR HAZE
[NO. OF DAYS WITH] [WEATHER - DAYS WITH] 9 = BLOWING SNOW
X = TORNADO
MAX 32 OR BELOW: 0 0.01 INCH OR MORE: 8
MAX 90 OR ABOVE: 0 0.10 INCH OR MORE: 5
MIN 32 OR BELOW: 4 0.50 INCH OR MORE: 3
MIN 0 OR BELOW: 0 1.00 INCH OR MORE: 2
[HDD (BASE 65) ]
TOTAL THIS MO. 320 CLEAR (SCALE 0-3) 17
DPTR FM NORMAL -27 PTCLDY (SCALE 4-7) 7
TOTAL FM JUL 1 406 CLOUDY (SCALE 8-10) 6
DPTR FM NORMAL -55
[CDD (BASE 65) ]
TOTAL THIS MO. 22
DPTR FM NORMAL 7 [PRESSURE DATA]
TOTAL FM JAN 1 2966 HIGHEST SLP 30.55 ON 1
DPTR FM NORMAL 721 LOWEST SLP 29.67 ON 20
[REMARKS]
#FINAL-11-23#